000
CDUS41 KALY 260625
CLIPSF


CLIMATE REPORT
NATIONAL WEATHER SERVICE ALBANY NY
224 AM EDT FRI MAY 26 2017


...................................

...THE PITTSFIELD MA CLIMATE SUMMARY FOR MAY 25 2017...

CLIMATE NORMAL PERIOD 1981 TO 2010
CLIMATE RECORD PERIOD 9999 TO 9999


WEATHER ITEM   OBSERVED TIME   NORMAL DEPARTURE LAST
                VALUE   (LST)  VALUE  FROM      YEAR
                                      NORMAL
......................................................
TEMPERATURE (F)
 YESTERDAY
  MAXIMUM         56   1213 AM  69    -13       84
  MINIMUM         50   1159 PM  46      4       47
  AVERAGE         53            58     -5       66

PRECIPITATION (IN)
  YESTERDAY        0.14          0.17  -0.03     0.00
  MONTH TO DATE    5.15          3.23   1.92     1.99
  SINCE MAR 1     11.55         10.46   1.09     6.74
  SINCE JAN 1     17.13         16.06   1.07    12.11

DEGREE DAYS
 HEATING
  YESTERDAY       12             8      4        0
  MONTH TO DATE  314           283     31      313
  SINCE MAR 1   1921          1938    -17     1762
  SINCE JUL 1   6623          7318   -695     6129

 COOLING
  YESTERDAY        0             0      0        1
  MONTH TO DATE   12             0     12        1
  SINCE MAR 1     14             2     12        1
  SINCE JAN 1     14             2     12        1
......................................................


WIND (MPH)
  HIGHEST WIND SPEED    20   HIGHEST WIND DIRECTION    NE (50)
  HIGHEST GUST SPEED    27   HIGHEST GUST DIRECTION     E (110)
  AVERAGE WIND SPEED     9.9


SKY COVER
  AVERAGE SKY COVER 0.7



RELATIVE HUMIDITY (PERCENT)
 HIGHEST    89
 LOWEST     71
 AVERAGE    80

..........................................................


THE PITTSFIELD MA CLIMATE NORMALS FOR TODAY
                         NORMAL
 MAXIMUM TEMPERATURE (F)   69
 MINIMUM TEMPERATURE (F)   46


SUNRISE AND SUNSET
MAY 26 2017...........SUNRISE   522 AM EDT   SUNSET   819 PM EDT
MAY 27 2017...........SUNRISE   521 AM EDT   SUNSET   820 PM EDT


-  INDICATES NEGATIVE NUMBERS.
R  INDICATES RECORD WAS SET OR TIED.
MM INDICATES DATA IS MISSING.
T  INDICATES TRACE AMOUNT.




$$
