000
CDUS41 KALY 270624
CLIPSF


CLIMATE REPORT
NATIONAL WEATHER SERVICE ALBANY NY
223 AM EDT WED AUG 27 2014


...................................

...THE PITTSFIELD MA CLIMATE SUMMARY FOR AUGUST 26 2014...

CLIMATE NORMAL PERIOD 1981 TO 2010
CLIMATE RECORD PERIOD 9999 TO 9999


WEATHER ITEM   OBSERVED TIME   NORMAL DEPARTURE LAST
                VALUE   (LST)  VALUE  FROM      YEAR
                                      NORMAL
......................................................
TEMPERATURE (F)
 YESTERDAY
  MAXIMUM         81    345 PM  76      5       74
  MINIMUM         54    546 AM  55     -1       62
  AVERAGE         68            65      3       68

PRECIPITATION (IN)
  YESTERDAY        0.00          0.13  -0.13     0.43
  MONTH TO DATE    2.33          3.50  -1.17     3.86
  SINCE JUN 1     16.91         12.15   4.76    12.54
  SINCE JAN 1     30.91         29.19   1.72    27.13

DEGREE DAYS
 HEATING
  YESTERDAY        0             2     -2        0
  MONTH TO DATE   42            31     11       48
  SINCE JUN 1    118           163    -45      164
  SINCE JUL 1     60            62     -2       56

 COOLING
  YESTERDAY        3             2      1        3
  MONTH TO DATE   25            86    -61       31
  SINCE JUN 1    182           250    -68      342
  SINCE JAN 1    188           263    -75      367
......................................................


WIND (MPH)
  HIGHEST WIND SPEED    12   HIGHEST WIND DIRECTION     W (260)
  HIGHEST GUST SPEED    15   HIGHEST GUST DIRECTION     W (250)
  AVERAGE WIND SPEED     4.2


SKY COVER
  AVERAGE SKY COVER 0.2



RELATIVE HUMIDITY (PERCENT)
 HIGHEST   100
 LOWEST     49
 AVERAGE    75

..........................................................


THE PITTSFIELD MA CLIMATE NORMALS FOR TODAY
                         NORMAL
 MAXIMUM TEMPERATURE (F)   76
 MINIMUM TEMPERATURE (F)   54


SUNRISE AND SUNSET
AUGUST 27 2014........SUNRISE   613 AM EDT   SUNSET   736 PM EDT
AUGUST 28 2014........SUNRISE   614 AM EDT   SUNSET   734 PM EDT


-  INDICATES NEGATIVE NUMBERS.
R  INDICATES RECORD WAS SET OR TIED.
MM INDICATES DATA IS MISSING.
T  INDICATES TRACE AMOUNT.




$$
