000
CDUS41 KALY 300627
CLIPSF


CLIMATE REPORT
NATIONAL WEATHER SERVICE ALBANY NY
227 AM EDT THU OCT 30 2014


...................................

...THE PITTSFIELD MA CLIMATE SUMMARY FOR OCTOBER 29 2014...

CLIMATE NORMAL PERIOD 1981 TO 2010
CLIMATE RECORD PERIOD 9999 TO 9999


WEATHER ITEM   OBSERVED TIME   NORMAL DEPARTURE LAST
                VALUE   (LST)  VALUE  FROM      YEAR
                                      NORMAL
......................................................
TEMPERATURE (F)
 YESTERDAY
  MAXIMUM         56   1112 AM  54      2       44
  MINIMUM         37   1159 PM  33      4       25
  AVERAGE         47            44      3       35

PRECIPITATION (IN)
  YESTERDAY        0.21          0.11   0.10     0.00
  MONTH TO DATE    5.21          4.52   0.69     1.22
  SINCE SEP 1      6.62          8.48  -1.86     4.91
  SINCE JAN 1     37.54         38.26  -0.72    33.01

DEGREE DAYS
 HEATING
  YESTERDAY       18            21     -3       30
  MONTH TO DATE  405           499    -94      419
  SINCE SEP 1    609           713   -104      672
  SINCE JUL 1    682           791   -109      728

 COOLING
  YESTERDAY        0             0      0        0
  MONTH TO DATE    5             0      5        0
  SINCE SEP 1     39            19     20       33
  SINCE JAN 1    238           289    -51      433
......................................................


WIND (MPH)
  HIGHEST WIND SPEED    15   HIGHEST WIND DIRECTION    NW (310)
  HIGHEST GUST SPEED    22   HIGHEST GUST DIRECTION    NW (310)
  AVERAGE WIND SPEED     4.4


SKY COVER
  AVERAGE SKY COVER 0.5



RELATIVE HUMIDITY (PERCENT)
 HIGHEST   100
 LOWEST     76
 AVERAGE    88

..........................................................


THE PITTSFIELD MA CLIMATE NORMALS FOR TODAY
                         NORMAL
 MAXIMUM TEMPERATURE (F)   53
 MINIMUM TEMPERATURE (F)   33


SUNRISE AND SUNSET
OCTOBER 30 2014.......SUNRISE   724 AM EDT   SUNSET   549 PM EDT
OCTOBER 31 2014.......SUNRISE   725 AM EDT   SUNSET   548 PM EDT


-  INDICATES NEGATIVE NUMBERS.
R  INDICATES RECORD WAS SET OR TIED.
MM INDICATES DATA IS MISSING.
T  INDICATES TRACE AMOUNT.




$$
