000
CDUS41 KALY 140719
CLIPSF


CLIMATE REPORT
NATIONAL WEATHER SERVICE ALBANY NY
218 AM EST THU DEC 14 2017


...................................

...THE PITTSFIELD MA CLIMATE SUMMARY FOR DECEMBER 13 2017...

CLIMATE NORMAL PERIOD 1981 TO 2010
CLIMATE RECORD PERIOD 9999 TO 9999


WEATHER ITEM   OBSERVED TIME   NORMAL DEPARTURE LAST
                VALUE   (LST)  VALUE  FROM      YEAR
                                      NORMAL
......................................................
TEMPERATURE (F)
 YESTERDAY
  MAXIMUM         19   1218 AM  35    -16       35
  MINIMUM         13    528 AM  21     -8       29
  AVERAGE         16            28    -12       32

PRECIPITATION (IN)
  YESTERDAY        T             0.09  -0.09     0.05
  MONTH TO DATE    1.28          1.32  -0.04     1.21
  SINCE DEC 1      1.28          1.32  -0.04     1.21
  SINCE JAN 1     40.77         43.70  -2.93    33.15

DEGREE DAYS
 HEATING
  YESTERDAY       49            37     12       33
  MONTH TO DATE  422           456    -34      445
  SINCE DEC 1    422           456    -34      445
  SINCE JUL 1   1747          2107   -360     1852

 COOLING
  YESTERDAY        0             0      0        0
  MONTH TO DATE    0             0      0        0
  SINCE DEC 1      0             0      0        0
  SINCE JAN 1    351           290     61      432
......................................................


WIND (MPH)
  HIGHEST WIND SPEED    31   HIGHEST WIND DIRECTION     W (290)
  HIGHEST GUST SPEED    42   HIGHEST GUST DIRECTION     W (290)
  AVERAGE WIND SPEED    15.5


SKY COVER
  AVERAGE SKY COVER 1.0



RELATIVE HUMIDITY (PERCENT)
 HIGHEST    80
 LOWEST     54
 AVERAGE    67

..........................................................


THE PITTSFIELD MA CLIMATE NORMALS FOR TODAY
                         NORMAL
 MAXIMUM TEMPERATURE (F)   34
 MINIMUM TEMPERATURE (F)   20


SUNRISE AND SUNSET
DECEMBER 14 2017......SUNRISE   715 AM EST   SUNSET   421 PM EST
DECEMBER 15 2017......SUNRISE   716 AM EST   SUNSET   421 PM EST


-  INDICATES NEGATIVE NUMBERS.
R  INDICATES RECORD WAS SET OR TIED.
MM INDICATES DATA IS MISSING.
T  INDICATES TRACE AMOUNT.




$$
