000
CDUS41 KALY 250624
CLIPSF


CLIMATE REPORT
NATIONAL WEATHER SERVICE ALBANY NY
123 AM EST SUN FEB 25 2018


...................................

...THE PITTSFIELD MA CLIMATE SUMMARY FOR FEBRUARY 24 2018...

CLIMATE NORMAL PERIOD 1981 TO 2010
CLIMATE RECORD PERIOD 9999 TO 9999


WEATHER ITEM   OBSERVED TIME   NORMAL DEPARTURE LAST
                VALUE   (LST)  VALUE  FROM      YEAR
                                      NORMAL
......................................................
TEMPERATURE (F)
 YESTERDAY
  MAXIMUM         42   1141 AM  35      7       69
  MINIMUM         31   1123 PM  17     14       38
  AVERAGE         37            26     11       54

PRECIPITATION (IN)
  YESTERDAY        0.00          0.10  -0.10     0.13
  MONTH TO DATE    3.62          2.30   1.32     1.89
  SINCE DEC 1     10.43          8.22   2.21     7.63
  SINCE JAN 1      8.28          5.22   3.06     4.61

DEGREE DAYS
 HEATING
  YESTERDAY       28            39    -11       11
  MONTH TO DATE  835          1002   -167      865
  SINCE DEC 1   3413          3576   -163     3190
  SINCE JUL 1   4738          5227   -489     4597

 COOLING
  YESTERDAY        0             0      0        0
  MONTH TO DATE    0             0      0        0
  SINCE DEC 1      0             0      0        0
  SINCE JAN 1      0             0      0        0
......................................................


WIND (MPH)
  HIGHEST WIND SPEED    24   HIGHEST WIND DIRECTION    NW (300)
  HIGHEST GUST SPEED    34   HIGHEST GUST DIRECTION    NW (300)
  AVERAGE WIND SPEED     6.7


SKY COVER
  AVERAGE SKY COVER 0.8



RELATIVE HUMIDITY (PERCENT)
 HIGHEST    96
 LOWEST     64
 AVERAGE    80

..........................................................


THE PITTSFIELD MA CLIMATE NORMALS FOR TODAY
                         NORMAL
 MAXIMUM TEMPERATURE (F)   35
 MINIMUM TEMPERATURE (F)   17


SUNRISE AND SUNSET
FEBRUARY 25 2018......SUNRISE   635 AM EST   SUNSET   538 PM EST
FEBRUARY 26 2018......SUNRISE   633 AM EST   SUNSET   539 PM EST


-  INDICATES NEGATIVE NUMBERS.
R  INDICATES RECORD WAS SET OR TIED.
MM INDICATES DATA IS MISSING.
T  INDICATES TRACE AMOUNT.




$$
