000
CDUS41 KALY 230629
CLIPSF


CLIMATE REPORT
NATIONAL WEATHER SERVICE ALBANY NY
127 AM EST TUE DEC 23 2014


...................................

...THE PITTSFIELD MA CLIMATE SUMMARY FOR DECEMBER 22 2014...

CLIMATE NORMAL PERIOD 1981 TO 2010
CLIMATE RECORD PERIOD 9999 TO 9999


WEATHER ITEM   OBSERVED TIME   NORMAL DEPARTURE LAST
                VALUE   (LST)  VALUE  FROM      YEAR
                                      NORMAL
......................................................
TEMPERATURE (F)
 YESTERDAY
  MAXIMUM         36    822 PM  32      4       63
  MINIMUM         28    138 AM  17     11       53
  AVERAGE         32            24      8       58

PRECIPITATION (IN)
  YESTERDAY        0.01          0.10  -0.09     0.03
  MONTH TO DATE    2.55          2.15   0.40     1.32
  SINCE DEC 1      2.55          2.15   0.40     1.32
  SINCE JAN 1     42.97         44.53  -1.56    38.13

DEGREE DAYS
 HEATING
  YESTERDAY       33            41     -8        7
  MONTH TO DATE  786           809    -23      808
  SINCE DEC 1    786           809    -23      808
  SINCE JUL 1   2408          2460    -52     2488

 COOLING
  YESTERDAY        0             0      0        0
  MONTH TO DATE    0             0      0        0
  SINCE DEC 1      0             0      0        0
  SINCE JAN 1    238           290    -52      433
......................................................


WIND (MPH)
  HIGHEST WIND SPEED    10   HIGHEST WIND DIRECTION    SE (120)
  HIGHEST GUST SPEED    14   HIGHEST GUST DIRECTION     E (90)
  AVERAGE WIND SPEED     3.5


SKY COVER
  AVERAGE SKY COVER 1.0



RELATIVE HUMIDITY (PERCENT)
 HIGHEST   100
 LOWEST     82
 AVERAGE    91

..........................................................


THE PITTSFIELD MA CLIMATE NORMALS FOR TODAY
                         NORMAL
 MAXIMUM TEMPERATURE (F)   32
 MINIMUM TEMPERATURE (F)   17


SUNRISE AND SUNSET
DECEMBER 23 2014......SUNRISE   720 AM EST   SUNSET   424 PM EST
DECEMBER 24 2014......SUNRISE   721 AM EST   SUNSET   425 PM EST


-  INDICATES NEGATIVE NUMBERS.
R  INDICATES RECORD WAS SET OR TIED.
MM INDICATES DATA IS MISSING.
T  INDICATES TRACE AMOUNT.




$$
