000
CDUS41 KALY 190624
CLIPSF


CLIMATE REPORT
NATIONAL WEATHER SERVICE ALBANY NY
123 AM EST SUN FEB 19 2017


...................................

...THE PITTSFIELD MA CLIMATE SUMMARY FOR FEBRUARY 18 2017...

CLIMATE NORMAL PERIOD 1981 TO 2010
CLIMATE RECORD PERIOD 9999 TO 9999


WEATHER ITEM   OBSERVED TIME   NORMAL DEPARTURE LAST
                VALUE   (LST)  VALUE  FROM      YEAR
                                      NORMAL
......................................................
TEMPERATURE (F)
 YESTERDAY
  MAXIMUM         50    530 PM  33     17       26
  MINIMUM         16    740 AM  16      0       14
  AVERAGE         33            24      9       20

PRECIPITATION (IN)
  YESTERDAY        0.00          0.10  -0.10      T
  MONTH TO DATE    1.76          1.70   0.06     2.24
  SINCE DEC 1      7.50          7.62  -0.12     7.01
  SINCE JAN 1      4.48          4.62  -0.14     3.33

DEGREE DAYS
 HEATING
  YESTERDAY       32            41     -9       45
  MONTH TO DATE  725           764    -39      744
  SINCE DEC 1   3050          3338   -288     2718
  SINCE JUL 1   4457          4989   -532     4091

 COOLING
  YESTERDAY        0             0      0        0
  MONTH TO DATE    0             0      0        0
  SINCE DEC 1      0             0      0        0
  SINCE JAN 1      0             0      0        0
......................................................


WIND (MPH)
  HIGHEST WIND SPEED    16   HIGHEST WIND DIRECTION    SW (230)
  HIGHEST GUST SPEED    24   HIGHEST GUST DIRECTION     W (280)
  AVERAGE WIND SPEED     6.4


SKY COVER
  AVERAGE SKY COVER 0.0



RELATIVE HUMIDITY (PERCENT)
 HIGHEST    80
 LOWEST     37
 AVERAGE    59

..........................................................


THE PITTSFIELD MA CLIMATE NORMALS FOR TODAY
                         NORMAL
 MAXIMUM TEMPERATURE (F)   33
 MINIMUM TEMPERATURE (F)   16


SUNRISE AND SUNSET
FEBRUARY 19 2017......SUNRISE   644 AM EST   SUNSET   531 PM EST
FEBRUARY 20 2017......SUNRISE   642 AM EST   SUNSET   532 PM EST


-  INDICATES NEGATIVE NUMBERS.
R  INDICATES RECORD WAS SET OR TIED.
MM INDICATES DATA IS MISSING.
T  INDICATES TRACE AMOUNT.




$$
