000
CDUS41 KALY 250705
CLIPSF


CLIMATE REPORT
NATIONAL WEATHER SERVICE ALBANY NY
304 AM EDT WED MAR 25 2015


...................................

...THE PITTSFIELD MA CLIMATE SUMMARY FOR MARCH 24 2015...

CLIMATE NORMAL PERIOD 1981 TO 2010
CLIMATE RECORD PERIOD 9999 TO 9999


WEATHER ITEM   OBSERVED TIME   NORMAL DEPARTURE LAST
                VALUE   (LST)  VALUE  FROM      YEAR
                                      NORMAL
......................................................
TEMPERATURE (F)
 YESTERDAY
  MAXIMUM         35    414 PM  45    -10       25
  MINIMUM          9    603 AM  24    -15       11
  AVERAGE         22            34    -12       18

PRECIPITATION (IN)
  YESTERDAY        0.00          0.13  -0.13     0.00
  MONTH TO DATE    0.86          2.40  -1.54     1.06
  SINCE MAR 1      0.86          2.40  -1.54     1.06
  SINCE JAN 1      5.95          8.00  -2.05     7.44

DEGREE DAYS
 HEATING
  YESTERDAY       43            30     13       47
  MONTH TO DATE  966           825    141      997
  SINCE MAR 1    966           825    141      997
  SINCE JUL 1   6629          6205    424     6549

 COOLING
  YESTERDAY        0             0      0        0
  MONTH TO DATE    0             0      0        0
  SINCE MAR 1      0             0      0        0
  SINCE JAN 1      0             0      0        0
......................................................


WIND (MPH)
  HIGHEST WIND SPEED    14   HIGHEST WIND DIRECTION     W (270)
  HIGHEST GUST SPEED    16   HIGHEST GUST DIRECTION     W (270)
  AVERAGE WIND SPEED     5.0


SKY COVER
  AVERAGE SKY COVER 0.0



RELATIVE HUMIDITY (PERCENT)
 HIGHEST    73
 LOWEST     41
 AVERAGE    57

..........................................................


THE PITTSFIELD MA CLIMATE NORMALS FOR TODAY
                         NORMAL
 MAXIMUM TEMPERATURE (F)   45
 MINIMUM TEMPERATURE (F)   25


SUNRISE AND SUNSET
MARCH 25 2015.........SUNRISE   648 AM EDT   SUNSET   711 PM EDT
MARCH 26 2015.........SUNRISE   647 AM EDT   SUNSET   712 PM EDT


-  INDICATES NEGATIVE NUMBERS.
R  INDICATES RECORD WAS SET OR TIED.
MM INDICATES DATA IS MISSING.
T  INDICATES TRACE AMOUNT.




$$
