000
CDUS41 KALY 160623
CLIPSF


CLIMATE REPORT
NATIONAL WEATHER SERVICE ALBANY NY
222 AM EDT WED AUG 16 2017


...................................

...THE PITTSFIELD MA CLIMATE SUMMARY FOR AUGUST 15 2017...

CLIMATE NORMAL PERIOD 1981 TO 2010
CLIMATE RECORD PERIOD 9999 TO 9999


WEATHER ITEM   OBSERVED TIME   NORMAL DEPARTURE LAST
                VALUE   (LST)  VALUE  FROM      YEAR
                                      NORMAL
......................................................
TEMPERATURE (F)
 YESTERDAY
  MAXIMUM         74    417 PM  78     -4       80
  MINIMUM         59   1213 AM  56      3       64
  AVERAGE         67            67      0       72

PRECIPITATION (IN)
  YESTERDAY        0.21          0.13   0.08     0.00
  MONTH TO DATE    2.64          2.05   0.59     1.57
  SINCE JUN 1     10.06         10.70  -0.64     8.22
  SINCE JAN 1     28.84         27.74   1.10    22.32

DEGREE DAYS
 HEATING
  YESTERDAY        0             1     -1        0
  MONTH TO DATE   10            15     -5        0
  SINCE JUN 1    139           147     -8       87
  SINCE JUL 1     33            46    -13       11

 COOLING
  YESTERDAY        2             3     -1        7
  MONTH TO DATE   43            57    -14       91
  SINCE JUN 1    231           221     10      285
  SINCE JAN 1    245           234     11      326
......................................................


WIND (MPH)
  HIGHEST WIND SPEED    12   HIGHEST WIND DIRECTION     S (200)
  HIGHEST GUST SPEED    16   HIGHEST GUST DIRECTION    SW (230)
  AVERAGE WIND SPEED     3.0


SKY COVER
  AVERAGE SKY COVER 0.8



RELATIVE HUMIDITY (PERCENT)
 HIGHEST    97
 LOWEST     73
 AVERAGE    85

..........................................................


THE PITTSFIELD MA CLIMATE NORMALS FOR TODAY
                         NORMAL
 MAXIMUM TEMPERATURE (F)   78
 MINIMUM TEMPERATURE (F)   56


SUNRISE AND SUNSET
AUGUST 16 2017........SUNRISE   602 AM EDT   SUNSET   753 PM EDT
AUGUST 17 2017........SUNRISE   603 AM EDT   SUNSET   751 PM EDT


-  INDICATES NEGATIVE NUMBERS.
R  INDICATES RECORD WAS SET OR TIED.
MM INDICATES DATA IS MISSING.
T  INDICATES TRACE AMOUNT.




$$
