000
CDUS41 KALY 280623
CLIPSF


CLIMATE REPORT
NATIONAL WEATHER SERVICE ALBANY NY
222 AM EDT TUE JUL 28 2015


...................................

...THE PITTSFIELD MA CLIMATE SUMMARY FOR JULY 27 2015...

CLIMATE NORMAL PERIOD 1981 TO 2010
CLIMATE RECORD PERIOD 9999 TO 9999


WEATHER ITEM   OBSERVED TIME   NORMAL DEPARTURE LAST
                VALUE   (LST)  VALUE  FROM      YEAR
                                      NORMAL
......................................................
TEMPERATURE (F)
 YESTERDAY
  MAXIMUM         82    403 PM  79      3       78
  MINIMUM         61    427 AM  57      4       61
  AVERAGE         72            68      4       70

PRECIPITATION (IN)
  YESTERDAY        0.00          0.16  -0.16     0.63
  MONTH TO DATE    4.99          3.56   1.43     6.73
  SINCE JUN 1     13.12          7.96   5.16    12.08
  SINCE JAN 1     24.26         25.00  -0.74    26.08

DEGREE DAYS
 HEATING
  YESTERDAY        0             1     -1        0
  MONTH TO DATE   19            27     -8       11
  SINCE JUN 1    130           128      2       69
  SINCE JUL 1     19            27     -8       11

 COOLING
  YESTERDAY        7             4      3        5
  MONTH TO DATE   91            97     -6      112
  SINCE JUN 1    124           153    -29      155
  SINCE JAN 1    168           166      2      161
......................................................


WIND (MPH)
  HIGHEST WIND SPEED    12   HIGHEST WIND DIRECTION    SW (230)
  HIGHEST GUST SPEED    15   HIGHEST GUST DIRECTION    SW (240)
  AVERAGE WIND SPEED     2.5


SKY COVER
  AVERAGE SKY COVER 0.6



RELATIVE HUMIDITY (PERCENT)
 HIGHEST   100
 LOWEST     62
 AVERAGE    81

..........................................................


THE PITTSFIELD MA CLIMATE NORMALS FOR TODAY
                         NORMAL
 MAXIMUM TEMPERATURE (F)   79
 MINIMUM TEMPERATURE (F)   57


SUNRISE AND SUNSET
JULY 28 2015..........SUNRISE   541 AM EDT   SUNSET   818 PM EDT
JULY 29 2015..........SUNRISE   542 AM EDT   SUNSET   817 PM EDT


-  INDICATES NEGATIVE NUMBERS.
R  INDICATES RECORD WAS SET OR TIED.
MM INDICATES DATA IS MISSING.
T  INDICATES TRACE AMOUNT.




$$
