000
CDUS41 KALY 210631
CLIPSF


CLIMATE REPORT
NATIONAL WEATHER SERVICE ALBANY NY
229 AM EDT THU MAY 21 2015


...................................

...THE PITTSFIELD MA CLIMATE SUMMARY FOR MAY 20 2015...

CLIMATE NORMAL PERIOD 1981 TO 2010
CLIMATE RECORD PERIOD 9999 TO 9999


WEATHER ITEM   OBSERVED TIME   NORMAL DEPARTURE LAST
                VALUE   (LST)  VALUE  FROM      YEAR
                                      NORMAL
......................................................
TEMPERATURE (F)
 YESTERDAY
  MAXIMUM         53    330 PM  68    -15       71
  MINIMUM         42   1159 PM  44     -2       42
  AVERAGE         48            56     -8       57

PRECIPITATION (IN)
  YESTERDAY        0.00          0.16  -0.16     0.00
  MONTH TO DATE    0.25          2.39  -2.14     0.69
  SINCE MAR 1      4.72          9.62  -4.90     7.26
  SINCE JAN 1      9.81         15.22  -5.41    13.64

DEGREE DAYS
 HEATING
  YESTERDAY       17             9      8        8
  MONTH TO DATE  112           241   -129      182
  SINCE MAR 1   1941          1896     45     2046
  SINCE JUL 1   7604          7276    328     7598

 COOLING
  YESTERDAY        0             0      0        0
  MONTH TO DATE   20             0     20        3
  SINCE MAR 1     20             2     18        4
  SINCE JAN 1     20             2     18        4
......................................................


WIND (MPH)
  HIGHEST WIND SPEED    24   HIGHEST WIND DIRECTION     W (280)
  HIGHEST GUST SPEED    33   HIGHEST GUST DIRECTION    NW (310)
  AVERAGE WIND SPEED    14.1


SKY COVER
  AVERAGE SKY COVER 0.6



RELATIVE HUMIDITY (PERCENT)
 HIGHEST    80
 LOWEST     54
 AVERAGE    67

..........................................................


THE PITTSFIELD MA CLIMATE NORMALS FOR TODAY
                         NORMAL
 MAXIMUM TEMPERATURE (F)   68
 MINIMUM TEMPERATURE (F)   45


SUNRISE AND SUNSET
MAY 21 2015...........SUNRISE   526 AM EDT   SUNSET   814 PM EDT
MAY 22 2015...........SUNRISE   525 AM EDT   SUNSET   815 PM EDT


-  INDICATES NEGATIVE NUMBERS.
R  INDICATES RECORD WAS SET OR TIED.
MM INDICATES DATA IS MISSING.
T  INDICATES TRACE AMOUNT.




$$
