000
CDUS41 KALY 220623
CLIPSF


CLIMATE REPORT
NATIONAL WEATHER SERVICE ALBANY NY
221 AM EDT THU SEP 22 2016


...................................

...THE PITTSFIELD MA CLIMATE SUMMARY FOR SEPTEMBER 21 2016...

CLIMATE NORMAL PERIOD 1981 TO 2010
CLIMATE RECORD PERIOD 9999 TO 9999


WEATHER ITEM   OBSERVED TIME   NORMAL DEPARTURE LAST
                VALUE   (LST)  VALUE  FROM      YEAR
                                      NORMAL
......................................................
TEMPERATURE (F)
 YESTERDAY
  MAXIMUM         76   1232 PM  67      9       67
  MINIMUM         52   1158 PM  46      6       40
  AVERAGE         64            56      8       54

PRECIPITATION (IN)
  YESTERDAY        0.00          0.13  -0.13     0.00
  MONTH TO DATE    1.42          2.56  -1.14     2.07
  SINCE SEP 1      1.42          2.56  -1.14     2.07
  SINCE JAN 1     24.79         32.34  -7.55    29.31

DEGREE DAYS
 HEATING
  YESTERDAY        1             9     -8       11
  MONTH TO DATE   44           117    -73       34
  SINCE SEP 1     44           117    -73       34
  SINCE JUL 1     68           195   -127       62

 COOLING
  YESTERDAY        0             0      0        0
  MONTH TO DATE   50            16     34       50
  SINCE SEP 1     50            16     34       50
  SINCE JAN 1    431           286    145      358
......................................................


WIND (MPH)
  HIGHEST WIND SPEED    12   HIGHEST WIND DIRECTION     W (280)
  HIGHEST GUST SPEED    14   HIGHEST GUST DIRECTION     W (270)
  AVERAGE WIND SPEED     3.2


SKY COVER
  AVERAGE SKY COVER 0.0



RELATIVE HUMIDITY (PERCENT)
 HIGHEST    93
 LOWEST     36
 AVERAGE    65

..........................................................


THE PITTSFIELD MA CLIMATE NORMALS FOR TODAY
                         NORMAL
 MAXIMUM TEMPERATURE (F)   67
 MINIMUM TEMPERATURE (F)   46


SUNRISE AND SUNSET
SEPTEMBER 22 2016.....SUNRISE   641 AM EDT   SUNSET   650 PM EDT
SEPTEMBER 23 2016.....SUNRISE   642 AM EDT   SUNSET   648 PM EDT


-  INDICATES NEGATIVE NUMBERS.
R  INDICATES RECORD WAS SET OR TIED.
MM INDICATES DATA IS MISSING.
T  INDICATES TRACE AMOUNT.




$$
