000
CDUS41 KALY 312049
CLIPSF


CLIMATE REPORT
NATIONAL WEATHER SERVICE ALBANY NY
449 PM EDT FRI JUL 31 2015


...................................

...THE PITTSFIELD MA CLIMATE SUMMARY FOR JULY 31 2015...
VALID TODAY AS OF 0400 PM LOCAL TIME.

CLIMATE NORMAL PERIOD 1981 TO 2010
CLIMATE RECORD PERIOD 9999 TO 9999


WEATHER ITEM   OBSERVED TIME   NORMAL DEPARTURE LAST
                VALUE   (LST)  VALUE  FROM      YEAR
                                      NORMAL
......................................................
TEMPERATURE (F)
 TODAY
  MAXIMUM         80    336 PM  79      1       75
  MINIMUM         59    355 AM  57      2       51
  AVERAGE         70            68      2       63

PRECIPITATION (IN)
  TODAY            0.00          0.18  -0.18     0.01
  MONTH TO DATE    5.00          4.25   0.75     9.23
  SINCE JUN 1     13.13          8.65   4.48    14.58
  SINCE JAN 1     24.27         25.69  -1.42    28.58

DEGREE DAYS
 HEATING
  TODAY            0             1     -1        2
  MONTH TO DATE   19            31    -12       18
  SINCE JUN 1    130           132     -2       76
  SINCE JUL 1     19            31    -12       18

 COOLING
  TODAY            5             4      1        0
  MONTH TO DATE  121           108     13      114
  SINCE JUN 1    154           164    -10      157
  SINCE JAN 1    198           177     21      163
......................................................


WIND (MPH)
  HIGHEST WIND SPEED    21   HIGHEST WIND DIRECTION    NW (300)
  HIGHEST GUST SPEED    26   HIGHEST GUST DIRECTION    NW (300)
  AVERAGE WIND SPEED     8.1


SKY COVER
  AVERAGE SKY COVER 0.1



RELATIVE HUMIDITY (PERCENT)
 HIGHEST    97
 LOWEST     39
 AVERAGE    68

..........................................................


THE PITTSFIELD MA CLIMATE NORMALS FOR TOMORROW
                         NORMAL
 MAXIMUM TEMPERATURE (F)   79
 MINIMUM TEMPERATURE (F)   57


SUNRISE AND SUNSET
JULY 31 2015..........SUNRISE   544 AM EDT   SUNSET   814 PM EDT
AUGUST  1 2015........SUNRISE   545 AM EDT   SUNSET   813 PM EDT


-  INDICATES NEGATIVE NUMBERS.
R  INDICATES RECORD WAS SET OR TIED.
MM INDICATES DATA IS MISSING.
T  INDICATES TRACE AMOUNT.




$$
