000
CDUS41 KALY 192045
CLIPSF


CLIMATE REPORT
NATIONAL WEATHER SERVICE ALBANY NY
444 PM EDT FRI AUG 19 2016


...................................

...THE PITTSFIELD MA CLIMATE SUMMARY FOR AUGUST 19 2016...
VALID TODAY AS OF 0400 PM LOCAL TIME.

CLIMATE NORMAL PERIOD 1981 TO 2010
CLIMATE RECORD PERIOD 9999 TO 9999


WEATHER ITEM   OBSERVED TIME   NORMAL DEPARTURE LAST
                VALUE   (LST)  VALUE  FROM      YEAR
                                      NORMAL
......................................................
TEMPERATURE (F)
 TODAY
  MAXIMUM         81    238 PM  77      4       84
  MINIMUM         61    449 AM  56      5       63
  AVERAGE         71            66      5       74

PRECIPITATION (IN)
  TODAY            0.00          0.13  -0.13     0.00
  MONTH TO DATE    1.83          2.57  -0.74     1.88
  SINCE JUN 1      8.48         11.22  -2.74    15.01
  SINCE JAN 1     22.58         28.26  -5.68    26.15

DEGREE DAYS
 HEATING
  TODAY            0             1     -1        0
  MONTH TO DATE    0            19    -19        1
  SINCE JUN 1     87           151    -64      131
  SINCE JUL 1     11            50    -39       20

 COOLING
  TODAY            6             3      3        9
  MONTH TO DATE  113            69     44       74
  SINCE JUN 1    307           233     74      228
  SINCE JAN 1    348           246    102      272
......................................................


WIND (MPH)
  HIGHEST WIND SPEED    13   HIGHEST WIND DIRECTION    NW (300)
  HIGHEST GUST SPEED    16   HIGHEST GUST DIRECTION    NW (300)
  AVERAGE WIND SPEED     3.5


SKY COVER
  AVERAGE SKY COVER 0.5



RELATIVE HUMIDITY (PERCENT)
 HIGHEST    93
 LOWEST     45
 AVERAGE    69

..........................................................


THE PITTSFIELD MA CLIMATE NORMALS FOR TOMORROW
                         NORMAL
 MAXIMUM TEMPERATURE (F)   77
 MINIMUM TEMPERATURE (F)   56


SUNRISE AND SUNSET
AUGUST 19 2016........SUNRISE   605 AM EDT   SUNSET   748 PM EDT
AUGUST 20 2016........SUNRISE   606 AM EDT   SUNSET   746 PM EDT


-  INDICATES NEGATIVE NUMBERS.
R  INDICATES RECORD WAS SET OR TIED.
MM INDICATES DATA IS MISSING.
T  INDICATES TRACE AMOUNT.




$$
