000
CDUS41 KALY 092158
CLIPSF


CLIMATE REPORT
NATIONAL WEATHER SERVICE ALBANY NY
458 PM EST SAT DEC 9 2017


...................................

...THE PITTSFIELD MA CLIMATE SUMMARY FOR DECEMBER 9 2017...
VALID TODAY AS OF 0400 PM LOCAL TIME.

CLIMATE NORMAL PERIOD 1981 TO 2010
CLIMATE RECORD PERIOD 9999 TO 9999


WEATHER ITEM   OBSERVED TIME   NORMAL DEPARTURE LAST
                VALUE   (LST)  VALUE  FROM      YEAR
                                      NORMAL
......................................................
TEMPERATURE (F)
 TODAY
  MAXIMUM         30   1057 AM  36     -6       29
  MINIMUM         27    143 AM  22      5       18
  AVERAGE         29            29      0       24

PRECIPITATION (IN)
  TODAY            0.16          0.10   0.06      T
  MONTH TO DATE    0.76          0.92  -0.16     0.70
  SINCE DEC 1      0.76          0.92  -0.16     0.70
  SINCE JAN 1     40.25         43.30  -3.05    32.64

DEGREE DAYS
 HEATING
  TODAY           36            36      0       41
  MONTH TO DATE  261           309    -48      286
  SINCE DEC 1    261           309    -48      286
  SINCE JUL 1   1586          1960   -374     1693

 COOLING
  TODAY            0             0      0        0
  MONTH TO DATE    0             0      0        0
  SINCE DEC 1      0             0      0        0
  SINCE JAN 1    351           290     61      432
......................................................


WIND (MPH)
  HIGHEST WIND SPEED     8   HIGHEST WIND DIRECTION    NE (30)
  HIGHEST GUST SPEED    10   HIGHEST GUST DIRECTION    NE (40)
  AVERAGE WIND SPEED     1.1


SKY COVER
  AVERAGE SKY COVER 0.8



RELATIVE HUMIDITY (PERCENT)
 HIGHEST    85
 LOWEST     46
 AVERAGE    66

..........................................................


THE PITTSFIELD MA CLIMATE NORMALS FOR TOMORROW
                         NORMAL
 MAXIMUM TEMPERATURE (F)   36
 MINIMUM TEMPERATURE (F)   22


SUNRISE AND SUNSET
DECEMBER  9 2017......SUNRISE   711 AM EST   SUNSET   420 PM EST
DECEMBER 10 2017......SUNRISE   712 AM EST   SUNSET   420 PM EST


-  INDICATES NEGATIVE NUMBERS.
R  INDICATES RECORD WAS SET OR TIED.
MM INDICATES DATA IS MISSING.
T  INDICATES TRACE AMOUNT.




$$
