000
CDUS41 KALY 180626
CLIPSF


CLIMATE REPORT
NATIONAL WEATHER SERVICE ALBANY NY
126 AM EST SAT FEB 18 2017


...................................

...THE PITTSFIELD MA CLIMATE SUMMARY FOR FEBRUARY 17 2017...

CLIMATE NORMAL PERIOD 1981 TO 2010
CLIMATE RECORD PERIOD 9999 TO 9999


WEATHER ITEM   OBSERVED TIME   NORMAL DEPARTURE LAST
                VALUE   (LST)  VALUE  FROM      YEAR
                                      NORMAL
......................................................
TEMPERATURE (F)
 YESTERDAY
  MAXIMUM         29    446 PM  33     -4       32
  MINIMUM         18    757 AM  16      2       26
  AVERAGE         24            24      0       29

PRECIPITATION (IN)
  YESTERDAY        T             0.11  -0.11      T
  MONTH TO DATE    1.76          1.60   0.16     2.24
  SINCE DEC 1      7.50          7.52  -0.02     7.01
  SINCE JAN 1      4.48          4.52  -0.04     3.33

DEGREE DAYS
 HEATING
  YESTERDAY       41            41      0       36
  MONTH TO DATE  693           723    -30      699
  SINCE DEC 1   3018          3297   -279     2673
  SINCE JUL 1   4425          4948   -523     4046

 COOLING
  YESTERDAY        0             0      0        0
  MONTH TO DATE    0             0      0        0
  SINCE DEC 1      0             0      0        0
  SINCE JAN 1      0             0      0        0
......................................................


WIND (MPH)
  HIGHEST WIND SPEED    29   HIGHEST WIND DIRECTION     W (290)
  HIGHEST GUST SPEED    38   HIGHEST GUST DIRECTION     W (290)
  AVERAGE WIND SPEED    14.7


SKY COVER
  AVERAGE SKY COVER 0.4



RELATIVE HUMIDITY (PERCENT)
 HIGHEST    77
 LOWEST     50
 AVERAGE    64

..........................................................


THE PITTSFIELD MA CLIMATE NORMALS FOR TODAY
                         NORMAL
 MAXIMUM TEMPERATURE (F)   33
 MINIMUM TEMPERATURE (F)   16


SUNRISE AND SUNSET
FEBRUARY 18 2017......SUNRISE   645 AM EST   SUNSET   530 PM EST
FEBRUARY 19 2017......SUNRISE   644 AM EST   SUNSET   531 PM EST


-  INDICATES NEGATIVE NUMBERS.
R  INDICATES RECORD WAS SET OR TIED.
MM INDICATES DATA IS MISSING.
T  INDICATES TRACE AMOUNT.




$$
