000
CDUS41 KALY 180623
CLIPSF


CLIMATE REPORT
NATIONAL WEATHER SERVICE ALBANY NY
223 AM EDT MON SEP 18 2017


...................................

...THE PITTSFIELD MA CLIMATE SUMMARY FOR SEPTEMBER 17 2017...

CLIMATE NORMAL PERIOD 1981 TO 2010
CLIMATE RECORD PERIOD 9999 TO 9999


WEATHER ITEM   OBSERVED TIME   NORMAL DEPARTURE LAST
                VALUE   (LST)  VALUE  FROM      YEAR
                                      NORMAL
......................................................
TEMPERATURE (F)
 YESTERDAY
  MAXIMUM         82    143 PM  69     13       74
  MINIMUM         61   1148 PM  47     14       43
  AVERAGE         72            58     14       59

PRECIPITATION (IN)
  YESTERDAY        0.00          0.14  -0.14     0.02
  MONTH TO DATE    2.49          2.04   0.45     0.30
  SINCE SEP 1      2.49          2.04   0.45     0.30
  SINCE JAN 1     33.28         31.82   1.46    23.67

DEGREE DAYS
 HEATING
  YESTERDAY        0             7     -7        6
  MONTH TO DATE   97            84     13       43
  SINCE SEP 1     97            84     13       43
  SINCE JUL 1    183           162     21       67

 COOLING
  YESTERDAY        7             0      7        0
  MONTH TO DATE   27            16     11       38
  SINCE SEP 1     27            16     11       38
  SINCE JAN 1    297           286     11      419
......................................................


WIND (MPH)
  HIGHEST WIND SPEED    12   HIGHEST WIND DIRECTION     W (270)
  HIGHEST GUST SPEED    13   HIGHEST GUST DIRECTION     W (270)
  AVERAGE WIND SPEED     1.4


SKY COVER
  AVERAGE SKY COVER 0.7



RELATIVE HUMIDITY (PERCENT)
 HIGHEST   100
 LOWEST     48
 AVERAGE    74

..........................................................


THE PITTSFIELD MA CLIMATE NORMALS FOR TODAY
                         NORMAL
 MAXIMUM TEMPERATURE (F)   68
 MINIMUM TEMPERATURE (F)   47


SUNRISE AND SUNSET
SEPTEMBER 18 2017.....SUNRISE   636 AM EDT   SUNSET   657 PM EDT
SEPTEMBER 19 2017.....SUNRISE   638 AM EDT   SUNSET   655 PM EDT


-  INDICATES NEGATIVE NUMBERS.
R  INDICATES RECORD WAS SET OR TIED.
MM INDICATES DATA IS MISSING.
T  INDICATES TRACE AMOUNT.




$$
