000
CDUS41 KALY 280621
CLIPSF


CLIMATE REPORT
NATIONAL WEATHER SERVICE ALBANY NY
221 AM EDT SUN SEP 28 2014


...................................

...THE PITTSFIELD MA CLIMATE SUMMARY FOR SEPTEMBER 27 2014...

CLIMATE NORMAL PERIOD 1981 TO 2010
CLIMATE RECORD PERIOD 9999 TO 9999


WEATHER ITEM   OBSERVED TIME   NORMAL DEPARTURE LAST
                VALUE   (LST)  VALUE  FROM      YEAR
                                      NORMAL
......................................................
TEMPERATURE (F)
 YESTERDAY
  MAXIMUM         80    207 PM  65     15       59
  MINIMUM         43    617 AM  44     -1       40
  AVERAGE         62            54      8       50

PRECIPITATION (IN)
  YESTERDAY        0.00          0.16  -0.16      T
  MONTH TO DATE    1.41          3.44  -2.03     3.69
  SINCE SEP 1      1.41          3.44  -2.03     3.69
  SINCE JAN 1     32.33         33.22  -0.89    31.79

DEGREE DAYS
 HEATING
  YESTERDAY        3            11     -8       15
  MONTH TO DATE  195           178     17      228
  SINCE SEP 1    195           178     17      228
  SINCE JUL 1    268           256     12      284

 COOLING
  YESTERDAY        0             0      0        0
  MONTH TO DATE   34            16     18       33
  SINCE SEP 1     34            16     18       33
  SINCE JAN 1    233           286    -53      433
......................................................


WIND (MPH)
  HIGHEST WIND SPEED    10   HIGHEST WIND DIRECTION    NW (300)
  HIGHEST GUST SPEED    14   HIGHEST GUST DIRECTION     W (290)
  AVERAGE WIND SPEED     3.0


SKY COVER
  AVERAGE SKY COVER 0.2



RELATIVE HUMIDITY (PERCENT)
 HIGHEST   100
 LOWEST     48
 AVERAGE    74

..........................................................


THE PITTSFIELD MA CLIMATE NORMALS FOR TODAY
                         NORMAL
 MAXIMUM TEMPERATURE (F)   64
 MINIMUM TEMPERATURE (F)   43


SUNRISE AND SUNSET
SEPTEMBER 28 2014.....SUNRISE   647 AM EDT   SUNSET   640 PM EDT
SEPTEMBER 29 2014.....SUNRISE   648 AM EDT   SUNSET   638 PM EDT


-  INDICATES NEGATIVE NUMBERS.
R  INDICATES RECORD WAS SET OR TIED.
MM INDICATES DATA IS MISSING.
T  INDICATES TRACE AMOUNT.




$$
