000
CDUS41 KALY 132055
CLIPSF


CLIMATE REPORT
NATIONAL WEATHER SERVICE ALBANY NY
455 PM EDT SUN APR 13 2014


...................................

...THE PITTSFIELD MA CLIMATE SUMMARY FOR APRIL 13 2014...
VALID TODAY AS OF 0400 PM LOCAL TIME.

CLIMATE NORMAL PERIOD 1981 TO 2010
CLIMATE RECORD PERIOD 9999 TO 9999


WEATHER ITEM   OBSERVED TIME   NORMAL DEPARTURE LAST
                VALUE   (LST)  VALUE  FROM      YEAR
                                      NORMAL
......................................................
TEMPERATURE (F)
 TODAY
  MAXIMUM         73    351 PM  54     19       48
  MINIMUM         36    321 AM  33      3       32
  AVERAGE         55            43     12       40

PRECIPITATION (IN)
  TODAY            0.01          0.13  -0.12     0.01
  MONTH TO DATE    0.53          2.04  -1.51     1.18
  SINCE MAR 1      3.66          5.41  -1.75     2.97
  SINCE JAN 1     10.04         11.01  -0.97     6.60

DEGREE DAYS
 HEATING
  TODAY           10            22    -12       25
  MONTH TO DATE  278           318    -40      330
  SINCE MAR 1   1509          1345    164     1385
  SINCE JUL 1   7061          6725    336     6324

 COOLING
  TODAY            0             0      0        0
  MONTH TO DATE    0             0      0        0
  SINCE MAR 1      0             0      0        0
  SINCE JAN 1      0             0      0        0
......................................................


WIND (MPH)
  HIGHEST WIND SPEED    23   HIGHEST WIND DIRECTION     S (180)
  HIGHEST GUST SPEED    35   HIGHEST GUST DIRECTION    SW (210)
  AVERAGE WIND SPEED     8.0


SKY COVER
  AVERAGE SKY COVER 0.6



RELATIVE HUMIDITY (PERCENT)
 HIGHEST    85
 LOWEST     38
 AVERAGE    62

..........................................................


THE PITTSFIELD MA CLIMATE NORMALS FOR TOMORROW
                         NORMAL
 MAXIMUM TEMPERATURE (F)   54
 MINIMUM TEMPERATURE (F)   33


SUNRISE AND SUNSET
APRIL 13 2014.........SUNRISE   616 AM EDT   SUNSET   733 PM EDT
APRIL 14 2014.........SUNRISE   614 AM EDT   SUNSET   734 PM EDT


-  INDICATES NEGATIVE NUMBERS.
R  INDICATES RECORD WAS SET OR TIED.
MM INDICATES DATA IS MISSING.
T  INDICATES TRACE AMOUNT.




$$
