000
CDUS41 KALY 100629
CLIPSF


CLIMATE REPORT
NATIONAL WEATHER SERVICE ALBANY NY
229 AM EDT THU AUG 10 2017


...................................

...THE PITTSFIELD MA CLIMATE SUMMARY FOR AUGUST 9 2017...

CLIMATE NORMAL PERIOD 1981 TO 2010
CLIMATE RECORD PERIOD 9999 TO 9999


WEATHER ITEM   OBSERVED TIME   NORMAL DEPARTURE LAST
                VALUE   (LST)  VALUE  FROM      YEAR
                                      NORMAL
......................................................
TEMPERATURE (F)
 YESTERDAY
  MAXIMUM         80    224 PM  78      2       82
  MINIMUM         48    535 AM  57     -9       51
  AVERAGE         64            67     -3       67

PRECIPITATION (IN)
  YESTERDAY        0.16          0.14   0.02     0.00
  MONTH TO DATE    1.34          1.31   0.03     0.75
  SINCE JUN 1      8.76          9.96  -1.20     7.40
  SINCE JAN 1     27.54         27.00   0.54    21.50

DEGREE DAYS
 HEATING
  YESTERDAY        1             1      0        0
  MONTH TO DATE    9             9      0        0
  SINCE JUN 1    138           141     -3       87
  SINCE JUL 1     32            40     -8       11

 COOLING
  YESTERDAY        0             4     -4        2
  MONTH TO DATE   27            36     -9       22
  SINCE JUN 1    215           200     15      216
  SINCE JAN 1    229           213     16      257
......................................................


WIND (MPH)
  HIGHEST WIND SPEED    17   HIGHEST WIND DIRECTION    NW (300)
  HIGHEST GUST SPEED    26   HIGHEST GUST DIRECTION    NW (310)
  AVERAGE WIND SPEED     4.3


SKY COVER
  AVERAGE SKY COVER 0.2



RELATIVE HUMIDITY (PERCENT)
 HIGHEST   100
 LOWEST     45
 AVERAGE    73

..........................................................


THE PITTSFIELD MA CLIMATE NORMALS FOR TODAY
                         NORMAL
 MAXIMUM TEMPERATURE (F)   78
 MINIMUM TEMPERATURE (F)   57


SUNRISE AND SUNSET
AUGUST 10 2017........SUNRISE   555 AM EDT   SUNSET   801 PM EDT
AUGUST 11 2017........SUNRISE   556 AM EDT   SUNSET   800 PM EDT


-  INDICATES NEGATIVE NUMBERS.
R  INDICATES RECORD WAS SET OR TIED.
MM INDICATES DATA IS MISSING.
T  INDICATES TRACE AMOUNT.




$$
