000
CDUS41 KALY 210625
CLIPSF


CLIMATE REPORT
NATIONAL WEATHER SERVICE ALBANY NY
225 AM EDT FRI APR 21 2017


...................................

...THE PITTSFIELD MA CLIMATE SUMMARY FOR APRIL 20 2017...

CLIMATE NORMAL PERIOD 1981 TO 2010
CLIMATE RECORD PERIOD 9999 TO 9999


WEATHER ITEM   OBSERVED TIME   NORMAL DEPARTURE LAST
                VALUE   (LST)  VALUE  FROM      YEAR
                                      NORMAL
......................................................
TEMPERATURE (F)
 YESTERDAY
  MAXIMUM         65   1258 PM  57      8       60
  MINIMUM         43    321 AM  36      7       36
  AVERAGE         54            46      8       48

PRECIPITATION (IN)
  YESTERDAY        0.16          0.11   0.05     0.00
  MONTH TO DATE    2.56          2.85  -0.29     2.14
  SINCE MAR 1      5.67          6.22  -0.55     4.40
  SINCE JAN 1     11.25         11.82  -0.57     9.77

DEGREE DAYS
 HEATING
  YESTERDAY       11            19     -8       17
  MONTH TO DATE  363           459    -96      489
  SINCE MAR 1   1494          1486      8     1286
  SINCE JUL 1   6196          6866   -670     5653

 COOLING
  YESTERDAY        0             0      0        0
  MONTH TO DATE    1             0      1        0
  SINCE MAR 1      1             0      1        0
  SINCE JAN 1      1             0      1        0
......................................................


WIND (MPH)
  HIGHEST WIND SPEED    14   HIGHEST WIND DIRECTION    SE (120)
  HIGHEST GUST SPEED    19   HIGHEST GUST DIRECTION    SE (120)
  AVERAGE WIND SPEED     4.5


SKY COVER
  AVERAGE SKY COVER 0.8



RELATIVE HUMIDITY (PERCENT)
 HIGHEST    96
 LOWEST     48
 AVERAGE    72

..........................................................


THE PITTSFIELD MA CLIMATE NORMALS FOR TODAY
                         NORMAL
 MAXIMUM TEMPERATURE (F)   57
 MINIMUM TEMPERATURE (F)   36


SUNRISE AND SUNSET
APRIL 21 2017.........SUNRISE   602 AM EDT   SUNSET   742 PM EDT
APRIL 22 2017.........SUNRISE   601 AM EDT   SUNSET   743 PM EDT


-  INDICATES NEGATIVE NUMBERS.
R  INDICATES RECORD WAS SET OR TIED.
MM INDICATES DATA IS MISSING.
T  INDICATES TRACE AMOUNT.




$$
