000
CDUS41 KALY 250623
CLIPSF


CLIMATE REPORT
NATIONAL WEATHER SERVICE ALBANY NY
122 AM EST TUE NOV 25 2014


...................................

...THE PITTSFIELD MA CLIMATE SUMMARY FOR NOVEMBER 24 2014...

CLIMATE NORMAL PERIOD 1981 TO 2010
CLIMATE RECORD PERIOD 9999 TO 9999


WEATHER ITEM   OBSERVED TIME   NORMAL DEPARTURE LAST
                VALUE   (LST)  VALUE  FROM      YEAR
                                      NORMAL
......................................................
TEMPERATURE (F)
 YESTERDAY
  MAXIMUM         63    353 PM  43     20       21
  MINIMUM         34   1200 AM  27      7       11
  AVERAGE         49            35     14       16

PRECIPITATION (IN)
  YESTERDAY        0.49          0.13   0.36      T
  MONTH TO DATE    1.82          3.10  -1.28     1.53
  SINCE SEP 1      8.46         11.77  -3.31     6.95
  SINCE JAN 1     39.38         41.55  -2.17    35.05

DEGREE DAYS
 HEATING
  YESTERDAY       16            30    -14       49
  MONTH TO DATE  689           628     61      666
  SINCE SEP 1   1348          1386    -38     1383
  SINCE JUL 1   1421          1464    -43     1439

 COOLING
  YESTERDAY        0             0      0        0
  MONTH TO DATE    0             0      0        0
  SINCE SEP 1     39            20     19       33
  SINCE JAN 1    238           290    -52      433
......................................................


WIND (MPH)
  HIGHEST WIND SPEED    25   HIGHEST WIND DIRECTION     S (180)
  HIGHEST GUST SPEED    35   HIGHEST GUST DIRECTION     S (190)
  AVERAGE WIND SPEED    11.3


SKY COVER
  AVERAGE SKY COVER 0.9



RELATIVE HUMIDITY (PERCENT)
 HIGHEST    93
 LOWEST     72
 AVERAGE    83

..........................................................


THE PITTSFIELD MA CLIMATE NORMALS FOR TODAY
                         NORMAL
 MAXIMUM TEMPERATURE (F)   43
 MINIMUM TEMPERATURE (F)   27


SUNRISE AND SUNSET
NOVEMBER 25 2014......SUNRISE   656 AM EST   SUNSET   424 PM EST
NOVEMBER 26 2014......SUNRISE   657 AM EST   SUNSET   423 PM EST


-  INDICATES NEGATIVE NUMBERS.
R  INDICATES RECORD WAS SET OR TIED.
MM INDICATES DATA IS MISSING.
T  INDICATES TRACE AMOUNT.




$$
