889
CDUS41 KALY 190637
CLIPSF


CLIMATE REPORT
NATIONAL WEATHER SERVICE ALBANY NY
135 AM EST FRI JAN 19 2018


...................................

...THE PITTSFIELD MA CLIMATE SUMMARY FOR JANUARY 18 2018...

CLIMATE NORMAL PERIOD 1981 TO 2010
CLIMATE RECORD PERIOD 9999 TO 9999


WEATHER ITEM   OBSERVED TIME   NORMAL DEPARTURE LAST
                VALUE   (LST)  VALUE  FROM      YEAR
                                      NORMAL
......................................................
TEMPERATURE (F)
 YESTERDAY
  MAXIMUM         22        MM  29     -7       34
  MINIMUM         11        MM  11      0       32
  AVERAGE         17            20     -3       33

PRECIPITATION (IN)
  YESTERDAY        0.00          0.08  -0.08     0.07
  MONTH TO DATE    3.41          1.85   1.56     1.92
  SINCE DEC 1      5.56          4.85   0.71     4.94
  SINCE JAN 1      3.41          1.85   1.56     1.92

DEGREE DAYS
 HEATING
  YESTERDAY       48            45      3       32
  MONTH TO DATE  843           803     40      713
  SINCE DEC 1   2105          1990    115     1891
  SINCE JUL 1   3430          3641   -211     3298

 COOLING
  YESTERDAY        0             0      0        0
  MONTH TO DATE    0             0      0        0
  SINCE DEC 1      0             0      0        0
  SINCE JAN 1      0             0      0        0
......................................................


WIND (MPH)
  HIGHEST WIND SPEED    20   HIGHEST WIND DIRECTION    NW (310)
  HIGHEST GUST SPEED    30   HIGHEST GUST DIRECTION    NW (310)
  AVERAGE WIND SPEED    10.1


SKY COVER
  AVERAGE SKY COVER 0.4



RELATIVE HUMIDITY (PERCENT)
 HIGHEST    76
 LOWEST     62
 AVERAGE    69

..........................................................


THE PITTSFIELD MA CLIMATE NORMALS FOR TODAY
                         NORMAL
 MAXIMUM TEMPERATURE (F)   29
 MINIMUM TEMPERATURE (F)   11


SUNRISE AND SUNSET
JANUARY 19 2018.......SUNRISE   718 AM EST   SUNSET   450 PM EST
JANUARY 20 2018.......SUNRISE   717 AM EST   SUNSET   452 PM EST


-  INDICATES NEGATIVE NUMBERS.
R  INDICATES RECORD WAS SET OR TIED.
MM INDICATES DATA IS MISSING.
T  INDICATES TRACE AMOUNT.




$$
