000
CDUS41 KALY 230621
CLIPSF


CLIMATE REPORT
NATIONAL WEATHER SERVICE ALBANY NY
221 AM EDT SAT JUL 23 2016


...................................

...THE PITTSFIELD MA CLIMATE SUMMARY FOR JULY 22 2016...

CLIMATE NORMAL PERIOD 1981 TO 2010
CLIMATE RECORD PERIOD 9999 TO 9999


WEATHER ITEM   OBSERVED TIME   NORMAL DEPARTURE LAST
                VALUE   (LST)  VALUE  FROM      YEAR
                                      NORMAL
......................................................
TEMPERATURE (F)
 YESTERDAY
  MAXIMUM         90    216 PM  79     11       76
  MINIMUM         64    453 AM  57      7       57
  AVERAGE         77            68      9       67

PRECIPITATION (IN)
  YESTERDAY        T             0.16  -0.16     0.00
  MONTH TO DATE    2.13          2.83  -0.70     4.81
  SINCE JUN 1      4.63          7.23  -2.60    12.94
  SINCE JAN 1     18.73         24.27  -5.54    24.08

DEGREE DAYS
 HEATING
  YESTERDAY        0             1     -1        0
  MONTH TO DATE   11            22    -11       17
  SINCE JUN 1     87           123    -36      128
  SINCE JUL 1     11            22    -11       17

 COOLING
  YESTERDAY       12             4      8        2
  MONTH TO DATE   96            77     19       76
  SINCE JUN 1    135           133      2      109
  SINCE JAN 1    176           146     30      153
......................................................


WIND (MPH)
  HIGHEST WIND SPEED    20   HIGHEST WIND DIRECTION     W (290)
  HIGHEST GUST SPEED    29   HIGHEST GUST DIRECTION     W (290)
  AVERAGE WIND SPEED     8.7


SKY COVER
  AVERAGE SKY COVER 0.2



RELATIVE HUMIDITY (PERCENT)
 HIGHEST    78
 LOWEST     47
 AVERAGE    63

..........................................................


THE PITTSFIELD MA CLIMATE NORMALS FOR TODAY
                         NORMAL
 MAXIMUM TEMPERATURE (F)   79
 MINIMUM TEMPERATURE (F)   57


SUNRISE AND SUNSET
JULY 23 2016..........SUNRISE   537 AM EDT   SUNSET   822 PM EDT
JULY 24 2016..........SUNRISE   538 AM EDT   SUNSET   821 PM EDT


-  INDICATES NEGATIVE NUMBERS.
R  INDICATES RECORD WAS SET OR TIED.
MM INDICATES DATA IS MISSING.
T  INDICATES TRACE AMOUNT.




$$
