000
CDUS41 KALY 260623
CLIPSF


CLIMATE REPORT
NATIONAL WEATHER SERVICE ALBANY NY
222 AM EDT TUE MAY 26 2015


...................................

...THE PITTSFIELD MA CLIMATE SUMMARY FOR MAY 25 2015...

CLIMATE NORMAL PERIOD 1981 TO 2010
CLIMATE RECORD PERIOD 9999 TO 9999


WEATHER ITEM   OBSERVED TIME   NORMAL DEPARTURE LAST
                VALUE   (LST)  VALUE  FROM      YEAR
                                      NORMAL
......................................................
TEMPERATURE (F)
 YESTERDAY
  MAXIMUM         81    459 PM  69     12       74
  MINIMUM         49    419 AM  46      3       44
  AVERAGE         65            58      7       59

PRECIPITATION (IN)
  YESTERDAY        0.00          0.17  -0.17     0.00
  MONTH TO DATE    0.25          3.23  -2.98     0.92
  SINCE MAR 1      4.72         10.46  -5.74     7.49
  SINCE JAN 1      9.81         16.06  -6.25    13.87

DEGREE DAYS
 HEATING
  YESTERDAY        0             8     -8        6
  MONTH TO DATE  166           283   -117      219
  SINCE MAR 1   1995          1938     57     2083
  SINCE JUL 1   7658          7318    340     7635

 COOLING
  YESTERDAY        0             0      0        0
  MONTH TO DATE   20             0     20        3
  SINCE MAR 1     20             2     18        4
  SINCE JAN 1     20             2     18        4
......................................................


WIND (MPH)
  HIGHEST WIND SPEED    20   HIGHEST WIND DIRECTION     S (200)
  HIGHEST GUST SPEED    29   HIGHEST GUST DIRECTION    SW (210)
  AVERAGE WIND SPEED     6.0


SKY COVER
  AVERAGE SKY COVER 0.3



RELATIVE HUMIDITY (PERCENT)
 HIGHEST    83
 LOWEST     42
 AVERAGE    63

..........................................................


THE PITTSFIELD MA CLIMATE NORMALS FOR TODAY
                         NORMAL
 MAXIMUM TEMPERATURE (F)   69
 MINIMUM TEMPERATURE (F)   46


SUNRISE AND SUNSET
MAY 26 2015...........SUNRISE   522 AM EDT   SUNSET   819 PM EDT
MAY 27 2015...........SUNRISE   522 AM EDT   SUNSET   819 PM EDT


-  INDICATES NEGATIVE NUMBERS.
R  INDICATES RECORD WAS SET OR TIED.
MM INDICATES DATA IS MISSING.
T  INDICATES TRACE AMOUNT.




$$
