000
CDUS41 KALY 190629
CLIPSF


CLIMATE REPORT
NATIONAL WEATHER SERVICE ALBANY NY
229 AM EDT WED APR 19 2017


...................................

...THE PITTSFIELD MA CLIMATE SUMMARY FOR APRIL 18 2017...

CLIMATE NORMAL PERIOD 1981 TO 2010
CLIMATE RECORD PERIOD 9999 TO 9999


WEATHER ITEM   OBSERVED TIME   NORMAL DEPARTURE LAST
                VALUE   (LST)  VALUE  FROM      YEAR
                                      NORMAL
......................................................
TEMPERATURE (F)
 YESTERDAY
  MAXIMUM         58    444 PM  56      2       75
  MINIMUM         31    431 AM  35     -4       37
  AVERAGE         45            45      0       56

PRECIPITATION (IN)
  YESTERDAY        0.00          0.11  -0.11     0.00
  MONTH TO DATE    2.26          2.63  -0.37     2.14
  SINCE MAR 1      5.37          6.00  -0.63     4.40
  SINCE JAN 1     10.95         11.60  -0.65     9.77

DEGREE DAYS
 HEATING
  YESTERDAY       20            20      0        9
  MONTH TO DATE  333           421    -88      459
  SINCE MAR 1   1464          1448     16     1256
  SINCE JUL 1   6166          6828   -662     5623

 COOLING
  YESTERDAY        0             0      0        0
  MONTH TO DATE    1             0      1        0
  SINCE MAR 1      1             0      1        0
  SINCE JAN 1      1             0      1        0
......................................................


WIND (MPH)
  HIGHEST WIND SPEED    24   HIGHEST WIND DIRECTION    SE (150)
  HIGHEST GUST SPEED    31   HIGHEST GUST DIRECTION    SE (140)
  AVERAGE WIND SPEED     6.6


SKY COVER
  AVERAGE SKY COVER 0.1



RELATIVE HUMIDITY (PERCENT)
 HIGHEST    89
 LOWEST     24
 AVERAGE    57

..........................................................


THE PITTSFIELD MA CLIMATE NORMALS FOR TODAY
                         NORMAL
 MAXIMUM TEMPERATURE (F)   56
 MINIMUM TEMPERATURE (F)   35


SUNRISE AND SUNSET
APRIL 19 2017.........SUNRISE   606 AM EDT   SUNSET   740 PM EDT
APRIL 20 2017.........SUNRISE   604 AM EDT   SUNSET   741 PM EDT


-  INDICATES NEGATIVE NUMBERS.
R  INDICATES RECORD WAS SET OR TIED.
MM INDICATES DATA IS MISSING.
T  INDICATES TRACE AMOUNT.




$$
