764
CDUS41 KALY 110644
CLIPSF


CLIMATE REPORT
NATIONAL WEATHER SERVICE ALBANY NY
144 AM EST MON DEC 11 2017


...................................

...THE PITTSFIELD MA CLIMATE SUMMARY FOR DECEMBER 10 2017...

CLIMATE NORMAL PERIOD 1981 TO 2010
CLIMATE RECORD PERIOD 9999 TO 9999


WEATHER ITEM   OBSERVED TIME   NORMAL DEPARTURE LAST
                VALUE   (LST)  VALUE  FROM      YEAR
                                      NORMAL
......................................................
TEMPERATURE (F)
 YESTERDAY
  MAXIMUM         33    247 PM  36     -3       25
  MINIMUM         20    559 AM  22     -2       12
  AVERAGE         27            29     -2       19

PRECIPITATION (IN)
  YESTERDAY        T             0.10  -0.10     0.00
  MONTH TO DATE    0.84          1.02  -0.18     0.70
  SINCE DEC 1      0.84          1.02  -0.18     0.70
  SINCE JAN 1     40.33         43.40  -3.07    32.64

DEGREE DAYS
 HEATING
  YESTERDAY       38            36      2       46
  MONTH TO DATE  300           345    -45      332
  SINCE DEC 1    300           345    -45      332
  SINCE JUL 1   1625          1996   -371     1739

 COOLING
  YESTERDAY        0             0      0        0
  MONTH TO DATE    0             0      0        0
  SINCE DEC 1      0             0      0        0
  SINCE JAN 1    351           290     61      432
......................................................


WIND (MPH)
  HIGHEST WIND SPEED    21   HIGHEST WIND DIRECTION     W (260)
  HIGHEST GUST SPEED    27   HIGHEST GUST DIRECTION     W (250)
  AVERAGE WIND SPEED     8.2


SKY COVER
  AVERAGE SKY COVER 0.9



RELATIVE HUMIDITY (PERCENT)
 HIGHEST    88
 LOWEST     54
 AVERAGE    71

..........................................................


THE PITTSFIELD MA CLIMATE NORMALS FOR TODAY
                         NORMAL
 MAXIMUM TEMPERATURE (F)   35
 MINIMUM TEMPERATURE (F)   21


SUNRISE AND SUNSET
DECEMBER 11 2017......SUNRISE   713 AM EST   SUNSET   420 PM EST
DECEMBER 12 2017......SUNRISE   713 AM EST   SUNSET   421 PM EST


-  INDICATES NEGATIVE NUMBERS.
R  INDICATES RECORD WAS SET OR TIED.
MM INDICATES DATA IS MISSING.
T  INDICATES TRACE AMOUNT.




$$
