929
CDUS41 KALY 270625
CLIPSF


CLIMATE REPORT
NATIONAL WEATHER SERVICE ALBANY NY
225 AM EDT THU APR 27 2017


...................................

...THE PITTSFIELD MA CLIMATE SUMMARY FOR APRIL 26 2017...

CLIMATE NORMAL PERIOD 1981 TO 2010
CLIMATE RECORD PERIOD 9999 TO 9999


WEATHER ITEM   OBSERVED TIME   NORMAL DEPARTURE LAST
                VALUE   (LST)  VALUE  FROM      YEAR
                                      NORMAL
......................................................
TEMPERATURE (F)
 YESTERDAY
  MAXIMUM         63    336 PM  59      4       47
  MINIMUM         47    514 AM  38      9       36
  AVERAGE         55            48      7       42

PRECIPITATION (IN)
  YESTERDAY        0.12          0.10   0.02     0.35
  MONTH TO DATE    3.19          3.45  -0.26     2.49
  SINCE MAR 1      6.30          6.82  -0.52     4.75
  SINCE JAN 1     11.88         12.42  -0.54    10.12

DEGREE DAYS
 HEATING
  YESTERDAY       10            17     -7       23
  MONTH TO DATE  451           565   -114      578
  SINCE MAR 1   1582          1592    -10     1375
  SINCE JUL 1   6284          6972   -688     5742

 COOLING
  YESTERDAY        0             0      0        0
  MONTH TO DATE    1             0      1        0
  SINCE MAR 1      1             0      1        0
  SINCE JAN 1      1             0      1        0
......................................................


WIND (MPH)
  HIGHEST WIND SPEED    16   HIGHEST WIND DIRECTION    NE (50)
  HIGHEST GUST SPEED    21   HIGHEST GUST DIRECTION    NE (60)
  AVERAGE WIND SPEED     6.6


SKY COVER
  AVERAGE SKY COVER 0.9



RELATIVE HUMIDITY (PERCENT)
 HIGHEST    93
 LOWEST     72
 AVERAGE    83

..........................................................


THE PITTSFIELD MA CLIMATE NORMALS FOR TODAY
                         NORMAL
 MAXIMUM TEMPERATURE (F)   60
 MINIMUM TEMPERATURE (F)   38


SUNRISE AND SUNSET
APRIL 27 2017.........SUNRISE   554 AM EDT   SUNSET   749 PM EDT
APRIL 28 2017.........SUNRISE   552 AM EDT   SUNSET   750 PM EDT


-  INDICATES NEGATIVE NUMBERS.
R  INDICATES RECORD WAS SET OR TIED.
MM INDICATES DATA IS MISSING.
T  INDICATES TRACE AMOUNT.




$$
