000
CDUS41 KALY 260625
CLIPSF


CLIMATE REPORT
NATIONAL WEATHER SERVICE ALBANY NY
224 AM EDT THU MAR 26 2015


...................................

...THE PITTSFIELD MA CLIMATE SUMMARY FOR MARCH 25 2015...

CLIMATE NORMAL PERIOD 1981 TO 2010
CLIMATE RECORD PERIOD 9999 TO 9999


WEATHER ITEM   OBSERVED TIME   NORMAL DEPARTURE LAST
                VALUE   (LST)  VALUE  FROM      YEAR
                                      NORMAL
......................................................
TEMPERATURE (F)
 YESTERDAY
  MAXIMUM         45    240 PM  45      0       32
  MINIMUM         13    528 AM  25    -12        8
  AVERAGE         29            35     -6       20

PRECIPITATION (IN)
  YESTERDAY        0.13          0.14  -0.01     0.00
  MONTH TO DATE    0.99          2.54  -1.55     1.06
  SINCE MAR 1      0.99          2.54  -1.55     1.06
  SINCE JAN 1      6.08          8.14  -2.06     7.44

DEGREE DAYS
 HEATING
  YESTERDAY       36            30      6       45
  MONTH TO DATE 1002           855    147     1042
  SINCE MAR 1   1002           855    147     1042
  SINCE JUL 1   6665          6235    430     6594

 COOLING
  YESTERDAY        0             0      0        0
  MONTH TO DATE    0             0      0        0
  SINCE MAR 1      0             0      0        0
  SINCE JAN 1      0             0      0        0
......................................................


WIND (MPH)
  HIGHEST WIND SPEED    17   HIGHEST WIND DIRECTION     S (170)
  HIGHEST GUST SPEED    25   HIGHEST GUST DIRECTION     S (170)
  AVERAGE WIND SPEED     5.1


SKY COVER
  AVERAGE SKY COVER 0.4



RELATIVE HUMIDITY (PERCENT)
 HIGHEST    96
 LOWEST     31
 AVERAGE    64

..........................................................


THE PITTSFIELD MA CLIMATE NORMALS FOR TODAY
                         NORMAL
 MAXIMUM TEMPERATURE (F)   46
 MINIMUM TEMPERATURE (F)   25


SUNRISE AND SUNSET
MARCH 26 2015.........SUNRISE   647 AM EDT   SUNSET   712 PM EDT
MARCH 27 2015.........SUNRISE   645 AM EDT   SUNSET   713 PM EDT


-  INDICATES NEGATIVE NUMBERS.
R  INDICATES RECORD WAS SET OR TIED.
MM INDICATES DATA IS MISSING.
T  INDICATES TRACE AMOUNT.




$$
