000
CDUS41 KALY 222149
CLIPSF


CLIMATE REPORT
NATIONAL WEATHER SERVICE ALBANY NY
448 PM EST THU FEB 22 2018


...................................

...THE PITTSFIELD MA CLIMATE SUMMARY FOR FEBRUARY 22 2018...
VALID TODAY AS OF 0400 PM LOCAL TIME.

CLIMATE NORMAL PERIOD 1981 TO 2010
CLIMATE RECORD PERIOD 9999 TO 9999


WEATHER ITEM   OBSERVED TIME   NORMAL DEPARTURE LAST
                VALUE   (LST)  VALUE  FROM      YEAR
                                      NORMAL
......................................................
TEMPERATURE (F)
 TODAY
  MAXIMUM         39   1208 AM  34      5       58
  MINIMUM         32    359 PM  17     15       31
  AVERAGE         36            25     11       45

PRECIPITATION (IN)
  TODAY            0.16          0.10   0.06      T
  MONTH TO DATE    3.30          2.11   1.19     1.76
  SINCE DEC 1     10.11          8.03   2.08     7.50
  SINCE JAN 1      7.96          5.03   2.93     4.48

DEGREE DAYS
 HEATING
  TODAY           29            40    -11       20
  MONTH TO DATE  768           924   -156      838
  SINCE DEC 1   3346          3498   -152     3163
  SINCE JUL 1   4671          5149   -478     4570

 COOLING
  TODAY            0             0      0        0
  MONTH TO DATE    0             0      0        0
  SINCE DEC 1      0             0      0        0
  SINCE JAN 1      0             0      0        0
......................................................


WIND (MPH)
  HIGHEST WIND SPEED    16   HIGHEST WIND DIRECTION     W (290)
  HIGHEST GUST SPEED    22   HIGHEST GUST DIRECTION     W (290)
  AVERAGE WIND SPEED     4.6


SKY COVER
  AVERAGE SKY COVER 0.9



RELATIVE HUMIDITY (PERCENT)
 HIGHEST    89
 LOWEST     59
 AVERAGE    74

..........................................................


THE PITTSFIELD MA CLIMATE NORMALS FOR TOMORROW
                         NORMAL
 MAXIMUM TEMPERATURE (F)   35
 MINIMUM TEMPERATURE (F)   17


SUNRISE AND SUNSET
FEBRUARY 22 2018......SUNRISE   640 AM EST   SUNSET   534 PM EST
FEBRUARY 23 2018......SUNRISE   638 AM EST   SUNSET   536 PM EST


-  INDICATES NEGATIVE NUMBERS.
R  INDICATES RECORD WAS SET OR TIED.
MM INDICATES DATA IS MISSING.
T  INDICATES TRACE AMOUNT.




$$
