000
CDUS41 KALY 300625
CLIPSF


CLIMATE REPORT
NATIONAL WEATHER SERVICE ALBANY NY
124 AM EST FRI JAN 30 2015


...................................

...THE PITTSFIELD MA CLIMATE SUMMARY FOR JANUARY 29 2015...

CLIMATE NORMAL PERIOD 1981 TO 2010
CLIMATE RECORD PERIOD 9999 TO 9999


WEATHER ITEM   OBSERVED TIME   NORMAL DEPARTURE LAST
                VALUE   (LST)  VALUE  FROM      YEAR
                                      NORMAL
......................................................
TEMPERATURE (F)
 YESTERDAY
  MAXIMUM         33    252 PM  29      4       17
  MINIMUM         -6    736 AM  12    -18       -3
  AVERAGE         14            20     -6        7

PRECIPITATION (IN)
  YESTERDAY        0.02          0.08  -0.06     0.00
  MONTH TO DATE    3.26          2.73   0.53     3.35
  SINCE DEC 1      7.01          5.73   1.28     6.14
  SINCE JAN 1      3.26          2.73   0.53     3.35

DEGREE DAYS
 HEATING
  YESTERDAY       51            44      7       58
  MONTH TO DATE 1361          1297     64     1337
  SINCE DEC 1   2432          2484    -52     2505
  SINCE JUL 1   4054          4135    -81     4185

 COOLING
  YESTERDAY        0             0      0        0
  MONTH TO DATE    0             0      0        0
  SINCE DEC 1      0             0      0        0
  SINCE JAN 1      0             0      0        0
......................................................


WIND (MPH)
  HIGHEST WIND SPEED    18   HIGHEST WIND DIRECTION    SE (140)
  HIGHEST GUST SPEED    26   HIGHEST GUST DIRECTION    SE (140)
  AVERAGE WIND SPEED     4.4


SKY COVER
  AVERAGE SKY COVER 0.4



RELATIVE HUMIDITY (PERCENT)
 HIGHEST    87
 LOWEST     23
 AVERAGE    55

..........................................................


THE PITTSFIELD MA CLIMATE NORMALS FOR TODAY
                         NORMAL
 MAXIMUM TEMPERATURE (F)   29
 MINIMUM TEMPERATURE (F)   12


SUNRISE AND SUNSET
JANUARY 30 2015.......SUNRISE   709 AM EST   SUNSET   504 PM EST
JANUARY 31 2015.......SUNRISE   708 AM EST   SUNSET   505 PM EST


-  INDICATES NEGATIVE NUMBERS.
R  INDICATES RECORD WAS SET OR TIED.
MM INDICATES DATA IS MISSING.
T  INDICATES TRACE AMOUNT.




$$
