000
CDUS41 KALY 120622
CLIPSF


CLIMATE REPORT
NATIONAL WEATHER SERVICE ALBANY NY
121 AM EST TUE DEC 12 2017


...................................

...THE PITTSFIELD MA CLIMATE SUMMARY FOR DECEMBER 11 2017...

CLIMATE NORMAL PERIOD 1981 TO 2010
CLIMATE RECORD PERIOD 9999 TO 9999


WEATHER ITEM   OBSERVED TIME   NORMAL DEPARTURE LAST
                VALUE   (LST)  VALUE  FROM      YEAR
                                      NORMAL
......................................................
TEMPERATURE (F)
 YESTERDAY
  MAXIMUM         33   1232 PM  35     -2       28
  MINIMUM         26   1021 PM  21      5       10
  AVERAGE         30            28      2       19

PRECIPITATION (IN)
  YESTERDAY        0.00          0.10  -0.10     0.08
  MONTH TO DATE    0.84          1.12  -0.28     0.78
  SINCE DEC 1      0.84          1.12  -0.28     0.78
  SINCE JAN 1     40.33         43.50  -3.17    32.72

DEGREE DAYS
 HEATING
  YESTERDAY       35            37     -2       46
  MONTH TO DATE  335           382    -47      378
  SINCE DEC 1    335           382    -47      378
  SINCE JUL 1   1660          2033   -373     1785

 COOLING
  YESTERDAY        0             0      0        0
  MONTH TO DATE    0             0      0        0
  SINCE DEC 1      0             0      0        0
  SINCE JAN 1    351           290     61      432
......................................................


WIND (MPH)
  HIGHEST WIND SPEED    17   HIGHEST WIND DIRECTION     W (250)
  HIGHEST GUST SPEED    23   HIGHEST GUST DIRECTION     W (250)
  AVERAGE WIND SPEED     5.6


SKY COVER
  AVERAGE SKY COVER 0.9



RELATIVE HUMIDITY (PERCENT)
 HIGHEST    75
 LOWEST     54
 AVERAGE    65

..........................................................


THE PITTSFIELD MA CLIMATE NORMALS FOR TODAY
                         NORMAL
 MAXIMUM TEMPERATURE (F)   35
 MINIMUM TEMPERATURE (F)   21


SUNRISE AND SUNSET
DECEMBER 12 2017......SUNRISE   713 AM EST   SUNSET   421 PM EST
DECEMBER 13 2017......SUNRISE   714 AM EST   SUNSET   421 PM EST


-  INDICATES NEGATIVE NUMBERS.
R  INDICATES RECORD WAS SET OR TIED.
MM INDICATES DATA IS MISSING.
T  INDICATES TRACE AMOUNT.




$$
