000
CDUS41 KALY 090623
CLIPSF


CLIMATE REPORT
NATIONAL WEATHER SERVICE ALBANY NY
223 AM EDT WED APR 9 2014


...................................

...THE PITTSFIELD MA CLIMATE SUMMARY FOR APRIL 8 2014...

CLIMATE NORMAL PERIOD 1981 TO 2010
CLIMATE RECORD PERIOD 9999 TO 9999


WEATHER ITEM   OBSERVED TIME   NORMAL DEPARTURE LAST
                VALUE   (LST)  VALUE  FROM      YEAR
                                      NORMAL
......................................................
TEMPERATURE (F)
 YESTERDAY
  MAXIMUM         61   1248 PM  51     10       60
  MINIMUM         39   1159 PM  31      8       34
  AVERAGE         50            41      9       47

PRECIPITATION (IN)
  YESTERDAY        0.15          0.15   0.00     0.00
  MONTH TO DATE    0.28          1.28  -1.00     0.16
  SINCE MAR 1      3.41          4.65  -1.24     1.95
  SINCE JAN 1      9.79         10.25  -0.46     5.58

DEGREE DAYS
 HEATING
  YESTERDAY       15            24     -9       18
  MONTH TO DATE  192           204    -12      222
  SINCE MAR 1   1423          1231    192     1277
  SINCE JUL 1   6975          6611    364     6216

 COOLING
  YESTERDAY        0             0      0        0
  MONTH TO DATE    0             0      0        0
  SINCE MAR 1      0             0      0        0
  SINCE JAN 1      0             0      0        0
......................................................


WIND (MPH)
  HIGHEST WIND SPEED    23   HIGHEST WIND DIRECTION     W (290)
  HIGHEST GUST SPEED    35   HIGHEST GUST DIRECTION    SW (240)
  AVERAGE WIND SPEED     8.5


SKY COVER
  AVERAGE SKY COVER 0.9



RELATIVE HUMIDITY (PERCENT)
 HIGHEST   100
 LOWEST     55
 AVERAGE    78

..........................................................


THE PITTSFIELD MA CLIMATE NORMALS FOR TODAY
                         NORMAL
 MAXIMUM TEMPERATURE (F)   52
 MINIMUM TEMPERATURE (F)   31


SUNRISE AND SUNSET
APRIL  9 2014.........SUNRISE   622 AM EDT   SUNSET   728 PM EDT
APRIL 10 2014.........SUNRISE   620 AM EDT   SUNSET   729 PM EDT


-  INDICATES NEGATIVE NUMBERS.
R  INDICATES RECORD WAS SET OR TIED.
MM INDICATES DATA IS MISSING.
T  INDICATES TRACE AMOUNT.




$$
