251
CDUS41 KALY 010630
CLIPSF


CLIMATE REPORT
NATIONAL WEATHER SERVICE ALBANY NY
129 AM EST THU DEC 1 2016


...................................

...THE PITTSFIELD MA CLIMATE SUMMARY FOR NOVEMBER 30 2016...

CLIMATE NORMAL PERIOD 1981 TO 2010
CLIMATE RECORD PERIOD 9999 TO 9999


WEATHER ITEM   OBSERVED TIME   NORMAL DEPARTURE LAST
                VALUE   (LST)  VALUE  FROM      YEAR
                                      NORMAL
......................................................
TEMPERATURE (F)
 YESTERDAY
  MAXIMUM         50    507 AM  40     10       35
  MINIMUM         43    654 AM  25     18       20
  AVERAGE         47            33     14       28

PRECIPITATION (IN)
  YESTERDAY        0.71          0.14   0.57     0.00
  MONTH TO DATE    2.85          3.93  -1.08     2.87
  SINCE SEP 1      8.57         12.60  -4.03     9.71
  SINCE JAN 1     31.94         42.38 -10.44    36.95

DEGREE DAYS
 HEATING
  YESTERDAY       18            32    -14       37
  MONTH TO DATE  765           816    -51      681
  SINCE SEP 1   1383          1573   -190     1345
  SINCE JUL 1   1407          1651   -244     1373

 COOLING
  YESTERDAY        0             0      0        0
  MONTH TO DATE    0             0      0        0
  SINCE SEP 1     51            20     31       53
  SINCE JAN 1    432           290    142      361
......................................................


WIND (MPH)
  HIGHEST WIND SPEED    21   HIGHEST WIND DIRECTION    SE (130)
  HIGHEST GUST SPEED    29   HIGHEST GUST DIRECTION    SE (130)
  AVERAGE WIND SPEED     4.9


SKY COVER
  AVERAGE SKY COVER 0.9



RELATIVE HUMIDITY (PERCENT)
 HIGHEST   100
 LOWEST     86
 AVERAGE    93

..........................................................


THE PITTSFIELD MA CLIMATE NORMALS FOR TODAY
                         NORMAL
 MAXIMUM TEMPERATURE (F)   40
 MINIMUM TEMPERATURE (F)   25


SUNRISE AND SUNSET
DECEMBER  1 2016......SUNRISE   703 AM EST   SUNSET   421 PM EST
DECEMBER  2 2016......SUNRISE   704 AM EST   SUNSET   421 PM EST


-  INDICATES NEGATIVE NUMBERS.
R  INDICATES RECORD WAS SET OR TIED.
MM INDICATES DATA IS MISSING.
T  INDICATES TRACE AMOUNT.




$$
