000
CDUS41 KALY 240624
CLIPSF


CLIMATE REPORT
NATIONAL WEATHER SERVICE ALBANY NY
223 AM EDT SUN AUG 24 2014


...................................

...THE PITTSFIELD MA CLIMATE SUMMARY FOR AUGUST 23 2014...

CLIMATE NORMAL PERIOD 1981 TO 2010
CLIMATE RECORD PERIOD 9999 TO 9999


WEATHER ITEM   OBSERVED TIME   NORMAL DEPARTURE LAST
                VALUE   (LST)  VALUE  FROM      YEAR
                                      NORMAL
......................................................
TEMPERATURE (F)
 YESTERDAY
  MAXIMUM         70    201 PM  76     -6       74
  MINIMUM         53   1154 PM  55     -2       50
  AVERAGE         62            66     -4       62

PRECIPITATION (IN)
  YESTERDAY        0.00          0.13  -0.13     0.00
  MONTH TO DATE    2.33          3.11  -0.78     3.43
  SINCE JUN 1     16.91         11.76   5.15    12.11
  SINCE JAN 1     30.91         28.80   2.11    26.70

DEGREE DAYS
 HEATING
  YESTERDAY        3             2      1        3
  MONTH TO DATE   42            25     17       39
  SINCE JUN 1    118           157    -39      155
  SINCE JUL 1     60            56      4       47

 COOLING
  YESTERDAY        0             2     -2        0
  MONTH TO DATE   20            80    -60       28
  SINCE JUN 1    177           244    -67      339
  SINCE JAN 1    183           257    -74      364
......................................................


WIND (MPH)
  HIGHEST WIND SPEED     9   HIGHEST WIND DIRECTION    NE (50)
  HIGHEST GUST SPEED    13   HIGHEST GUST DIRECTION    NE (40)
  AVERAGE WIND SPEED     3.0


SKY COVER
  AVERAGE SKY COVER 0.8



RELATIVE HUMIDITY (PERCENT)
 HIGHEST    93
 LOWEST     61
 AVERAGE    77

..........................................................


THE PITTSFIELD MA CLIMATE NORMALS FOR TODAY
                         NORMAL
 MAXIMUM TEMPERATURE (F)   76
 MINIMUM TEMPERATURE (F)   55


SUNRISE AND SUNSET
AUGUST 24 2014........SUNRISE   610 AM EDT   SUNSET   741 PM EDT
AUGUST 25 2014........SUNRISE   611 AM EDT   SUNSET   739 PM EDT


-  INDICATES NEGATIVE NUMBERS.
R  INDICATES RECORD WAS SET OR TIED.
MM INDICATES DATA IS MISSING.
T  INDICATES TRACE AMOUNT.




$$
