764
CDUS41 KALY 272146
CLIPSF


CLIMATE REPORT
NATIONAL WEATHER SERVICE ALBANY NY
445 PM EST SUN NOV 27 2016


...................................

...THE PITTSFIELD MA CLIMATE SUMMARY FOR NOVEMBER 27 2016...
VALID TODAY AS OF 0400 PM LOCAL TIME.

CLIMATE NORMAL PERIOD 1981 TO 2010
CLIMATE RECORD PERIOD 9999 TO 9999


WEATHER ITEM   OBSERVED TIME   NORMAL DEPARTURE LAST
                VALUE   (LST)  VALUE  FROM      YEAR
                                      NORMAL
......................................................
TEMPERATURE (F)
 TODAY
  MAXIMUM         37    137 PM  42     -5       60
  MINIMUM         31    625 AM  26      5       32
  AVERAGE         34            34      0       46

PRECIPITATION (IN)
  TODAY            T             0.14  -0.14      T
  MONTH TO DATE    1.65          3.52  -1.87     2.76
  SINCE SEP 1      7.37         12.19  -4.82     9.60
  SINCE JAN 1     30.74         41.97 -11.23    36.84

DEGREE DAYS
 HEATING
  TODAY           31            31      0       19
  MONTH TO DATE  692           720    -28      587
  SINCE SEP 1   1310          1478   -168     1251
  SINCE JUL 1   1334          1556   -222     1279

 COOLING
  TODAY            0             0      0        0
  MONTH TO DATE    0             0      0        0
  SINCE SEP 1     51            20     31       53
  SINCE JAN 1    432           290    142      361
......................................................


WIND (MPH)
  HIGHEST WIND SPEED    20   HIGHEST WIND DIRECTION     W (290)
  HIGHEST GUST SPEED    28   HIGHEST GUST DIRECTION     W (280)
  AVERAGE WIND SPEED     7.1


SKY COVER
  AVERAGE SKY COVER 1.0



RELATIVE HUMIDITY (PERCENT)
 HIGHEST    89
 LOWEST     70
 AVERAGE    80

..........................................................


THE PITTSFIELD MA CLIMATE NORMALS FOR TOMORROW
                         NORMAL
 MAXIMUM TEMPERATURE (F)   41
 MINIMUM TEMPERATURE (F)   26


SUNRISE AND SUNSET
NOVEMBER 27 2016......SUNRISE   659 AM EST   SUNSET   423 PM EST
NOVEMBER 28 2016......SUNRISE   700 AM EST   SUNSET   422 PM EST


-  INDICATES NEGATIVE NUMBERS.
R  INDICATES RECORD WAS SET OR TIED.
MM INDICATES DATA IS MISSING.
T  INDICATES TRACE AMOUNT.




$$
