000
CDUS41 KALY 090624
CLIPSF


CLIMATE REPORT
NATIONAL WEATHER SERVICE ALBANY NY
223 AM EDT MON OCT 9 2017


...................................

...THE PITTSFIELD MA CLIMATE SUMMARY FOR OCTOBER 8 2017...

CLIMATE NORMAL PERIOD 1981 TO 2010
CLIMATE RECORD PERIOD 9999 TO 9999


WEATHER ITEM   OBSERVED TIME   NORMAL DEPARTURE LAST
                VALUE   (LST)  VALUE  FROM      YEAR
                                      NORMAL
......................................................
TEMPERATURE (F)
 YESTERDAY
  MAXIMUM         75    226 PM  60     15       65
  MINIMUM         62   1131 PM  40     22       41
  AVERAGE         69            50     19       53

PRECIPITATION (IN)
  YESTERDAY        0.22          0.16   0.06     0.02
  MONTH TO DATE    0.23          1.37  -1.14     0.03
  SINCE SEP 1      3.01          5.33  -2.32     1.90
  SINCE JAN 1     33.80         35.11  -1.31    25.27

DEGREE DAYS
 HEATING
  YESTERDAY        0            15    -15       12
  MONTH TO DATE   67           111    -44       77
  SINCE SEP 1    203           325   -122      205
  SINCE JUL 1    289           403   -114      229

 COOLING
  YESTERDAY        4             0      4        0
  MONTH TO DATE    4             0      4        0
  SINCE SEP 1     77            19     58       50
  SINCE JAN 1    347           289     58      431
......................................................


WIND (MPH)
  HIGHEST WIND SPEED    22   HIGHEST WIND DIRECTION     S (190)
  HIGHEST GUST SPEED    34   HIGHEST GUST DIRECTION     S (180)
  AVERAGE WIND SPEED     7.7


SKY COVER
  AVERAGE SKY COVER 0.8



RELATIVE HUMIDITY (PERCENT)
 HIGHEST    93
 LOWEST     76
 AVERAGE    85

..........................................................


THE PITTSFIELD MA CLIMATE NORMALS FOR TODAY
                         NORMAL
 MAXIMUM TEMPERATURE (F)   60
 MINIMUM TEMPERATURE (F)   39


SUNRISE AND SUNSET
OCTOBER  9 2017.......SUNRISE   659 AM EDT   SUNSET   621 PM EDT
OCTOBER 10 2017.......SUNRISE   701 AM EDT   SUNSET   619 PM EDT


-  INDICATES NEGATIVE NUMBERS.
R  INDICATES RECORD WAS SET OR TIED.
MM INDICATES DATA IS MISSING.
T  INDICATES TRACE AMOUNT.




$$
