000
CDUS41 KALY 240622
CLIPSF


CLIMATE REPORT
NATIONAL WEATHER SERVICE ALBANY NY
221 AM EDT MON APR 24 2017


...................................

...THE PITTSFIELD MA CLIMATE SUMMARY FOR APRIL 23 2017...

CLIMATE NORMAL PERIOD 1981 TO 2010
CLIMATE RECORD PERIOD 9999 TO 9999


WEATHER ITEM   OBSERVED TIME   NORMAL DEPARTURE LAST
                VALUE   (LST)  VALUE  FROM      YEAR
                                      NORMAL
......................................................
TEMPERATURE (F)
 YESTERDAY
  MAXIMUM         65    439 PM  58      7       60
  MINIMUM         34    437 AM  37     -3       39
  AVERAGE         50            47      3       50

PRECIPITATION (IN)
  YESTERDAY        0.00          0.10  -0.10     0.00
  MONTH TO DATE    2.90          3.16  -0.26     2.14
  SINCE MAR 1      6.01          6.53  -0.52     4.40
  SINCE JAN 1     11.59         12.13  -0.54     9.77

DEGREE DAYS
 HEATING
  YESTERDAY       15            18     -3       15
  MONTH TO DATE  414           514   -100      519
  SINCE MAR 1   1545          1541      4     1316
  SINCE JUL 1   6247          6921   -674     5683

 COOLING
  YESTERDAY        0             0      0        0
  MONTH TO DATE    1             0      1        0
  SINCE MAR 1      1             0      1        0
  SINCE JAN 1      1             0      1        0
......................................................


WIND (MPH)
  HIGHEST WIND SPEED    12   HIGHEST WIND DIRECTION     W (290)
  HIGHEST GUST SPEED    17   HIGHEST GUST DIRECTION    NW (300)
  AVERAGE WIND SPEED     5.5


SKY COVER
  AVERAGE SKY COVER 0.1



RELATIVE HUMIDITY (PERCENT)
 HIGHEST    92
 LOWEST     20
 AVERAGE    56

..........................................................


THE PITTSFIELD MA CLIMATE NORMALS FOR TODAY
                         NORMAL
 MAXIMUM TEMPERATURE (F)   59
 MINIMUM TEMPERATURE (F)   37


SUNRISE AND SUNSET
APRIL 24 2017.........SUNRISE   558 AM EDT   SUNSET   745 PM EDT
APRIL 25 2017.........SUNRISE   556 AM EDT   SUNSET   746 PM EDT


-  INDICATES NEGATIVE NUMBERS.
R  INDICATES RECORD WAS SET OR TIED.
MM INDICATES DATA IS MISSING.
T  INDICATES TRACE AMOUNT.




$$
