000
CDUS41 KALY 070627
CLIPSF


CLIMATE REPORT
NATIONAL WEATHER SERVICE ALBANY NY
226 AM EDT MON JUL 7 2014


...................................

...THE PITTSFIELD MA CLIMATE SUMMARY FOR JULY 6 2014...

CLIMATE NORMAL PERIOD 1981 TO 2010
CLIMATE RECORD PERIOD 9999 TO 9999


WEATHER ITEM   OBSERVED TIME   NORMAL DEPARTURE LAST
                VALUE   (LST)  VALUE  FROM      YEAR
                                      NORMAL
......................................................
TEMPERATURE (F)
 YESTERDAY
  MAXIMUM         78    512 PM  78      0       84
  MINIMUM         53    220 AM  56     -3       68
  AVERAGE         66            67     -1       76

PRECIPITATION (IN)
  YESTERDAY        0.00          0.11  -0.11     0.00
  MONTH TO DATE    1.84          0.68   1.16     0.07
  SINCE JUN 1      7.19          5.08   2.11     7.44
  SINCE JAN 1     21.19         22.12  -0.93    22.03

DEGREE DAYS
 HEATING
  YESTERDAY        0             1     -1        0
  MONTH TO DATE    3             6     -3        0
  SINCE JUN 1     61           107    -46      108
  SINCE JUL 1      3             6     -3        0

 COOLING
  YESTERDAY        1             3     -2       11
  MONTH TO DATE   32            18     14       65
  SINCE JUN 1     75            74      1      151
  SINCE JAN 1     81            87     -6      176
......................................................


WIND (MPH)
  HIGHEST WIND SPEED    18   HIGHEST WIND DIRECTION     W (260)
  HIGHEST GUST SPEED    23   HIGHEST GUST DIRECTION     W (250)
  AVERAGE WIND SPEED     8.4


SKY COVER
  AVERAGE SKY COVER 0.0



RELATIVE HUMIDITY (PERCENT)
 HIGHEST    67
 LOWEST     42
 AVERAGE    55

..........................................................


THE PITTSFIELD MA CLIMATE NORMALS FOR TODAY
                         NORMAL
 MAXIMUM TEMPERATURE (F)   78
 MINIMUM TEMPERATURE (F)   56


SUNRISE AND SUNSET
JULY  7 2014..........SUNRISE   523 AM EDT   SUNSET   832 PM EDT
JULY  8 2014..........SUNRISE   524 AM EDT   SUNSET   832 PM EDT


-  INDICATES NEGATIVE NUMBERS.
R  INDICATES RECORD WAS SET OR TIED.
MM INDICATES DATA IS MISSING.
T  INDICATES TRACE AMOUNT.




$$
