000
CDUS41 KALY 110627
CLIPSF


CLIMATE REPORT
NATIONAL WEATHER SERVICE ALBANY NY
125 AM EST WED JAN 11 2017


...................................

...THE PITTSFIELD MA CLIMATE SUMMARY FOR JANUARY 10 2017...

CLIMATE NORMAL PERIOD 1981 TO 2010
CLIMATE RECORD PERIOD 9999 TO 9999


WEATHER ITEM   OBSERVED TIME   NORMAL DEPARTURE LAST
                VALUE   (LST)  VALUE  FROM      YEAR
                                      NORMAL
......................................................
TEMPERATURE (F)
 YESTERDAY
  MAXIMUM         39   1159 PM  29     10       55
  MINIMUM          1    410 AM  11    -10       34
  AVERAGE         20            20      0       45

PRECIPITATION (IN)
  YESTERDAY        T             0.10  -0.10     0.66
  MONTH TO DATE    0.47          1.13  -0.66     0.66
  SINCE DEC 1      3.49          4.13  -0.64     4.34
  SINCE JAN 1      0.47          1.13  -0.66     0.66

DEGREE DAYS
 HEATING
  YESTERDAY       45            45      0       20
  MONTH TO DATE  443           443      0      379
  SINCE DEC 1   1621          1630     -9     1156
  SINCE JUL 1   3028          3281   -253     2529

 COOLING
  YESTERDAY        0             0      0        0
  MONTH TO DATE    0             0      0        0
  SINCE DEC 1      0             0      0        0
  SINCE JAN 1      0             0      0        0
......................................................


WIND (MPH)
  HIGHEST WIND SPEED    24   HIGHEST WIND DIRECTION     S (190)
  HIGHEST GUST SPEED    35   HIGHEST GUST DIRECTION     S (180)
  AVERAGE WIND SPEED     5.5


SKY COVER
  AVERAGE SKY COVER 0.6



RELATIVE HUMIDITY (PERCENT)
 HIGHEST    88
 LOWEST     45
 AVERAGE    67

..........................................................


THE PITTSFIELD MA CLIMATE NORMALS FOR TODAY
                         NORMAL
 MAXIMUM TEMPERATURE (F)   29
 MINIMUM TEMPERATURE (F)   11


SUNRISE AND SUNSET
JANUARY 11 2017.......SUNRISE   721 AM EST   SUNSET   441 PM EST
JANUARY 12 2017.......SUNRISE   721 AM EST   SUNSET   442 PM EST


-  INDICATES NEGATIVE NUMBERS.
R  INDICATES RECORD WAS SET OR TIED.
MM INDICATES DATA IS MISSING.
T  INDICATES TRACE AMOUNT.




$$
