000
CDUS41 KALY 180625
CLIPSF


CLIMATE REPORT
NATIONAL WEATHER SERVICE ALBANY NY
224 AM EDT TUE APR 18 2017


...................................

...THE PITTSFIELD MA CLIMATE SUMMARY FOR APRIL 17 2017...

CLIMATE NORMAL PERIOD 1981 TO 2010
CLIMATE RECORD PERIOD 9999 TO 9999


WEATHER ITEM   OBSERVED TIME   NORMAL DEPARTURE LAST
                VALUE   (LST)  VALUE  FROM      YEAR
                                      NORMAL
......................................................
TEMPERATURE (F)
 YESTERDAY
  MAXIMUM         63    202 PM  55      8       71
  MINIMUM         41   1159 PM  35      6       31
  AVERAGE         52            45      7       51

PRECIPITATION (IN)
  YESTERDAY        0.03          0.11  -0.08     0.00
  MONTH TO DATE    2.26          2.52  -0.26     2.14
  SINCE MAR 1      5.37          5.89  -0.52     4.40
  SINCE JAN 1     10.95         11.49  -0.54     9.77

DEGREE DAYS
 HEATING
  YESTERDAY       13            20     -7       14
  MONTH TO DATE  313           401    -88      450
  SINCE MAR 1   1444          1428     16     1247
  SINCE JUL 1   6146          6808   -662     5614

 COOLING
  YESTERDAY        0             0      0        0
  MONTH TO DATE    1             0      1        0
  SINCE MAR 1      1             0      1        0
  SINCE JAN 1      1             0      1        0
......................................................


WIND (MPH)
  HIGHEST WIND SPEED    29   HIGHEST WIND DIRECTION     W (280)
  HIGHEST GUST SPEED    39   HIGHEST GUST DIRECTION     W (280)
  AVERAGE WIND SPEED    12.9


SKY COVER
  AVERAGE SKY COVER 0.2



RELATIVE HUMIDITY (PERCENT)
 HIGHEST    89
 LOWEST     28
 AVERAGE    59

..........................................................


THE PITTSFIELD MA CLIMATE NORMALS FOR TODAY
                         NORMAL
 MAXIMUM TEMPERATURE (F)   56
 MINIMUM TEMPERATURE (F)   35


SUNRISE AND SUNSET
APRIL 18 2017.........SUNRISE   607 AM EDT   SUNSET   739 PM EDT
APRIL 19 2017.........SUNRISE   606 AM EDT   SUNSET   740 PM EDT


-  INDICATES NEGATIVE NUMBERS.
R  INDICATES RECORD WAS SET OR TIED.
MM INDICATES DATA IS MISSING.
T  INDICATES TRACE AMOUNT.




$$
