000
CDUS41 KALY 200627
CLIPSF


CLIMATE REPORT
NATIONAL WEATHER SERVICE ALBANY NY
226 AM EDT WED JUL 20 2016


...................................

...THE PITTSFIELD MA CLIMATE SUMMARY FOR JULY 19 2016...

CLIMATE NORMAL PERIOD 1981 TO 2010
CLIMATE RECORD PERIOD 9999 TO 9999


WEATHER ITEM   OBSERVED TIME   NORMAL DEPARTURE LAST
                VALUE   (LST)  VALUE  FROM      YEAR
                                      NORMAL
......................................................
TEMPERATURE (F)
 YESTERDAY
  MAXIMUM         76    123 PM  79     -3       84
  MINIMUM         52   1159 PM  57     -5       66
  AVERAGE         64            68     -4       75

PRECIPITATION (IN)
  YESTERDAY        0.00          0.14  -0.14     0.35
  MONTH TO DATE    2.13          2.37  -0.24     4.81
  SINCE JUN 1      4.63          6.77  -2.14    12.94
  SINCE JAN 1     18.73         23.81  -5.08    24.08

DEGREE DAYS
 HEATING
  YESTERDAY        1             1      0        0
  MONTH TO DATE    8            19    -11       17
  SINCE JUN 1     84           120    -36      128
  SINCE JUL 1      8            19    -11       17

 COOLING
  YESTERDAY        0             3     -3       10
  MONTH TO DATE   82            65     17       60
  SINCE JUN 1    121           121      0       93
  SINCE JAN 1    162           134     28      137
......................................................


WIND (MPH)
  HIGHEST WIND SPEED    21   HIGHEST WIND DIRECTION     W (290)
  HIGHEST GUST SPEED    29   HIGHEST GUST DIRECTION     W (290)
  AVERAGE WIND SPEED     8.5


SKY COVER
  AVERAGE SKY COVER 0.3



RELATIVE HUMIDITY (PERCENT)
 HIGHEST    89
 LOWEST     38
 AVERAGE    64

..........................................................


THE PITTSFIELD MA CLIMATE NORMALS FOR TODAY
                         NORMAL
 MAXIMUM TEMPERATURE (F)   79
 MINIMUM TEMPERATURE (F)   57


SUNRISE AND SUNSET
JULY 20 2016..........SUNRISE   534 AM EDT   SUNSET   824 PM EDT
JULY 21 2016..........SUNRISE   535 AM EDT   SUNSET   824 PM EDT


-  INDICATES NEGATIVE NUMBERS.
R  INDICATES RECORD WAS SET OR TIED.
MM INDICATES DATA IS MISSING.
T  INDICATES TRACE AMOUNT.




$$
