000
CDUS41 KALY 080623
CLIPSF


CLIMATE REPORT
NATIONAL WEATHER SERVICE ALBANY NY
222 AM EDT SUN OCT 8 2017


...................................

...THE PITTSFIELD MA CLIMATE SUMMARY FOR OCTOBER 7 2017...

CLIMATE NORMAL PERIOD 1981 TO 2010
CLIMATE RECORD PERIOD 9999 TO 9999


WEATHER ITEM   OBSERVED TIME   NORMAL DEPARTURE LAST
                VALUE   (LST)  VALUE  FROM      YEAR
                                      NORMAL
......................................................
TEMPERATURE (F)
 YESTERDAY
  MAXIMUM         74    244 PM  61     13       74
  MINIMUM         52    504 AM  40     12       38
  AVERAGE         63            50     13       56

PRECIPITATION (IN)
  YESTERDAY        T             0.16  -0.16     0.00
  MONTH TO DATE    0.01          1.21  -1.20     0.01
  SINCE SEP 1      2.79          5.17  -2.38     1.88
  SINCE JAN 1     33.58         34.95  -1.37    25.25

DEGREE DAYS
 HEATING
  YESTERDAY        2            15    -13        9
  MONTH TO DATE   67            96    -29       65
  SINCE SEP 1    203           310   -107      193
  SINCE JUL 1    289           388    -99      217

 COOLING
  YESTERDAY        0             0      0        0
  MONTH TO DATE    0             0      0        0
  SINCE SEP 1     73            19     54       50
  SINCE JAN 1    343           289     54      431
......................................................


WIND (MPH)
  HIGHEST WIND SPEED    17   HIGHEST WIND DIRECTION     S (180)
  HIGHEST GUST SPEED    27   HIGHEST GUST DIRECTION     S (160)
  AVERAGE WIND SPEED     6.7


SKY COVER
  AVERAGE SKY COVER 0.5



RELATIVE HUMIDITY (PERCENT)
 HIGHEST   100
 LOWEST     64
 AVERAGE    82

..........................................................


THE PITTSFIELD MA CLIMATE NORMALS FOR TODAY
                         NORMAL
 MAXIMUM TEMPERATURE (F)   60
 MINIMUM TEMPERATURE (F)   40


SUNRISE AND SUNSET
OCTOBER  8 2017.......SUNRISE   658 AM EDT   SUNSET   622 PM EDT
OCTOBER  9 2017.......SUNRISE   659 AM EDT   SUNSET   621 PM EDT


-  INDICATES NEGATIVE NUMBERS.
R  INDICATES RECORD WAS SET OR TIED.
MM INDICATES DATA IS MISSING.
T  INDICATES TRACE AMOUNT.




$$
