904
CDUS41 KALY 140628
CLIPSF


CLIMATE REPORT
NATIONAL WEATHER SERVICE ALBANY NY
128 AM EST WED FEB 14 2018


...................................

...THE PITTSFIELD MA CLIMATE SUMMARY FOR FEBRUARY 13 2018...

CLIMATE NORMAL PERIOD 1981 TO 2010
CLIMATE RECORD PERIOD 9999 TO 9999


WEATHER ITEM   OBSERVED TIME   NORMAL DEPARTURE LAST
                VALUE   (LST)  VALUE  FROM      YEAR
                                      NORMAL
......................................................
TEMPERATURE (F)
 YESTERDAY
  MAXIMUM         29    511 PM  32     -3       30
  MINIMUM         14    727 AM  15     -1       18
  AVERAGE         22            23     -1       24

PRECIPITATION (IN)
  YESTERDAY        0.00          0.10  -0.10     0.07
  MONTH TO DATE    2.31          1.18   1.13     1.71
  SINCE DEC 1      9.12          7.10   2.02     7.45
  SINCE JAN 1      6.97          4.10   2.87     4.43

DEGREE DAYS
 HEATING
  YESTERDAY       43            42      1       41
  MONTH TO DATE  518           559    -41      536
  SINCE DEC 1   3096          3133    -37     2861
  SINCE JUL 1   4421          4784   -363     4268

 COOLING
  YESTERDAY        0             0      0        0
  MONTH TO DATE    0             0      0        0
  SINCE DEC 1      0             0      0        0
  SINCE JAN 1      0             0      0        0
......................................................


WIND (MPH)
  HIGHEST WIND SPEED    14   HIGHEST WIND DIRECTION    NW (310)
  HIGHEST GUST SPEED    20   HIGHEST GUST DIRECTION    NW (310)
  AVERAGE WIND SPEED     5.4


SKY COVER
  AVERAGE SKY COVER 0.1



RELATIVE HUMIDITY (PERCENT)
 HIGHEST    67
 LOWEST     34
 AVERAGE    51

..........................................................


THE PITTSFIELD MA CLIMATE NORMALS FOR TODAY
                         NORMAL
 MAXIMUM TEMPERATURE (F)   32
 MINIMUM TEMPERATURE (F)   15


SUNRISE AND SUNSET
FEBRUARY 14 2018......SUNRISE   651 AM EST   SUNSET   524 PM EST
FEBRUARY 15 2018......SUNRISE   650 AM EST   SUNSET   525 PM EST


-  INDICATES NEGATIVE NUMBERS.
R  INDICATES RECORD WAS SET OR TIED.
MM INDICATES DATA IS MISSING.
T  INDICATES TRACE AMOUNT.




$$
