000
CDUS41 KALY 210636
CLIPSF


CLIMATE REPORT
NATIONAL WEATHER SERVICE ALBANY NY
134 AM EST TUE FEB 21 2017


...................................

...THE PITTSFIELD MA CLIMATE SUMMARY FOR FEBRUARY 20 2017...

CLIMATE NORMAL PERIOD 1981 TO 2010
CLIMATE RECORD PERIOD 9999 TO 9999


WEATHER ITEM   OBSERVED TIME   NORMAL DEPARTURE LAST
                VALUE   (LST)  VALUE  FROM      YEAR
                                      NORMAL
......................................................
TEMPERATURE (F)
 YESTERDAY
  MAXIMUM         39    318 PM  34      5       55
  MINIMUM         20   1159 PM  16      4       31
  AVERAGE         30            25      5       43

PRECIPITATION (IN)
  YESTERDAY        0.00          0.10  -0.10     0.13
  MONTH TO DATE    1.76          1.91  -0.15     2.37
  SINCE DEC 1      7.50          7.83  -0.33     7.14
  SINCE JAN 1      4.48          4.83  -0.35     3.46

DEGREE DAYS
 HEATING
  YESTERDAY       35            40     -5       22
  MONTH TO DATE  781           844    -63      809
  SINCE DEC 1   3106          3418   -312     2783
  SINCE JUL 1   4513          5069   -556     4156

 COOLING
  YESTERDAY        0             0      0        0
  MONTH TO DATE    0             0      0        0
  SINCE DEC 1      0             0      0        0
  SINCE JAN 1      0             0      0        0
......................................................


WIND (MPH)
  HIGHEST WIND SPEED    17   HIGHEST WIND DIRECTION    NW (330)
  HIGHEST GUST SPEED    25   HIGHEST GUST DIRECTION     N (350)
  AVERAGE WIND SPEED     7.2


SKY COVER
  AVERAGE SKY COVER 0.2



RELATIVE HUMIDITY (PERCENT)
 HIGHEST    85
 LOWEST     29
 AVERAGE    57

..........................................................


THE PITTSFIELD MA CLIMATE NORMALS FOR TODAY
                         NORMAL
 MAXIMUM TEMPERATURE (F)   34
 MINIMUM TEMPERATURE (F)   17


SUNRISE AND SUNSET
FEBRUARY 21 2017......SUNRISE   641 AM EST   SUNSET   533 PM EST
FEBRUARY 22 2017......SUNRISE   639 AM EST   SUNSET   535 PM EST


-  INDICATES NEGATIVE NUMBERS.
R  INDICATES RECORD WAS SET OR TIED.
MM INDICATES DATA IS MISSING.
T  INDICATES TRACE AMOUNT.




$$
