000
CDUS41 KALY 080624
CLIPSF


CLIMATE REPORT
NATIONAL WEATHER SERVICE ALBANY NY
224 AM EDT TUE APR 8 2014


...................................

...THE PITTSFIELD MA CLIMATE SUMMARY FOR APRIL 7 2014...

CLIMATE NORMAL PERIOD 1981 TO 2010
CLIMATE RECORD PERIOD 9999 TO 9999


WEATHER ITEM   OBSERVED TIME   NORMAL DEPARTURE LAST
                VALUE   (LST)  VALUE  FROM      YEAR
                                      NORMAL
......................................................
TEMPERATURE (F)
 YESTERDAY
  MAXIMUM         54   1130 AM  51      3       54
  MINIMUM         27    555 AM  30     -3       25
  AVERAGE         41            41      0       40

PRECIPITATION (IN)
  YESTERDAY        0.02          0.15  -0.13     0.01
  MONTH TO DATE    0.13          1.13  -1.00     0.16
  SINCE MAR 1      3.26          4.50  -1.24     1.95
  SINCE JAN 1      9.64         10.10  -0.46     5.58

DEGREE DAYS
 HEATING
  YESTERDAY       24            24      0       25
  MONTH TO DATE  177           180     -3      204
  SINCE MAR 1   1408          1207    201     1259
  SINCE JUL 1   6960          6587    373     6198

 COOLING
  YESTERDAY        0             0      0        0
  MONTH TO DATE    0             0      0        0
  SINCE MAR 1      0             0      0        0
  SINCE JAN 1      0             0      0        0
......................................................


WIND (MPH)
  HIGHEST WIND SPEED    23   HIGHEST WIND DIRECTION    SE (140)
  HIGHEST GUST SPEED    31   HIGHEST GUST DIRECTION    SE (140)
  AVERAGE WIND SPEED     7.0


SKY COVER
  AVERAGE SKY COVER 0.4



RELATIVE HUMIDITY (PERCENT)
 HIGHEST    86
 LOWEST     26
 AVERAGE    56

..........................................................


THE PITTSFIELD MA CLIMATE NORMALS FOR TODAY
                         NORMAL
 MAXIMUM TEMPERATURE (F)   51
 MINIMUM TEMPERATURE (F)   31


SUNRISE AND SUNSET
APRIL  8 2014.........SUNRISE   624 AM EDT   SUNSET   727 PM EDT
APRIL  9 2014.........SUNRISE   622 AM EDT   SUNSET   728 PM EDT


-  INDICATES NEGATIVE NUMBERS.
R  INDICATES RECORD WAS SET OR TIED.
MM INDICATES DATA IS MISSING.
T  INDICATES TRACE AMOUNT.




$$
