000
CDUS41 KALY 210628
CLIPSF


CLIMATE REPORT
NATIONAL WEATHER SERVICE ALBANY NY
127 AM EST FRI NOV 21 2014


...................................

...THE PITTSFIELD MA CLIMATE SUMMARY FOR NOVEMBER 20 2014...

CLIMATE NORMAL PERIOD 1981 TO 2010
CLIMATE RECORD PERIOD 9999 TO 9999


WEATHER ITEM   OBSERVED TIME   NORMAL DEPARTURE LAST
                VALUE   (LST)  VALUE  FROM      YEAR
                                      NORMAL
......................................................
TEMPERATURE (F)
 YESTERDAY
  MAXIMUM         36   1225 PM  45     -9       38
  MINIMUM         19   1159 PM  28     -9       19
  AVERAGE         28            36     -8       29

PRECIPITATION (IN)
  YESTERDAY        T             0.13  -0.13     0.00
  MONTH TO DATE    1.22          2.56  -1.34     1.33
  SINCE SEP 1      7.86         11.23  -3.37     6.75
  SINCE JAN 1     38.78         41.01  -2.23    34.85

DEGREE DAYS
 HEATING
  YESTERDAY       37            29      8       36
  MONTH TO DATE  569           510     59      524
  SINCE SEP 1   1228          1268    -40     1241
  SINCE JUL 1   1301          1346    -45     1297

 COOLING
  YESTERDAY        0             0      0        0
  MONTH TO DATE    0             0      0        0
  SINCE SEP 1     39            20     19       33
  SINCE JAN 1    238           290    -52      433
......................................................


WIND (MPH)
  HIGHEST WIND SPEED    23   HIGHEST WIND DIRECTION     S (200)
  HIGHEST GUST SPEED    36   HIGHEST GUST DIRECTION    SW (220)
  AVERAGE WIND SPEED    10.6


SKY COVER
  AVERAGE SKY COVER 0.7



RELATIVE HUMIDITY (PERCENT)
 HIGHEST    81
 LOWEST     44
 AVERAGE    63

..........................................................


THE PITTSFIELD MA CLIMATE NORMALS FOR TODAY
                         NORMAL
 MAXIMUM TEMPERATURE (F)   44
 MINIMUM TEMPERATURE (F)   28


SUNRISE AND SUNSET
NOVEMBER 21 2014......SUNRISE   651 AM EST   SUNSET   426 PM EST
NOVEMBER 22 2014......SUNRISE   653 AM EST   SUNSET   426 PM EST


-  INDICATES NEGATIVE NUMBERS.
R  INDICATES RECORD WAS SET OR TIED.
MM INDICATES DATA IS MISSING.
T  INDICATES TRACE AMOUNT.




$$
