000
CDUS41 KALY 110622
CLIPSF


CLIMATE REPORT
NATIONAL WEATHER SERVICE ALBANY NY
221 AM EDT FRI APR 11 2014


...................................

...THE PITTSFIELD MA CLIMATE SUMMARY FOR APRIL 10 2014...

CLIMATE NORMAL PERIOD 1981 TO 2010
CLIMATE RECORD PERIOD 9999 TO 9999


WEATHER ITEM   OBSERVED TIME   NORMAL DEPARTURE LAST
                VALUE   (LST)  VALUE  FROM      YEAR
                                      NORMAL
......................................................
TEMPERATURE (F)
 YESTERDAY
  MAXIMUM         60    406 PM  52      8       57
  MINIMUM         23    352 AM  32     -9       43
  AVERAGE         42            42      0       50

PRECIPITATION (IN)
  YESTERDAY        0.00          0.16  -0.16     0.34
  MONTH TO DATE    0.28          1.60  -1.32     0.52
  SINCE MAR 1      3.41          4.97  -1.56     2.31
  SINCE JAN 1      9.79         10.57  -0.78     5.94

DEGREE DAYS
 HEATING
  YESTERDAY       23            23      0       15
  MONTH TO DATE  239           251    -12      251
  SINCE MAR 1   1470          1278    192     1306
  SINCE JUL 1   7022          6658    364     6245

 COOLING
  YESTERDAY        0             0      0        0
  MONTH TO DATE    0             0      0        0
  SINCE MAR 1      0             0      0        0
  SINCE JAN 1      0             0      0        0
......................................................


WIND (MPH)
  HIGHEST WIND SPEED    22   HIGHEST WIND DIRECTION     S (180)
  HIGHEST GUST SPEED    31   HIGHEST GUST DIRECTION     S (180)
  AVERAGE WIND SPEED     9.5


SKY COVER
  AVERAGE SKY COVER 0.1



RELATIVE HUMIDITY (PERCENT)
 HIGHEST    81
 LOWEST     26
 AVERAGE    54

..........................................................


THE PITTSFIELD MA CLIMATE NORMALS FOR TODAY
                         NORMAL
 MAXIMUM TEMPERATURE (F)   53
 MINIMUM TEMPERATURE (F)   32


SUNRISE AND SUNSET
APRIL 11 2014.........SUNRISE   619 AM EDT   SUNSET   730 PM EDT
APRIL 12 2014.........SUNRISE   617 AM EDT   SUNSET   731 PM EDT


-  INDICATES NEGATIVE NUMBERS.
R  INDICATES RECORD WAS SET OR TIED.
MM INDICATES DATA IS MISSING.
T  INDICATES TRACE AMOUNT.




$$
