000
CDUS41 KALY 210623
CLIPSF


CLIMATE REPORT
NATIONAL WEATHER SERVICE ALBANY NY
222 AM EDT FRI AUG 21 2015


...................................

...THE PITTSFIELD MA CLIMATE SUMMARY FOR AUGUST 20 2015...

CLIMATE NORMAL PERIOD 1981 TO 2010
CLIMATE RECORD PERIOD 9999 TO 9999


WEATHER ITEM   OBSERVED TIME   NORMAL DEPARTURE LAST
                VALUE   (LST)  VALUE  FROM      YEAR
                                      NORMAL
......................................................
TEMPERATURE (F)
 YESTERDAY
  MAXIMUM         82    147 PM  77      5       79
  MINIMUM         68    547 AM  56     12       50
  AVERAGE         75            66      9       65

PRECIPITATION (IN)
  YESTERDAY        0.00          0.13  -0.13     0.01
  MONTH TO DATE    1.88          2.70  -0.82     1.28
  SINCE JUN 1     15.01         11.35   3.66    15.86
  SINCE JAN 1     26.15         28.39  -2.24    29.86

DEGREE DAYS
 HEATING
  YESTERDAY        0             1     -1        0
  MONTH TO DATE    1            20    -19       38
  SINCE JUN 1    131           152    -21      114
  SINCE JUL 1     20            51    -31       56

 COOLING
  YESTERDAY       10             3      7        0
  MONTH TO DATE   84            72     12       18
  SINCE JUN 1    238           236      2      175
  SINCE JAN 1    282           249     33      181
......................................................


WIND (MPH)
  HIGHEST WIND SPEED    23   HIGHEST WIND DIRECTION    SE (140)
  HIGHEST GUST SPEED    35   HIGHEST GUST DIRECTION    SE (130)
  AVERAGE WIND SPEED    11.7


SKY COVER
  AVERAGE SKY COVER 0.5



RELATIVE HUMIDITY (PERCENT)
 HIGHEST    90
 LOWEST     58
 AVERAGE    74

..........................................................


THE PITTSFIELD MA CLIMATE NORMALS FOR TODAY
                         NORMAL
 MAXIMUM TEMPERATURE (F)   77
 MINIMUM TEMPERATURE (F)   56


SUNRISE AND SUNSET
AUGUST 21 2015........SUNRISE   606 AM EDT   SUNSET   746 PM EDT
AUGUST 22 2015........SUNRISE   607 AM EDT   SUNSET   744 PM EDT


-  INDICATES NEGATIVE NUMBERS.
R  INDICATES RECORD WAS SET OR TIED.
MM INDICATES DATA IS MISSING.
T  INDICATES TRACE AMOUNT.




$$
