000
CDUS41 KALY 112104
CLIPSF


CLIMATE REPORT
NATIONAL WEATHER SERVICE ALBANY NY
504 PM EDT MON JUL 11 2016


...................................

...THE PITTSFIELD MA CLIMATE SUMMARY FOR JULY 11 2016...
VALID TODAY AS OF 0400 PM LOCAL TIME.

CLIMATE NORMAL PERIOD 1981 TO 2010
CLIMATE RECORD PERIOD 9999 TO 9999


WEATHER ITEM   OBSERVED TIME   NORMAL DEPARTURE LAST
                VALUE   (LST)  VALUE  FROM      YEAR
                                      NORMAL
......................................................
TEMPERATURE (F)
 TODAY
  MAXIMUM         76    347 PM  79     -3       81
  MINIMUM         53    435 AM  56     -3       53
  AVERAGE         65            68     -3       67

PRECIPITATION (IN)
  TODAY            0.00          0.13  -0.13     0.00
  MONTH TO DATE    1.94          1.29   0.65     3.65
  SINCE JUN 1      4.44          5.69  -1.25    11.78
  SINCE JAN 1     18.54         22.73  -4.19    22.92

DEGREE DAYS
 HEATING
  TODAY            0             1     -1        0
  MONTH TO DATE    7            11     -4       10
  SINCE JUN 1     83           112    -29      121
  SINCE JUL 1      7            11     -4       10

 COOLING
  TODAY            0             4     -4        2
  MONTH TO DATE   35            37     -2       25
  SINCE JUN 1     74            93    -19       58
  SINCE JAN 1    115           106      9      102
......................................................


WIND (MPH)
  HIGHEST WIND SPEED    13   HIGHEST WIND DIRECTION     N (20)
  HIGHEST GUST SPEED    17   HIGHEST GUST DIRECTION     N (350)
  AVERAGE WIND SPEED     6.0


SKY COVER
  AVERAGE SKY COVER 0.2



RELATIVE HUMIDITY (PERCENT)
 HIGHEST    97
 LOWEST     43
 AVERAGE    70

..........................................................


THE PITTSFIELD MA CLIMATE NORMALS FOR TOMORROW
                         NORMAL
 MAXIMUM TEMPERATURE (F)   79
 MINIMUM TEMPERATURE (F)   56


SUNRISE AND SUNSET
JULY 11 2016..........SUNRISE   527 AM EDT   SUNSET   830 PM EDT
JULY 12 2016..........SUNRISE   527 AM EDT   SUNSET   830 PM EDT


-  INDICATES NEGATIVE NUMBERS.
R  INDICATES RECORD WAS SET OR TIED.
MM INDICATES DATA IS MISSING.
T  INDICATES TRACE AMOUNT.




$$
