000
CDUS41 KALY 052047
CLIPSF


CLIMATE REPORT
NATIONAL WEATHER SERVICE ALBANY NY
447 PM EDT TUE SEP 5 2017


...................................

...THE PITTSFIELD MA CLIMATE SUMMARY FOR SEPTEMBER 5 2017...
VALID TODAY AS OF 0400 PM LOCAL TIME.

CLIMATE NORMAL PERIOD 1981 TO 2010
CLIMATE RECORD PERIOD 9999 TO 9999


WEATHER ITEM   OBSERVED TIME   NORMAL DEPARTURE LAST
                VALUE   (LST)  VALUE  FROM      YEAR
                                      NORMAL
......................................................
TEMPERATURE (F)
 TODAY
  MAXIMUM         78    205 PM  73      5       80
  MINIMUM         60    614 AM  52      8       49
  AVERAGE         69            62      7       65

PRECIPITATION (IN)
  TODAY            0.11          0.11   0.00     0.00
  MONTH TO DATE    1.15          0.51   0.64      T
  SINCE SEP 1      1.15          0.51   0.64      T
  SINCE JAN 1     31.94         30.29   1.65    23.37

DEGREE DAYS
 HEATING
  TODAY            0             4     -4        0
  MONTH TO DATE   40            17     23        7
  SINCE SEP 1     40            17     23        7
  SINCE JUL 1    126            95     31       31

 COOLING
  TODAY            4             1      3        0
  MONTH TO DATE    4             8     -4        3
  SINCE SEP 1      4             8     -4        3
  SINCE JAN 1    274           278     -4      384
......................................................


WIND (MPH)
  HIGHEST WIND SPEED    18   HIGHEST WIND DIRECTION    SW (220)
  HIGHEST GUST SPEED    28   HIGHEST GUST DIRECTION    SW (210)
  AVERAGE WIND SPEED     7.8


SKY COVER
  AVERAGE SKY COVER 0.6



RELATIVE HUMIDITY (PERCENT)
 HIGHEST    90
 LOWEST     62
 AVERAGE    76

..........................................................


THE PITTSFIELD MA CLIMATE NORMALS FOR TOMORROW
                         NORMAL
 MAXIMUM TEMPERATURE (F)   73
 MINIMUM TEMPERATURE (F)   51


SUNRISE AND SUNSET
SEPTEMBER  5 2017.....SUNRISE   623 AM EDT   SUNSET   720 PM EDT
SEPTEMBER  6 2017.....SUNRISE   624 AM EDT   SUNSET   718 PM EDT


-  INDICATES NEGATIVE NUMBERS.
R  INDICATES RECORD WAS SET OR TIED.
MM INDICATES DATA IS MISSING.
T  INDICATES TRACE AMOUNT.




$$
