000
CDUS41 KALY 210622
CLIPSF


CLIMATE REPORT
NATIONAL WEATHER SERVICE ALBANY NY
222 AM EDT THU AUG 21 2014


...................................

...THE PITTSFIELD MA CLIMATE SUMMARY FOR AUGUST 20 2014...

CLIMATE NORMAL PERIOD 1981 TO 2010
CLIMATE RECORD PERIOD 9999 TO 9999


WEATHER ITEM   OBSERVED TIME   NORMAL DEPARTURE LAST
                VALUE   (LST)  VALUE  FROM      YEAR
                                      NORMAL
......................................................
TEMPERATURE (F)
 YESTERDAY
  MAXIMUM         79    301 PM  77      2       79
  MINIMUM         50    527 AM  56     -6       52
  AVERAGE         65            66     -1       66

PRECIPITATION (IN)
  YESTERDAY        0.01          0.13  -0.12     0.00
  MONTH TO DATE    1.28          2.70  -1.42     3.03
  SINCE JUN 1     15.86         11.35   4.51    11.71
  SINCE JAN 1     29.86         28.39   1.47    26.30

DEGREE DAYS
 HEATING
  YESTERDAY        0             1     -1        0
  MONTH TO DATE   38            20     18       36
  SINCE JUN 1    114           152    -38      152
  SINCE JUL 1     56            51      5       44

 COOLING
  YESTERDAY        0             3     -3        1
  MONTH TO DATE   18            72    -54       21
  SINCE JUN 1    175           236    -61      332
  SINCE JAN 1    181           249    -68      357
......................................................


WIND (MPH)
  HIGHEST WIND SPEED    12   HIGHEST WIND DIRECTION     S (160)
  HIGHEST GUST SPEED    15   HIGHEST GUST DIRECTION     S (180)
  AVERAGE WIND SPEED     2.4


SKY COVER
  AVERAGE SKY COVER 0.5



RELATIVE HUMIDITY (PERCENT)
 HIGHEST   100
 LOWEST     58
 AVERAGE    79

..........................................................


THE PITTSFIELD MA CLIMATE NORMALS FOR TODAY
                         NORMAL
 MAXIMUM TEMPERATURE (F)   77
 MINIMUM TEMPERATURE (F)   56


SUNRISE AND SUNSET
AUGUST 21 2014........SUNRISE   607 AM EDT   SUNSET   745 PM EDT
AUGUST 22 2014........SUNRISE   608 AM EDT   SUNSET   744 PM EDT


-  INDICATES NEGATIVE NUMBERS.
R  INDICATES RECORD WAS SET OR TIED.
MM INDICATES DATA IS MISSING.
T  INDICATES TRACE AMOUNT.




$$
