000
CDUS41 KALY 202059
CLIPSF


CLIMATE REPORT
NATIONAL WEATHER SERVICE ALBANY NY
457 PM EDT THU JUL 20 2017


...................................

...THE PITTSFIELD MA CLIMATE SUMMARY FOR JULY 20 2017...
VALID TODAY AS OF 0400 PM LOCAL TIME.

CLIMATE NORMAL PERIOD 1981 TO 2010
CLIMATE RECORD PERIOD 9999 TO 9999


WEATHER ITEM   OBSERVED TIME   NORMAL DEPARTURE LAST
                VALUE   (LST)  VALUE  FROM      YEAR
                                      NORMAL
......................................................
TEMPERATURE (F)
 TODAY
  MAXIMUM         85    220 PM  79      6       76
  MINIMUM         62    452 AM  57      5       48
  AVERAGE         74            68      6       62

PRECIPITATION (IN)
  TODAY            0.00          0.15  -0.15     0.00
  MONTH TO DATE    2.45          2.52  -0.07     2.13
  SINCE JUN 1      6.45          6.92  -0.47     4.63
  SINCE JAN 1     25.23         23.96   1.27    18.73

DEGREE DAYS
 HEATING
  TODAY            0             1     -1        3
  MONTH TO DATE    5            20    -15       11
  SINCE JUN 1    111           121    -10       87
  SINCE JUL 1      5            20    -15       11

 COOLING
  TODAY            9             4      5        0
  MONTH TO DATE   90            69     21       82
  SINCE JUN 1    168           125     43      121
  SINCE JAN 1    182           138     44      162
......................................................


WIND (MPH)
  HIGHEST WIND SPEED    18   HIGHEST WIND DIRECTION     W (260)
  HIGHEST GUST SPEED    25   HIGHEST GUST DIRECTION     W (260)
  AVERAGE WIND SPEED     5.5


SKY COVER
  AVERAGE SKY COVER 0.2



RELATIVE HUMIDITY (PERCENT)
 HIGHEST    93
 LOWEST     55
 AVERAGE    74

..........................................................


THE PITTSFIELD MA CLIMATE NORMALS FOR TOMORROW
                         NORMAL
 MAXIMUM TEMPERATURE (F)   79
 MINIMUM TEMPERATURE (F)   57


SUNRISE AND SUNSET
JULY 20 2017..........SUNRISE   534 AM EDT   SUNSET   825 PM EDT
JULY 21 2017..........SUNRISE   535 AM EDT   SUNSET   824 PM EDT


-  INDICATES NEGATIVE NUMBERS.
R  INDICATES RECORD WAS SET OR TIED.
MM INDICATES DATA IS MISSING.
T  INDICATES TRACE AMOUNT.




$$
