000
CDUS41 KALY 112044
CLIPSF


CLIMATE REPORT
NATIONAL WEATHER SERVICE ALBANY NY
443 PM EDT THU MAY 11 2017


...................................

...THE PITTSFIELD MA CLIMATE SUMMARY FOR MAY 11 2017...
VALID TODAY AS OF 0400 PM LOCAL TIME.

CLIMATE NORMAL PERIOD 1981 TO 2010
CLIMATE RECORD PERIOD 9999 TO 9999


WEATHER ITEM   OBSERVED TIME   NORMAL DEPARTURE LAST
                VALUE   (LST)  VALUE  FROM      YEAR
                                      NORMAL
......................................................
TEMPERATURE (F)
 TODAY
  MAXIMUM         62    336 PM  65     -3       74
  MINIMUM         40    224 AM  42     -2       37
  AVERAGE         51            53     -2       56

PRECIPITATION (IN)
  TODAY            0.00          0.10  -0.10     0.00
  MONTH TO DATE    3.04          1.21   1.83     1.23
  SINCE MAR 1      9.44          8.44   1.00     5.98
  SINCE JAN 1     15.02         14.04   0.98    11.35

DEGREE DAYS
 HEATING
  TODAY           14            12      2        9
  MONTH TO DATE  186           147     39      177
  SINCE MAR 1   1793          1802     -9     1626
  SINCE JUL 1   6495          7182   -687     5993

 COOLING
  TODAY            0             0      0        0
  MONTH TO DATE    0             0      0        0
  SINCE MAR 1      2             2      0        0
  SINCE JAN 1      2             2      0        0
......................................................


WIND (MPH)
  HIGHEST WIND SPEED    12   HIGHEST WIND DIRECTION    NE (30)
  HIGHEST GUST SPEED    16   HIGHEST GUST DIRECTION    NE (30)
  AVERAGE WIND SPEED     3.3


SKY COVER
  AVERAGE SKY COVER 0.5



RELATIVE HUMIDITY (PERCENT)
 HIGHEST    73
 LOWEST     36
 AVERAGE    55

..........................................................


THE PITTSFIELD MA CLIMATE NORMALS FOR TOMORROW
                         NORMAL
 MAXIMUM TEMPERATURE (F)   65
 MINIMUM TEMPERATURE (F)   42


SUNRISE AND SUNSET
MAY 11 2017...........SUNRISE   536 AM EDT   SUNSET   804 PM EDT
MAY 12 2017...........SUNRISE   535 AM EDT   SUNSET   805 PM EDT


-  INDICATES NEGATIVE NUMBERS.
R  INDICATES RECORD WAS SET OR TIED.
MM INDICATES DATA IS MISSING.
T  INDICATES TRACE AMOUNT.




$$
