917
CDUS41 KALY 150628
CLIPSF


CLIMATE REPORT
NATIONAL WEATHER SERVICE ALBANY NY
227 AM EDT SAT JUL 15 2017


...................................

...THE PITTSFIELD MA CLIMATE SUMMARY FOR JULY 14 2017...

CLIMATE NORMAL PERIOD 1981 TO 2010
CLIMATE RECORD PERIOD 9999 TO 9999


WEATHER ITEM   OBSERVED TIME   NORMAL DEPARTURE LAST
                VALUE   (LST)  VALUE  FROM      YEAR
                                      NORMAL
......................................................
TEMPERATURE (F)
 YESTERDAY
  MAXIMUM         63    210 PM  79    -16       83
  MINIMUM         57    536 AM  56      1       67
  AVERAGE         60            68     -8       75

PRECIPITATION (IN)
  YESTERDAY        0.03          0.14  -0.11     0.01
  MONTH TO DATE    1.98          1.70   0.28     1.95
  SINCE JUN 1      5.98          6.10  -0.12     4.45
  SINCE JAN 1     24.76         23.14   1.62    18.55

DEGREE DAYS
 HEATING
  YESTERDAY        5             1      4        0
  MONTH TO DATE    5            14     -9        7
  SINCE JUN 1    111           115     -4       83
  SINCE JUL 1      5            14     -9        7

 COOLING
  YESTERDAY        0             4     -4       10
  MONTH TO DATE   50            49      1       53
  SINCE JUN 1    128           105     23       92
  SINCE JAN 1    142           118     24      133
......................................................


WIND (MPH)
  HIGHEST WIND SPEED    12   HIGHEST WIND DIRECTION    SE (140)
  HIGHEST GUST SPEED    15   HIGHEST GUST DIRECTION    SE (140)
  AVERAGE WIND SPEED     4.6


SKY COVER
  AVERAGE SKY COVER 1.0



RELATIVE HUMIDITY (PERCENT)
 HIGHEST    97
 LOWEST     84
 AVERAGE    91

..........................................................


THE PITTSFIELD MA CLIMATE NORMALS FOR TODAY
                         NORMAL
 MAXIMUM TEMPERATURE (F)   79
 MINIMUM TEMPERATURE (F)   56


SUNRISE AND SUNSET
JULY 15 2017..........SUNRISE   530 AM EDT   SUNSET   828 PM EDT
JULY 16 2017..........SUNRISE   531 AM EDT   SUNSET   828 PM EDT


-  INDICATES NEGATIVE NUMBERS.
R  INDICATES RECORD WAS SET OR TIED.
MM INDICATES DATA IS MISSING.
T  INDICATES TRACE AMOUNT.




$$
