000
CDUS41 KALY 130640
CLIPSF


CLIMATE REPORT
NATIONAL WEATHER SERVICE ALBANY NY
240 AM EDT FRI MAY 13 2016


...................................

...THE PITTSFIELD MA CLIMATE SUMMARY FOR MAY 12 2016...

CLIMATE NORMAL PERIOD 1981 TO 2010
CLIMATE RECORD PERIOD 9999 TO 9999


WEATHER ITEM   OBSERVED TIME   NORMAL DEPARTURE LAST
                VALUE   (LST)  VALUE  FROM      YEAR
                                      NORMAL
......................................................
TEMPERATURE (F)
 YESTERDAY
  MAXIMUM         78    339 PM  65     13       79
  MINIMUM         40    408 AM  42     -2       51
  AVERAGE         59            54      5       65

PRECIPITATION (IN)
  YESTERDAY        0.00          0.13  -0.13     0.07
  MONTH TO DATE    1.23          1.34  -0.11     0.07
  SINCE MAR 1      5.98          8.57  -2.59     4.54
  SINCE JAN 1     11.35         14.17  -2.82     9.63

DEGREE DAYS
 HEATING
  YESTERDAY        6            12     -6        0
  MONTH TO DATE  183           159     24       45
  SINCE MAR 1   1632          1814   -182     1874
  SINCE JUL 1   5999          7194  -1195     7537

 COOLING
  YESTERDAY        0             0      0        0
  MONTH TO DATE    0             0      0       18
  SINCE MAR 1      0             2     -2       18
  SINCE JAN 1      0             2     -2       18
......................................................


WIND (MPH)
  HIGHEST WIND SPEED    15   HIGHEST WIND DIRECTION     S (160)
  HIGHEST GUST SPEED    19   HIGHEST GUST DIRECTION    SE (140)
  AVERAGE WIND SPEED     4.3


SKY COVER
  AVERAGE SKY COVER 0.0



RELATIVE HUMIDITY (PERCENT)
 HIGHEST    86
 LOWEST     20
 AVERAGE    53

..........................................................


THE PITTSFIELD MA CLIMATE NORMALS FOR TODAY
                         NORMAL
 MAXIMUM TEMPERATURE (F)   66
 MINIMUM TEMPERATURE (F)   42


SUNRISE AND SUNSET
MAY 13 2016...........SUNRISE   533 AM EDT   SUNSET   807 PM EDT
MAY 14 2016...........SUNRISE   532 AM EDT   SUNSET   808 PM EDT


-  INDICATES NEGATIVE NUMBERS.
R  INDICATES RECORD WAS SET OR TIED.
MM INDICATES DATA IS MISSING.
T  INDICATES TRACE AMOUNT.




$$
