000
CDUS41 KALY 150622
CLIPSF


CLIMATE REPORT
NATIONAL WEATHER SERVICE ALBANY NY
222 AM EDT TUE JUL 15 2014


...................................

...THE PITTSFIELD MA CLIMATE SUMMARY FOR JULY 14 2014...

CLIMATE NORMAL PERIOD 1981 TO 2010
CLIMATE RECORD PERIOD 9999 TO 9999


WEATHER ITEM   OBSERVED TIME   NORMAL DEPARTURE LAST
                VALUE   (LST)  VALUE  FROM      YEAR
                                      NORMAL
......................................................
TEMPERATURE (F)
 YESTERDAY
  MAXIMUM         82    111 PM  79      3       84
  MINIMUM         67   1146 PM  56     11       66
  AVERAGE         75            68      7       75

PRECIPITATION (IN)
  YESTERDAY        0.18          0.14   0.04     0.00
  MONTH TO DATE    2.91          1.70   1.21     0.50
  SINCE JUN 1      8.26          6.10   2.16     7.87
  SINCE JAN 1     22.26         23.14  -0.88    22.46

DEGREE DAYS
 HEATING
  YESTERDAY        0             1     -1        0
  MONTH TO DATE    3            14    -11        0
  SINCE JUN 1     61           115    -54      108
  SINCE JUL 1      3            14    -11        0

 COOLING
  YESTERDAY       10             4      6       10
  MONTH TO DATE   73            49     24      129
  SINCE JUN 1    116           105     11      215
  SINCE JAN 1    122           118      4      240
......................................................


WIND (MPH)
  HIGHEST WIND SPEED    12   HIGHEST WIND DIRECTION     S (190)
  HIGHEST GUST SPEED    18   HIGHEST GUST DIRECTION    SW (210)
  AVERAGE WIND SPEED     3.8


SKY COVER
  AVERAGE SKY COVER 0.6



RELATIVE HUMIDITY (PERCENT)
 HIGHEST    97
 LOWEST     54
 AVERAGE    76

..........................................................


THE PITTSFIELD MA CLIMATE NORMALS FOR TODAY
                         NORMAL
 MAXIMUM TEMPERATURE (F)   79
 MINIMUM TEMPERATURE (F)   56


SUNRISE AND SUNSET
JULY 15 2014..........SUNRISE   529 AM EDT   SUNSET   828 PM EDT
JULY 16 2014..........SUNRISE   530 AM EDT   SUNSET   828 PM EDT


-  INDICATES NEGATIVE NUMBERS.
R  INDICATES RECORD WAS SET OR TIED.
MM INDICATES DATA IS MISSING.
T  INDICATES TRACE AMOUNT.




$$
