000
CDUS41 KALY 052204
CLIPSF


CLIMATE REPORT
NATIONAL WEATHER SERVICE ALBANY NY
502 PM EST MON FEB 5 2018


...................................

...THE PITTSFIELD MA CLIMATE SUMMARY FOR FEBRUARY 5 2018...
VALID TODAY AS OF 0400 PM LOCAL TIME.

CLIMATE NORMAL PERIOD 1981 TO 2010
CLIMATE RECORD PERIOD 9999 TO 9999


WEATHER ITEM   OBSERVED TIME   NORMAL DEPARTURE LAST
                VALUE   (LST)  VALUE  FROM      YEAR
                                      NORMAL
......................................................
TEMPERATURE (F)
 TODAY
  MAXIMUM         35    246 AM  30      5       33
  MINIMUM         18    454 PM  13      5       19
  AVERAGE         27            22      5       26

PRECIPITATION (IN)
  TODAY            T             0.08  -0.08     0.00
  MONTH TO DATE    1.05          0.41   0.64     0.08
  SINCE DEC 1      7.86          6.33   1.53     5.82
  SINCE JAN 1      5.71          3.33   2.38     2.80

DEGREE DAYS
 HEATING
  TODAY           38            43     -5       39
  MONTH TO DATE  205           219    -14      208
  SINCE DEC 1   2783          2793    -10     2533
  SINCE JUL 1   4108          4444   -336     3940

 COOLING
  TODAY            0             0      0        0
  MONTH TO DATE    0             0      0        0
  SINCE DEC 1      0             0      0        0
  SINCE JAN 1      0             0      0        0
......................................................


WIND (MPH)
  HIGHEST WIND SPEED    35   HIGHEST WIND DIRECTION     W (290)
  HIGHEST GUST SPEED    45   HIGHEST GUST DIRECTION     W (270)
  AVERAGE WIND SPEED    15.2


SKY COVER
  AVERAGE SKY COVER 0.7



RELATIVE HUMIDITY (PERCENT)
 HIGHEST    96
 LOWEST     43
 AVERAGE    70

..........................................................


THE PITTSFIELD MA CLIMATE NORMALS FOR TOMORROW
                         NORMAL
 MAXIMUM TEMPERATURE (F)   30
 MINIMUM TEMPERATURE (F)   14


SUNRISE AND SUNSET
FEBRUARY  5 2018......SUNRISE   703 AM EST   SUNSET   512 PM EST
FEBRUARY  6 2018......SUNRISE   701 AM EST   SUNSET   514 PM EST


-  INDICATES NEGATIVE NUMBERS.
R  INDICATES RECORD WAS SET OR TIED.
MM INDICATES DATA IS MISSING.
T  INDICATES TRACE AMOUNT.




$$
