000
CDUS41 KALY 020628
CLIPSF


CLIMATE REPORT
NATIONAL WEATHER SERVICE ALBANY NY
225 AM EDT WED APR 2 2014


...................................

...THE PITTSFIELD MA CLIMATE SUMMARY FOR APRIL 1 2014...

CLIMATE NORMAL PERIOD 1981 TO 2010
CLIMATE RECORD PERIOD 9999 TO 9999


WEATHER ITEM   OBSERVED TIME   NORMAL DEPARTURE LAST
                VALUE   (LST)  VALUE  FROM      YEAR
                                      NORMAL
......................................................
TEMPERATURE (F)
 YESTERDAY
  MAXIMUM         52    312 PM  48      4       53
  MINIMUM         25    538 AM  28     -3       26
  AVERAGE         39            38      1       40

PRECIPITATION (IN)
  YESTERDAY        0.00          0.17  -0.17     0.15
  MONTH TO DATE    0.00          0.17  -0.17     0.15
  SINCE MAR 1      3.13          3.54  -0.41     1.94
  SINCE JAN 1      9.51          9.14   0.37     5.57

DEGREE DAYS
 HEATING
  YESTERDAY       26            27     -1       25
  MONTH TO DATE   26            27     -1       25
  SINCE MAR 1   1257          1054    203     1080
  SINCE JUL 1   6809          6434    375     6019

 COOLING
  YESTERDAY        0             0      0        0
  MONTH TO DATE    0             0      0        0
  SINCE MAR 1      0             0      0        0
  SINCE JAN 1      0             0      0        0
......................................................


WIND (MPH)
  HIGHEST WIND SPEED    13   HIGHEST WIND DIRECTION     W (250)
  HIGHEST GUST SPEED    16   HIGHEST GUST DIRECTION    SE (130)
  AVERAGE WIND SPEED     3.9


SKY COVER
  AVERAGE SKY COVER 0.0



RELATIVE HUMIDITY (PERCENT)
 HIGHEST    85
 LOWEST     42
 AVERAGE    64

..........................................................


THE PITTSFIELD MA CLIMATE NORMALS FOR TODAY
                         NORMAL
 MAXIMUM TEMPERATURE (F)   49
 MINIMUM TEMPERATURE (F)   28


SUNRISE AND SUNSET
APRIL  2 2014.........SUNRISE   634 AM EDT   SUNSET   720 PM EDT
APRIL  3 2014.........SUNRISE   632 AM EDT   SUNSET   721 PM EDT


-  INDICATES NEGATIVE NUMBERS.
R  INDICATES RECORD WAS SET OR TIED.
MM INDICATES DATA IS MISSING.
T  INDICATES TRACE AMOUNT.




$$
