000
CDUS41 KALY 272155
CLIPSF


CLIMATE REPORT
NATIONAL WEATHER SERVICE ALBANY NY
454 PM EST MON NOV 27 2017


...................................

...THE PITTSFIELD MA CLIMATE SUMMARY FOR NOVEMBER 27 2017...
VALID TODAY AS OF 0400 PM LOCAL TIME.

CLIMATE NORMAL PERIOD 1981 TO 2010
CLIMATE RECORD PERIOD 9999 TO 9999


WEATHER ITEM   OBSERVED TIME   NORMAL DEPARTURE LAST
                VALUE   (LST)  VALUE  FROM      YEAR
                                      NORMAL
......................................................
TEMPERATURE (F)
 TODAY
  MAXIMUM         41    112 PM  42     -1       37
  MINIMUM         32    451 PM  26      6       30
  AVERAGE         37            34      3       34

PRECIPITATION (IN)
  TODAY            T             0.14  -0.14      T
  MONTH TO DATE    1.23          3.52  -2.29     1.65
  SINCE SEP 1      8.52         12.19  -3.67     7.37
  SINCE JAN 1     39.31         41.97  -2.66    30.74

DEGREE DAYS
 HEATING
  TODAY           28            31     -3       31
  MONTH TO DATE  687           720    -33      692
  SINCE SEP 1   1146          1478   -332     1310
  SINCE JUL 1   1232          1556   -324     1334

 COOLING
  TODAY            0             0      0        0
  MONTH TO DATE    0             0      0        0
  SINCE SEP 1     81            20     61       51
  SINCE JAN 1    351           290     61      432
......................................................


WIND (MPH)
  HIGHEST WIND SPEED    30   HIGHEST WIND DIRECTION     W (290)
  HIGHEST GUST SPEED    38   HIGHEST GUST DIRECTION     W (280)
  AVERAGE WIND SPEED    14.7


SKY COVER
  AVERAGE SKY COVER 0.8



RELATIVE HUMIDITY (PERCENT)
 HIGHEST    70
 LOWEST     44
 AVERAGE    57

..........................................................


THE PITTSFIELD MA CLIMATE NORMALS FOR TOMORROW
                         NORMAL
 MAXIMUM TEMPERATURE (F)   41
 MINIMUM TEMPERATURE (F)   26


SUNRISE AND SUNSET
NOVEMBER 27 2017......SUNRISE   659 AM EST   SUNSET   423 PM EST
NOVEMBER 28 2017......SUNRISE   700 AM EST   SUNSET   422 PM EST


-  INDICATES NEGATIVE NUMBERS.
R  INDICATES RECORD WAS SET OR TIED.
MM INDICATES DATA IS MISSING.
T  INDICATES TRACE AMOUNT.




$$
