000
CDUS41 KALY 060625
CLIPSF


CLIMATE REPORT
NATIONAL WEATHER SERVICE ALBANY NY
124 AM EST MON FEB 6 2017


...................................

...THE PITTSFIELD MA CLIMATE SUMMARY FOR FEBRUARY 5 2017...

CLIMATE NORMAL PERIOD 1981 TO 2010
CLIMATE RECORD PERIOD 9999 TO 9999


WEATHER ITEM   OBSERVED TIME   NORMAL DEPARTURE LAST
                VALUE   (LST)  VALUE  FROM      YEAR
                                      NORMAL
......................................................
TEMPERATURE (F)
 YESTERDAY
  MAXIMUM         33   1026 PM  30      3       34
  MINIMUM         19    658 AM  13      6       19
  AVERAGE         26            22      4       27

PRECIPITATION (IN)
  YESTERDAY        0.00          0.08  -0.08     0.05
  MONTH TO DATE    0.08          0.41  -0.33     0.66
  SINCE DEC 1      5.82          6.33  -0.51     5.43
  SINCE JAN 1      2.80          3.33  -0.53     1.75

DEGREE DAYS
 HEATING
  YESTERDAY       39            43     -4       38
  MONTH TO DATE  208           219    -11      136
  SINCE DEC 1   2533          2793   -260     2110
  SINCE JUL 1   3940          4444   -504     3483

 COOLING
  YESTERDAY        0             0      0        0
  MONTH TO DATE    0             0      0        0
  SINCE DEC 1      0             0      0        0
  SINCE JAN 1      0             0      0        0
......................................................


WIND (MPH)
  HIGHEST WIND SPEED    28   HIGHEST WIND DIRECTION     W (280)
  HIGHEST GUST SPEED    41   HIGHEST GUST DIRECTION     W (290)
  AVERAGE WIND SPEED    10.5


SKY COVER
  AVERAGE SKY COVER 0.8



RELATIVE HUMIDITY (PERCENT)
 HIGHEST    67
 LOWEST     46
 AVERAGE    57

..........................................................


THE PITTSFIELD MA CLIMATE NORMALS FOR TODAY
                         NORMAL
 MAXIMUM TEMPERATURE (F)   30
 MINIMUM TEMPERATURE (F)   14


SUNRISE AND SUNSET
FEBRUARY  6 2017......SUNRISE   701 AM EST   SUNSET   514 PM EST
FEBRUARY  7 2017......SUNRISE   700 AM EST   SUNSET   515 PM EST


-  INDICATES NEGATIVE NUMBERS.
R  INDICATES RECORD WAS SET OR TIED.
MM INDICATES DATA IS MISSING.
T  INDICATES TRACE AMOUNT.




$$
