000
CDUS41 KALY 230622
CLIPSF


CLIMATE REPORT
NATIONAL WEATHER SERVICE ALBANY NY
221 AM EDT TUE SEP 23 2014


...................................

...THE PITTSFIELD MA CLIMATE SUMMARY FOR SEPTEMBER 22 2014...

CLIMATE NORMAL PERIOD 1981 TO 2010
CLIMATE RECORD PERIOD 9999 TO 9999


WEATHER ITEM   OBSERVED TIME   NORMAL DEPARTURE LAST
                VALUE   (LST)  VALUE  FROM      YEAR
                                      NORMAL
......................................................
TEMPERATURE (F)
 YESTERDAY
  MAXIMUM         59   1251 AM  67     -8       60
  MINIMUM         44   1130 PM  46     -2       45
  AVERAGE         52            56     -4       53

PRECIPITATION (IN)
  YESTERDAY        T             0.13  -0.13     0.51
  MONTH TO DATE    1.41          2.69  -1.28     3.69
  SINCE SEP 1      1.41          2.69  -1.28     3.69
  SINCE JAN 1     32.33         32.47  -0.14    31.79

DEGREE DAYS
 HEATING
  YESTERDAY       13             9      4       12
  MONTH TO DATE  156           126     30      159
  SINCE SEP 1    156           126     30      159
  SINCE JUL 1    229           204     25      215

 COOLING
  YESTERDAY        0             0      0        0
  MONTH TO DATE   34            16     18       33
  SINCE SEP 1     34            16     18       33
  SINCE JAN 1    233           286    -53      433
......................................................


WIND (MPH)
  HIGHEST WIND SPEED    26   HIGHEST WIND DIRECTION     W (280)
  HIGHEST GUST SPEED    36   HIGHEST GUST DIRECTION     W (290)
  AVERAGE WIND SPEED    11.5


SKY COVER
  AVERAGE SKY COVER 0.6



RELATIVE HUMIDITY (PERCENT)
 HIGHEST    86
 LOWEST     57
 AVERAGE    72

..........................................................


THE PITTSFIELD MA CLIMATE NORMALS FOR TODAY
                         NORMAL
 MAXIMUM TEMPERATURE (F)   66
 MINIMUM TEMPERATURE (F)   45


SUNRISE AND SUNSET
SEPTEMBER 23 2014.....SUNRISE   642 AM EDT   SUNSET   649 PM EDT
SEPTEMBER 24 2014.....SUNRISE   643 AM EDT   SUNSET   647 PM EDT


-  INDICATES NEGATIVE NUMBERS.
R  INDICATES RECORD WAS SET OR TIED.
MM INDICATES DATA IS MISSING.
T  INDICATES TRACE AMOUNT.




$$
