000
CDUS41 KALY 050628
CLIPSF


CLIMATE REPORT
NATIONAL WEATHER SERVICE ALBANY NY
127 AM EST FRI JAN 5 2018


...................................

...THE PITTSFIELD MA CLIMATE SUMMARY FOR JANUARY 4 2018...

CLIMATE NORMAL PERIOD 1981 TO 2010
CLIMATE RECORD PERIOD 9999 TO 9999


WEATHER ITEM   OBSERVED TIME   NORMAL DEPARTURE LAST
                VALUE   (LST)  VALUE  FROM      YEAR
                                      NORMAL
......................................................
TEMPERATURE (F)
 YESTERDAY
  MAXIMUM         20    753 AM  29     -9       40
  MINIMUM         11   1228 AM  13     -2       21
  AVERAGE         16            21     -5       31

PRECIPITATION (IN)
  YESTERDAY        0.31          0.12   0.19     0.12
  MONTH TO DATE    0.31          0.48  -0.17     0.42
  SINCE DEC 1      2.46          3.48  -1.02     3.44
  SINCE JAN 1      0.31          0.48  -0.17     0.42

DEGREE DAYS
 HEATING
  YESTERDAY       49            44      5       34
  MONTH TO DATE  228           175     53      143
  SINCE DEC 1   1490          1362    128     1321
  SINCE JUL 1   2815          3013   -198     2728

 COOLING
  YESTERDAY        0             0      0        0
  MONTH TO DATE    0             0      0        0
  SINCE DEC 1      0             0      0        0
  SINCE JAN 1      0             0      0        0
......................................................


WIND (MPH)
  HIGHEST WIND SPEED    30   HIGHEST WIND DIRECTION     W (290)
  HIGHEST GUST SPEED    40   HIGHEST GUST DIRECTION    NW (310)
  AVERAGE WIND SPEED     8.6


SKY COVER
  AVERAGE SKY COVER 1.0



RELATIVE HUMIDITY (PERCENT)
 HIGHEST    84
 LOWEST     54
 AVERAGE    69

..........................................................


THE PITTSFIELD MA CLIMATE NORMALS FOR TODAY
                         NORMAL
 MAXIMUM TEMPERATURE (F)   29
 MINIMUM TEMPERATURE (F)   12


SUNRISE AND SUNSET
JANUARY  5 2018.......SUNRISE   723 AM EST   SUNSET   435 PM EST
JANUARY  6 2018.......SUNRISE   723 AM EST   SUNSET   436 PM EST


-  INDICATES NEGATIVE NUMBERS.
R  INDICATES RECORD WAS SET OR TIED.
MM INDICATES DATA IS MISSING.
T  INDICATES TRACE AMOUNT.




$$
