000
CDUS41 KALY 210622
CLIPSF


CLIMATE REPORT
NATIONAL WEATHER SERVICE ALBANY NY
221 AM EDT MON JUL 21 2014


...................................

...THE PITTSFIELD MA CLIMATE SUMMARY FOR JULY 20 2014...

CLIMATE NORMAL PERIOD 1981 TO 2010
CLIMATE RECORD PERIOD 9999 TO 9999


WEATHER ITEM   OBSERVED TIME   NORMAL DEPARTURE LAST
                VALUE   (LST)  VALUE  FROM      YEAR
                                      NORMAL
......................................................
TEMPERATURE (F)
 YESTERDAY
  MAXIMUM         76    302 PM  79     -3       85
  MINIMUM         56    252 AM  57     -1       65
  AVERAGE         66            68     -2       75

PRECIPITATION (IN)
  YESTERDAY        0.03          0.15  -0.12     0.01
  MONTH TO DATE    5.07          2.52   2.55     0.51
  SINCE JUN 1     10.42          6.92   3.50     7.88
  SINCE JAN 1     24.42         23.96   0.46    22.47

DEGREE DAYS
 HEATING
  YESTERDAY        0             1     -1        0
  MONTH TO DATE    9            20    -11        0
  SINCE JUN 1     67           121    -54      108
  SINCE JUL 1      9            20    -11        0

 COOLING
  YESTERDAY        1             4     -3       10
  MONTH TO DATE   85            69     16      201
  SINCE JUN 1    128           125      3      287
  SINCE JAN 1    134           138     -4      312
......................................................


WIND (MPH)
  HIGHEST WIND SPEED     9   HIGHEST WIND DIRECTION     S (190)
  HIGHEST GUST SPEED    14   HIGHEST GUST DIRECTION    SE (140)
  AVERAGE WIND SPEED     2.3


SKY COVER
  AVERAGE SKY COVER 0.5



RELATIVE HUMIDITY (PERCENT)
 HIGHEST   100
 LOWEST     46
 AVERAGE    73

..........................................................


THE PITTSFIELD MA CLIMATE NORMALS FOR TODAY
                         NORMAL
 MAXIMUM TEMPERATURE (F)   79
 MINIMUM TEMPERATURE (F)   57


SUNRISE AND SUNSET
JULY 21 2014..........SUNRISE   535 AM EDT   SUNSET   824 PM EDT
JULY 22 2014..........SUNRISE   536 AM EDT   SUNSET   823 PM EDT


-  INDICATES NEGATIVE NUMBERS.
R  INDICATES RECORD WAS SET OR TIED.
MM INDICATES DATA IS MISSING.
T  INDICATES TRACE AMOUNT.




$$
