000
CDUS41 KALY 080625
CLIPSF


CLIMATE REPORT
NATIONAL WEATHER SERVICE ALBANY NY
223 AM EDT THU JUN 8 2017


...................................

...THE PITTSFIELD MA CLIMATE SUMMARY FOR JUNE 7 2017...

CLIMATE NORMAL PERIOD 1981 TO 2010
CLIMATE RECORD PERIOD 9999 TO 9999


WEATHER ITEM   OBSERVED TIME   NORMAL DEPARTURE LAST
                VALUE   (LST)  VALUE  FROM      YEAR
                                      NORMAL
......................................................
TEMPERATURE (F)
 YESTERDAY
  MAXIMUM         73    315 PM  72      1       73
  MINIMUM         45    324 AM  51     -6       53
  AVERAGE         59            61     -2       63

PRECIPITATION (IN)
  YESTERDAY        T             0.18  -0.18     0.39
  MONTH TO DATE    1.25          1.26  -0.01     1.61
  SINCE JUN 1      1.25          1.26  -0.01     1.61
  SINCE JAN 1     20.03         18.30   1.73    15.71

DEGREE DAYS
 HEATING
  YESTERDAY        6             5      1        2
  MONTH TO DATE   71            39     32        3
  SINCE JUN 1     71            39     32        3
  SINCE JUL 1   6745          7399   -654     6132

 COOLING
  YESTERDAY        0             1     -1        0
  MONTH TO DATE    0             7     -7        7
  SINCE JUN 1      0             7     -7        7
  SINCE JAN 1     14            20     -6       48
......................................................


WIND (MPH)
  HIGHEST WIND SPEED    15   HIGHEST WIND DIRECTION    NE (40)
  HIGHEST GUST SPEED    23   HIGHEST GUST DIRECTION     W (280)
  AVERAGE WIND SPEED     3.3


SKY COVER
  AVERAGE SKY COVER 0.6



RELATIVE HUMIDITY (PERCENT)
 HIGHEST    93
 LOWEST     35
 AVERAGE    64

..........................................................


THE PITTSFIELD MA CLIMATE NORMALS FOR TODAY
                         NORMAL
 MAXIMUM TEMPERATURE (F)   73
 MINIMUM TEMPERATURE (F)   51


SUNRISE AND SUNSET
JUNE  8 2017..........SUNRISE   516 AM EDT   SUNSET   829 PM EDT
JUNE  9 2017..........SUNRISE   516 AM EDT   SUNSET   829 PM EDT


-  INDICATES NEGATIVE NUMBERS.
R  INDICATES RECORD WAS SET OR TIED.
MM INDICATES DATA IS MISSING.
T  INDICATES TRACE AMOUNT.




$$
