000
CDUS41 KALY 210625
CLIPSF


CLIMATE REPORT
NATIONAL WEATHER SERVICE ALBANY NY
124 AM EST WED JAN 21 2015


...................................

...THE PITTSFIELD MA CLIMATE SUMMARY FOR JANUARY 20 2015...

CLIMATE NORMAL PERIOD 1981 TO 2010
CLIMATE RECORD PERIOD 9999 TO 9999


WEATHER ITEM   OBSERVED TIME   NORMAL DEPARTURE LAST
                VALUE   (LST)  VALUE  FROM      YEAR
                                      NORMAL
......................................................
TEMPERATURE (F)
 YESTERDAY
  MAXIMUM         27    304 PM  29     -2       34
  MINIMUM         14   1159 PM  11      3       13
  AVERAGE         21            20      1       24

PRECIPITATION (IN)
  YESTERDAY        T             0.07  -0.07     0.01
  MONTH TO DATE    2.93          2.00   0.93     3.27
  SINCE DEC 1      6.68          5.00   1.68     6.06
  SINCE JAN 1      2.93          2.00   0.93     3.27

DEGREE DAYS
 HEATING
  YESTERDAY       44            45     -1       41
  MONTH TO DATE  943           893     50      830
  SINCE DEC 1   2014          2080    -66     1998
  SINCE JUL 1   3636          3731    -95     3678

 COOLING
  YESTERDAY        0             0      0        0
  MONTH TO DATE    0             0      0        0
  SINCE DEC 1      0             0      0        0
  SINCE JAN 1      0             0      0        0
......................................................


WIND (MPH)
  HIGHEST WIND SPEED    20   HIGHEST WIND DIRECTION    NW (330)
  HIGHEST GUST SPEED    29   HIGHEST GUST DIRECTION    NW (330)
  AVERAGE WIND SPEED     9.1


SKY COVER
  AVERAGE SKY COVER 0.5



RELATIVE HUMIDITY (PERCENT)
 HIGHEST    88
 LOWEST     40
 AVERAGE    64

..........................................................


THE PITTSFIELD MA CLIMATE NORMALS FOR TODAY
                         NORMAL
 MAXIMUM TEMPERATURE (F)   29
 MINIMUM TEMPERATURE (F)   11


SUNRISE AND SUNSET
JANUARY 21 2015.......SUNRISE   717 AM EST   SUNSET   453 PM EST
JANUARY 22 2015.......SUNRISE   716 AM EST   SUNSET   454 PM EST


-  INDICATES NEGATIVE NUMBERS.
R  INDICATES RECORD WAS SET OR TIED.
MM INDICATES DATA IS MISSING.
T  INDICATES TRACE AMOUNT.




$$
