782
CDUS41 KALY 160635
CLIPSF


CLIMATE REPORT
NATIONAL WEATHER SERVICE ALBANY NY
234 AM EDT TUE MAY 16 2017


...................................

...THE PITTSFIELD MA CLIMATE SUMMARY FOR MAY 15 2017...

CLIMATE NORMAL PERIOD 1981 TO 2010
CLIMATE RECORD PERIOD 9999 TO 9999


WEATHER ITEM   OBSERVED TIME   NORMAL DEPARTURE LAST
                VALUE   (LST)  VALUE  FROM      YEAR
                                      NORMAL
......................................................
TEMPERATURE (F)
 YESTERDAY
  MAXIMUM         61    439 PM  66     -5       50
  MINIMUM         46    632 AM  43      3       36
  AVERAGE         54            55     -1       43

PRECIPITATION (IN)
  YESTERDAY        0.22          0.13   0.09      T
  MONTH TO DATE    4.58          1.71   2.87     1.81
  SINCE MAR 1     10.98          8.94   2.04     6.56
  SINCE JAN 1     16.56         14.54   2.02    11.93

DEGREE DAYS
 HEATING
  YESTERDAY       11            11      0       22
  MONTH TO DATE  248           192     56      226
  SINCE MAR 1   1855          1847      8     1675
  SINCE JUL 1   6557          7227   -670     6042

 COOLING
  YESTERDAY        0             0      0        0
  MONTH TO DATE    0             0      0        0
  SINCE MAR 1      2             2      0        0
  SINCE JAN 1      2             2      0        0
......................................................


WIND (MPH)
  HIGHEST WIND SPEED    24   HIGHEST WIND DIRECTION    NW (300)
  HIGHEST GUST SPEED    36   HIGHEST GUST DIRECTION    NW (310)
  AVERAGE WIND SPEED    14.8


SKY COVER
  AVERAGE SKY COVER 0.9



RELATIVE HUMIDITY (PERCENT)
 HIGHEST    93
 LOWEST     51
 AVERAGE    72

..........................................................


THE PITTSFIELD MA CLIMATE NORMALS FOR TODAY
                         NORMAL
 MAXIMUM TEMPERATURE (F)   67
 MINIMUM TEMPERATURE (F)   43


SUNRISE AND SUNSET
MAY 16 2017...........SUNRISE   530 AM EDT   SUNSET   809 PM EDT
MAY 17 2017...........SUNRISE   529 AM EDT   SUNSET   810 PM EDT


-  INDICATES NEGATIVE NUMBERS.
R  INDICATES RECORD WAS SET OR TIED.
MM INDICATES DATA IS MISSING.
T  INDICATES TRACE AMOUNT.




$$
