000
CDUS41 KALY 152041
CLIPSF


CLIMATE REPORT
NATIONAL WEATHER SERVICE ALBANY NY
440 PM EDT SUN MAY 15 2016


...................................

...THE PITTSFIELD MA CLIMATE SUMMARY FOR MAY 15 2016...
VALID TODAY AS OF 0400 PM LOCAL TIME.

CLIMATE NORMAL PERIOD 1981 TO 2010
CLIMATE RECORD PERIOD 9999 TO 9999


WEATHER ITEM   OBSERVED TIME   NORMAL DEPARTURE LAST
                VALUE   (LST)  VALUE  FROM      YEAR
                                      NORMAL
......................................................
TEMPERATURE (F)
 TODAY
  MAXIMUM         50   1228 PM  66    -16       70
  MINIMUM         40    559 AM  43     -3       35
  AVERAGE         45            55    -10       53

PRECIPITATION (IN)
  TODAY            T             0.13  -0.13     0.00
  MONTH TO DATE    1.81          1.71   0.10     0.07
  SINCE MAR 1      6.56          8.94  -2.38     4.54
  SINCE JAN 1     11.93         14.54  -2.61     9.63

DEGREE DAYS
 HEATING
  TODAY           20            11      9       12
  MONTH TO DATE  224           192     32       90
  SINCE MAR 1   1673          1847   -174     1919
  SINCE JUL 1   6040          7227  -1187     7582

 COOLING
  TODAY            0             0      0        0
  MONTH TO DATE    0             0      0       18
  SINCE MAR 1      0             2     -2       18
  SINCE JAN 1      0             2     -2       18
......................................................


WIND (MPH)
  HIGHEST WIND SPEED    26   HIGHEST WIND DIRECTION     W (270)
  HIGHEST GUST SPEED    39   HIGHEST GUST DIRECTION    NW (300)
  AVERAGE WIND SPEED    15.5


SKY COVER
  AVERAGE SKY COVER 0.8



RELATIVE HUMIDITY (PERCENT)
 HIGHEST    85
 LOWEST     42
 AVERAGE    64

..........................................................


THE PITTSFIELD MA CLIMATE NORMALS FOR TOMORROW
                         NORMAL
 MAXIMUM TEMPERATURE (F)   67
 MINIMUM TEMPERATURE (F)   43


SUNRISE AND SUNSET
MAY 15 2016...........SUNRISE   531 AM EDT   SUNSET   809 PM EDT
MAY 16 2016...........SUNRISE   530 AM EDT   SUNSET   810 PM EDT


-  INDICATES NEGATIVE NUMBERS.
R  INDICATES RECORD WAS SET OR TIED.
MM INDICATES DATA IS MISSING.
T  INDICATES TRACE AMOUNT.




$$
