000
CDUS41 KALY 050622
CLIPSF


CLIMATE REPORT
NATIONAL WEATHER SERVICE ALBANY NY
221 AM EDT SAT APR 5 2014


...................................

...THE PITTSFIELD MA CLIMATE SUMMARY FOR APRIL 4 2014...

CLIMATE NORMAL PERIOD 1981 TO 2010
CLIMATE RECORD PERIOD 9999 TO 9999


WEATHER ITEM   OBSERVED TIME   NORMAL DEPARTURE LAST
                VALUE   (LST)  VALUE  FROM      YEAR
                                      NORMAL
......................................................
TEMPERATURE (F)
 YESTERDAY
  MAXIMUM         46   1112 AM  49     -3       50
  MINIMUM         32   1146 PM  29      3       24
  AVERAGE         39            39      0       37

PRECIPITATION (IN)
  YESTERDAY        0.11          0.16  -0.05     0.00
  MONTH TO DATE    0.11          0.67  -0.56     0.15
  SINCE MAR 1      3.24          4.04  -0.80     1.94
  SINCE JAN 1      9.62          9.64  -0.02     5.57

DEGREE DAYS
 HEATING
  YESTERDAY       26            26      0       28
  MONTH TO DATE  101           106     -5      125
  SINCE MAR 1   1332          1133    199     1180
  SINCE JUL 1   6884          6513    371     6119

 COOLING
  YESTERDAY        0             0      0        0
  MONTH TO DATE    0             0      0        0
  SINCE MAR 1      0             0      0        0
  SINCE JAN 1      0             0      0        0
......................................................


WIND (MPH)
  HIGHEST WIND SPEED    22   HIGHEST WIND DIRECTION    SE (130)
  HIGHEST GUST SPEED    32   HIGHEST GUST DIRECTION    SE (120)
  AVERAGE WIND SPEED     9.7


SKY COVER
  AVERAGE SKY COVER 0.9



RELATIVE HUMIDITY (PERCENT)
 HIGHEST    89
 LOWEST     45
 AVERAGE    67

..........................................................


THE PITTSFIELD MA CLIMATE NORMALS FOR TODAY
                         NORMAL
 MAXIMUM TEMPERATURE (F)   50
 MINIMUM TEMPERATURE (F)   30


SUNRISE AND SUNSET
APRIL  5 2014.........SUNRISE   629 AM EDT   SUNSET   724 PM EDT
APRIL  6 2014.........SUNRISE   627 AM EDT   SUNSET   725 PM EDT


-  INDICATES NEGATIVE NUMBERS.
R  INDICATES RECORD WAS SET OR TIED.
MM INDICATES DATA IS MISSING.
T  INDICATES TRACE AMOUNT.




$$
