000
CDUS41 KALY 092159
CLIPSF


CLIMATE REPORT
NATIONAL WEATHER SERVICE ALBANY NY
458 PM EST THU MAR 9 2017


...................................

...THE PITTSFIELD MA CLIMATE SUMMARY FOR MARCH 9 2017...
VALID TODAY AS OF 0400 PM LOCAL TIME.

CLIMATE NORMAL PERIOD 1981 TO 2010
CLIMATE RECORD PERIOD 9999 TO 9999


WEATHER ITEM   OBSERVED TIME   NORMAL DEPARTURE LAST
                VALUE   (LST)  VALUE  FROM      YEAR
                                      NORMAL
......................................................
TEMPERATURE (F)
 TODAY
  MAXIMUM         44    137 AM  39      5       75
  MINIMUM         34    928 AM  20     14       34
  AVERAGE         39            29     10       55

PRECIPITATION (IN)
  TODAY            0.00          0.09  -0.09     0.00
  MONTH TO DATE    0.27          0.76  -0.49     0.37
  SINCE MAR 1      0.27          0.76  -0.49     0.37
  SINCE JAN 1      5.85          6.36  -0.51     5.74

DEGREE DAYS
 HEATING
  TODAY           26            36    -10       10
  MONTH TO DATE  294           331    -37      290
  SINCE MAR 1    294           331    -37      290
  SINCE JUL 1   4996          5711   -715     4657

 COOLING
  TODAY            0             0      0        0
  MONTH TO DATE    0             0      0        0
  SINCE MAR 1      0             0      0        0
  SINCE JAN 1      0             0      0        0
......................................................


WIND (MPH)
  HIGHEST WIND SPEED    32   HIGHEST WIND DIRECTION     W (280)
  HIGHEST GUST SPEED    47   HIGHEST GUST DIRECTION     W (280)
  AVERAGE WIND SPEED    19.8


SKY COVER
  AVERAGE SKY COVER 0.2



RELATIVE HUMIDITY (PERCENT)
 HIGHEST    48
 LOWEST     29
 AVERAGE    39

..........................................................


THE PITTSFIELD MA CLIMATE NORMALS FOR TOMORROW
                         NORMAL
 MAXIMUM TEMPERATURE (F)   40
 MINIMUM TEMPERATURE (F)   20


SUNRISE AND SUNSET
MARCH  9 2017.........SUNRISE   615 AM EST   SUNSET   553 PM EST
MARCH 10 2017.........SUNRISE   613 AM EST   SUNSET   554 PM EST


-  INDICATES NEGATIVE NUMBERS.
R  INDICATES RECORD WAS SET OR TIED.
MM INDICATES DATA IS MISSING.
T  INDICATES TRACE AMOUNT.




$$
