000
CDUS41 KALY 022147
CLIPSF


CLIMATE REPORT
NATIONAL WEATHER SERVICE ALBANY NY
447 PM EST FRI FEB 2 2018


...................................

...THE PITTSFIELD MA CLIMATE SUMMARY FOR FEBRUARY 2 2018...
VALID TODAY AS OF 0400 PM LOCAL TIME.

CLIMATE NORMAL PERIOD 1981 TO 2010
CLIMATE RECORD PERIOD 9999 TO 9999


WEATHER ITEM   OBSERVED TIME   NORMAL DEPARTURE LAST
                VALUE   (LST)  VALUE  FROM      YEAR
                                      NORMAL
......................................................
TEMPERATURE (F)
 TODAY
  MAXIMUM         34   1208 AM  30      4       29
  MINIMUM          9    445 PM  13     -4       13
  AVERAGE         22            21      1       21

PRECIPITATION (IN)
  TODAY            0.09          0.08   0.01      T
  MONTH TO DATE    0.18          0.16   0.02     0.08
  SINCE DEC 1      6.99          6.08   0.91     5.82
  SINCE JAN 1      4.84          3.08   1.76     2.80

DEGREE DAYS
 HEATING
  TODAY           43            44     -1       44
  MONTH TO DATE   76            88    -12       80
  SINCE DEC 1   2654          2662     -8     2405
  SINCE JUL 1   3979          4313   -334     3812

 COOLING
  TODAY            0             0      0        0
  MONTH TO DATE    0             0      0        0
  SINCE DEC 1      0             0      0        0
  SINCE JAN 1      0             0      0        0
......................................................


WIND (MPH)
  HIGHEST WIND SPEED    28   HIGHEST WIND DIRECTION    NW (300)
  HIGHEST GUST SPEED    38   HIGHEST GUST DIRECTION     W (270)
  AVERAGE WIND SPEED    13.3


SKY COVER
  AVERAGE SKY COVER 0.7



RELATIVE HUMIDITY (PERCENT)
 HIGHEST    89
 LOWEST     49
 AVERAGE    69

..........................................................


THE PITTSFIELD MA CLIMATE NORMALS FOR TOMORROW
                         NORMAL
 MAXIMUM TEMPERATURE (F)   30
 MINIMUM TEMPERATURE (F)   13


SUNRISE AND SUNSET
FEBRUARY  2 2018......SUNRISE   706 AM EST   SUNSET   508 PM EST
FEBRUARY  3 2018......SUNRISE   705 AM EST   SUNSET   510 PM EST


-  INDICATES NEGATIVE NUMBERS.
R  INDICATES RECORD WAS SET OR TIED.
MM INDICATES DATA IS MISSING.
T  INDICATES TRACE AMOUNT.




$$
