000
CDUS41 KALY 230628
CLIPSF


CLIMATE REPORT
NATIONAL WEATHER SERVICE ALBANY NY
227 AM EDT MON MAY 23 2016


...................................

...THE PITTSFIELD MA CLIMATE SUMMARY FOR MAY 22 2016...

CLIMATE NORMAL PERIOD 1981 TO 2010
CLIMATE RECORD PERIOD 9999 TO 9999


WEATHER ITEM   OBSERVED TIME   NORMAL DEPARTURE LAST
                VALUE   (LST)  VALUE  FROM      YEAR
                                      NORMAL
......................................................
TEMPERATURE (F)
 YESTERDAY
  MAXIMUM         73    315 PM  68      5       64
  MINIMUM         49   1151 PM  45      4       42
  AVERAGE         61            57      4       53

PRECIPITATION (IN)
  YESTERDAY        T             0.17  -0.17      T
  MONTH TO DATE    1.81          2.72  -0.91     0.25
  SINCE MAR 1      6.56          9.95  -3.39     4.72
  SINCE JAN 1     11.93         15.55  -3.62     9.81

DEGREE DAYS
 HEATING
  YESTERDAY        4             9     -5       12
  MONTH TO DATE  306           259     47      138
  SINCE MAR 1   1755          1914   -159     1967
  SINCE JUL 1   6122          7294  -1172     7630

 COOLING
  YESTERDAY        0             0      0        0
  MONTH TO DATE    0             0      0       20
  SINCE MAR 1      0             2     -2       20
  SINCE JAN 1      0             2     -2       20
......................................................


WIND (MPH)
  HIGHEST WIND SPEED    14   HIGHEST WIND DIRECTION    NE (40)
  HIGHEST GUST SPEED    20   HIGHEST GUST DIRECTION    NE (50)
  AVERAGE WIND SPEED     4.4


SKY COVER
  AVERAGE SKY COVER 0.7



RELATIVE HUMIDITY (PERCENT)
 HIGHEST    83
 LOWEST     31
 AVERAGE    57

..........................................................


THE PITTSFIELD MA CLIMATE NORMALS FOR TODAY
                         NORMAL
 MAXIMUM TEMPERATURE (F)   69
 MINIMUM TEMPERATURE (F)   45


SUNRISE AND SUNSET
MAY 23 2016...........SUNRISE   524 AM EDT   SUNSET   816 PM EDT
MAY 24 2016...........SUNRISE   523 AM EDT   SUNSET   817 PM EDT


-  INDICATES NEGATIVE NUMBERS.
R  INDICATES RECORD WAS SET OR TIED.
MM INDICATES DATA IS MISSING.
T  INDICATES TRACE AMOUNT.




$$
