000
CDUS41 KALY 170623
CLIPSF


CLIMATE REPORT
NATIONAL WEATHER SERVICE ALBANY NY
122 AM EST WED DEC 17 2014


...................................

...THE PITTSFIELD MA CLIMATE SUMMARY FOR DECEMBER 16 2014...

CLIMATE NORMAL PERIOD 1981 TO 2010
CLIMATE RECORD PERIOD 9999 TO 9999


WEATHER ITEM   OBSERVED TIME   NORMAL DEPARTURE LAST
                VALUE   (LST)  VALUE  FROM      YEAR
                                      NORMAL
......................................................
TEMPERATURE (F)
 YESTERDAY
  MAXIMUM         36    805 PM  34      2       22
  MINIMUM         22    558 AM  20      2        7
  AVERAGE         29            26      3       15

PRECIPITATION (IN)
  YESTERDAY        0.15          0.09   0.06      T
  MONTH TO DATE    2.39          1.59   0.80     0.92
  SINCE DEC 1      2.39          1.59   0.80     0.92
  SINCE JAN 1     42.81         43.97  -1.16    37.73

DEGREE DAYS
 HEATING
  YESTERDAY       36            38     -2       50
  MONTH TO DATE  573           570      3      614
  SINCE DEC 1    573           570      3      614
  SINCE JUL 1   2195          2221    -26     2294

 COOLING
  YESTERDAY        0             0      0        0
  MONTH TO DATE    0             0      0        0
  SINCE DEC 1      0             0      0        0
  SINCE JAN 1    238           290    -52      433
......................................................


WIND (MPH)
  HIGHEST WIND SPEED    10   HIGHEST WIND DIRECTION     S (160)
  HIGHEST GUST SPEED    15   HIGHEST GUST DIRECTION    SE (120)
  AVERAGE WIND SPEED     1.7


SKY COVER
  AVERAGE SKY COVER 0.9



RELATIVE HUMIDITY (PERCENT)
 HIGHEST   100
 LOWEST     92
 AVERAGE    96

..........................................................


THE PITTSFIELD MA CLIMATE NORMALS FOR TODAY
                         NORMAL
 MAXIMUM TEMPERATURE (F)   33
 MINIMUM TEMPERATURE (F)   19


SUNRISE AND SUNSET
DECEMBER 17 2014......SUNRISE   717 AM EST   SUNSET   422 PM EST
DECEMBER 18 2014......SUNRISE   718 AM EST   SUNSET   422 PM EST


-  INDICATES NEGATIVE NUMBERS.
R  INDICATES RECORD WAS SET OR TIED.
MM INDICATES DATA IS MISSING.
T  INDICATES TRACE AMOUNT.




$$
