000
CDUS41 KALY 070630
CLIPSF


CLIMATE REPORT
NATIONAL WEATHER SERVICE ALBANY NY
229 AM EDT FRI JUL 7 2017


...................................

...THE PITTSFIELD MA CLIMATE SUMMARY FOR JULY 6 2017...

CLIMATE NORMAL PERIOD 1981 TO 2010
CLIMATE RECORD PERIOD 9999 TO 9999


WEATHER ITEM   OBSERVED TIME   NORMAL DEPARTURE LAST
                VALUE   (LST)  VALUE  FROM      YEAR
                                      NORMAL
......................................................
TEMPERATURE (F)
 YESTERDAY
  MAXIMUM         76    300 PM  78     -2       86
  MINIMUM         56    407 AM  56      0       60
  AVERAGE         66            67     -1       73

PRECIPITATION (IN)
  YESTERDAY        0.00          0.11  -0.11     0.00
  MONTH TO DATE    0.37          0.68  -0.31     0.86
  SINCE JUN 1      4.37          5.08  -0.71     3.36
  SINCE JAN 1     23.15         22.12   1.03    17.46

DEGREE DAYS
 HEATING
  YESTERDAY        0             1     -1        0
  MONTH TO DATE    0             6     -6        2
  SINCE JUN 1    106           107     -1       78
  SINCE JUL 1      0             6     -6        2

 COOLING
  YESTERDAY        1             3     -2        8
  MONTH TO DATE   21            18      3       17
  SINCE JUN 1     99            74     25       56
  SINCE JAN 1    113            87     26       97
......................................................


WIND (MPH)
  HIGHEST WIND SPEED    16   HIGHEST WIND DIRECTION     S (200)
  HIGHEST GUST SPEED    20   HIGHEST GUST DIRECTION     S (190)
  AVERAGE WIND SPEED     4.7


SKY COVER
  AVERAGE SKY COVER 0.4



RELATIVE HUMIDITY (PERCENT)
 HIGHEST    87
 LOWEST     46
 AVERAGE    67

..........................................................


THE PITTSFIELD MA CLIMATE NORMALS FOR TODAY
                         NORMAL
 MAXIMUM TEMPERATURE (F)   78
 MINIMUM TEMPERATURE (F)   56


SUNRISE AND SUNSET
JULY  7 2017..........SUNRISE   524 AM EDT   SUNSET   832 PM EDT
JULY  8 2017..........SUNRISE   524 AM EDT   SUNSET   832 PM EDT


-  INDICATES NEGATIVE NUMBERS.
R  INDICATES RECORD WAS SET OR TIED.
MM INDICATES DATA IS MISSING.
T  INDICATES TRACE AMOUNT.




$$
