000
CDUS41 KALY 210622
CLIPSF


CLIMATE REPORT
NATIONAL WEATHER SERVICE ALBANY NY
221 AM EDT SUN MAY 21 2017


...................................

...THE PITTSFIELD MA CLIMATE SUMMARY FOR MAY 20 2017...

CLIMATE NORMAL PERIOD 1981 TO 2010
CLIMATE RECORD PERIOD 9999 TO 9999


WEATHER ITEM   OBSERVED TIME   NORMAL DEPARTURE LAST
                VALUE   (LST)  VALUE  FROM      YEAR
                                      NORMAL
......................................................
TEMPERATURE (F)
 YESTERDAY
  MAXIMUM         67    310 PM  68     -1       71
  MINIMUM         45   1159 PM  44      1       39
  AVERAGE         56            56      0       55

PRECIPITATION (IN)
  YESTERDAY        0.00          0.16  -0.16     0.00
  MONTH TO DATE    4.78          2.39   2.39     1.81
  SINCE MAR 1     11.18          9.62   1.56     6.56
  SINCE JAN 1     16.76         15.22   1.54    11.93

DEGREE DAYS
 HEATING
  YESTERDAY        9             9      0       10
  MONTH TO DATE  264           241     23      291
  SINCE MAR 1   1871          1896    -25     1740
  SINCE JUL 1   6573          7276   -703     6107

 COOLING
  YESTERDAY        0             0      0        0
  MONTH TO DATE   12             0     12        0
  SINCE MAR 1     14             2     12        0
  SINCE JAN 1     14             2     12        0
......................................................


WIND (MPH)
  HIGHEST WIND SPEED    15   HIGHEST WIND DIRECTION     W (290)
  HIGHEST GUST SPEED    19   HIGHEST GUST DIRECTION     W (280)
  AVERAGE WIND SPEED     4.8


SKY COVER
  AVERAGE SKY COVER 0.2



RELATIVE HUMIDITY (PERCENT)
 HIGHEST    77
 LOWEST     32
 AVERAGE    55

..........................................................


THE PITTSFIELD MA CLIMATE NORMALS FOR TODAY
                         NORMAL
 MAXIMUM TEMPERATURE (F)   68
 MINIMUM TEMPERATURE (F)   45


SUNRISE AND SUNSET
MAY 21 2017...........SUNRISE   526 AM EDT   SUNSET   814 PM EDT
MAY 22 2017...........SUNRISE   525 AM EDT   SUNSET   815 PM EDT


-  INDICATES NEGATIVE NUMBERS.
R  INDICATES RECORD WAS SET OR TIED.
MM INDICATES DATA IS MISSING.
T  INDICATES TRACE AMOUNT.




$$
