000
CDUS41 KALY 162046
CLIPSF


CLIMATE REPORT
NATIONAL WEATHER SERVICE ALBANY NY
446 PM EDT SAT APR 16 2016


...................................

...THE PITTSFIELD MA CLIMATE SUMMARY FOR APRIL 16 2016...
VALID TODAY AS OF 0400 PM LOCAL TIME.

CLIMATE NORMAL PERIOD 1981 TO 2010
CLIMATE RECORD PERIOD 9999 TO 9999


WEATHER ITEM   OBSERVED TIME   NORMAL DEPARTURE LAST
                VALUE   (LST)  VALUE  FROM      YEAR
                                      NORMAL
......................................................
TEMPERATURE (F)
 TODAY
  MAXIMUM         65    318 PM  55     10       65
  MINIMUM         31    415 AM  34     -3       28
  AVERAGE         48            44      4       47

PRECIPITATION (IN)
  TODAY            0.00          0.12  -0.12     0.00
  MONTH TO DATE    2.14          2.41  -0.27     1.18
  SINCE MAR 1      4.40          5.78  -1.38     2.75
  SINCE JAN 1      9.77         11.38  -1.61     7.84

DEGREE DAYS
 HEATING
  TODAY           17            21     -4       18
  MONTH TO DATE  436           381     55      365
  SINCE MAR 1   1233          1408   -175     1566
  SINCE JUL 1   5600          6788  -1188     7229

 COOLING
  TODAY            0             0      0        0
  MONTH TO DATE    0             0      0        0
  SINCE MAR 1      0             0      0        0
  SINCE JAN 1      0             0      0        0
......................................................


WIND (MPH)
  HIGHEST WIND SPEED    17   HIGHEST WIND DIRECTION     N (20)
  HIGHEST GUST SPEED    22   HIGHEST GUST DIRECTION     N (20)
  AVERAGE WIND SPEED     4.8


SKY COVER
  AVERAGE SKY COVER 0.0



RELATIVE HUMIDITY (PERCENT)
 HIGHEST    72
 LOWEST     12
 AVERAGE    42

..........................................................


THE PITTSFIELD MA CLIMATE NORMALS FOR TOMORROW
                         NORMAL
 MAXIMUM TEMPERATURE (F)   55
 MINIMUM TEMPERATURE (F)   35


SUNRISE AND SUNSET
APRIL 16 2016.........SUNRISE   610 AM EDT   SUNSET   737 PM EDT
APRIL 17 2016.........SUNRISE   608 AM EDT   SUNSET   738 PM EDT


-  INDICATES NEGATIVE NUMBERS.
R  INDICATES RECORD WAS SET OR TIED.
MM INDICATES DATA IS MISSING.
T  INDICATES TRACE AMOUNT.




$$
