000
CDUS41 KALY 240630
CLIPSF


CLIMATE REPORT
NATIONAL WEATHER SERVICE ALBANY NY
126 AM EST FRI NOV 24 2017


...................................

...THE PITTSFIELD MA CLIMATE SUMMARY FOR NOVEMBER 23 2017...

CLIMATE NORMAL PERIOD 1981 TO 2010
CLIMATE RECORD PERIOD 9999 TO 9999


WEATHER ITEM   OBSERVED TIME   NORMAL DEPARTURE LAST
                VALUE   (LST)  VALUE  FROM      YEAR
                                      NORMAL
......................................................
TEMPERATURE (F)
 YESTERDAY
  MAXIMUM         35    126 PM  44     -9       32
  MINIMUM         26   1118 PM  27     -1       21
  AVERAGE         31            35     -4       27

PRECIPITATION (IN)
  YESTERDAY       MM             0.14  MM        0.00
  MONTH TO DATE    1.19          2.97  -1.78     1.48
  SINCE SEP 1      8.48         11.64  -3.16     7.20
  SINCE JAN 1     39.27         41.42  -2.15    30.57

DEGREE DAYS
 HEATING
  YESTERDAY       34            30      4       38
  MONTH TO DATE  583           598    -15      566
  SINCE SEP 1   1042          1356   -314     1184
  SINCE JUL 1   1128          1434   -306     1208

 COOLING
  YESTERDAY        0             0      0        0
  MONTH TO DATE    0             0      0        0
  SINCE SEP 1     81            20     61       51
  SINCE JAN 1    351           290     61      432
......................................................


WIND (MPH)
  HIGHEST WIND SPEED    22   HIGHEST WIND DIRECTION     W (290)
  HIGHEST GUST SPEED    29   HIGHEST GUST DIRECTION     W (280)
  AVERAGE WIND SPEED     8.6


SKY COVER
  AVERAGE SKY COVER 0.5



RELATIVE HUMIDITY (PERCENT)
 HIGHEST    75
 LOWEST     47
 AVERAGE    61

..........................................................


THE PITTSFIELD MA CLIMATE NORMALS FOR TODAY
                         NORMAL
 MAXIMUM TEMPERATURE (F)   43
 MINIMUM TEMPERATURE (F)   27


SUNRISE AND SUNSET
NOVEMBER 24 2017......SUNRISE   655 AM EST   SUNSET   424 PM EST
NOVEMBER 25 2017......SUNRISE   656 AM EST   SUNSET   424 PM EST


-  INDICATES NEGATIVE NUMBERS.
R  INDICATES RECORD WAS SET OR TIED.
MM INDICATES DATA IS MISSING.
T  INDICATES TRACE AMOUNT.




$$
