000
CDUS41 KALY 190632
CLIPSF


CLIMATE REPORT
NATIONAL WEATHER SERVICE ALBANY NY
231 AM EDT FRI MAY 19 2017


...................................

...THE PITTSFIELD MA CLIMATE SUMMARY FOR MAY 18 2017...

CLIMATE NORMAL PERIOD 1981 TO 2010
CLIMATE RECORD PERIOD 9999 TO 9999


WEATHER ITEM   OBSERVED TIME   NORMAL DEPARTURE LAST
                VALUE   (LST)  VALUE  FROM      YEAR
                                      NORMAL
......................................................
TEMPERATURE (F)
 YESTERDAY
  MAXIMUM         89    346 PM  67     22       67
  MINIMUM         56    453 AM  44     12       38
  AVERAGE         73            56     17       53

PRECIPITATION (IN)
  YESTERDAY        0.20          0.12   0.08     0.00
  MONTH TO DATE    4.78          2.08   2.70     1.81
  SINCE MAR 1     11.18          9.31   1.87     6.56
  SINCE JAN 1     16.76         14.91   1.85    11.93

DEGREE DAYS
 HEATING
  YESTERDAY        0            10    -10       12
  MONTH TO DATE  255           222     33      271
  SINCE MAR 1   1862          1877    -15     1720
  SINCE JUL 1   6564          7257   -693     6087

 COOLING
  YESTERDAY        8             0      8        0
  MONTH TO DATE   11             0     11        0
  SINCE MAR 1     13             2     11        0
  SINCE JAN 1     13             2     11        0
......................................................


WIND (MPH)
  HIGHEST WIND SPEED    21   HIGHEST WIND DIRECTION     W (290)
  HIGHEST GUST SPEED    30   HIGHEST GUST DIRECTION    NW (320)
  AVERAGE WIND SPEED     7.2


SKY COVER
  AVERAGE SKY COVER 0.1



RELATIVE HUMIDITY (PERCENT)
 HIGHEST    93
 LOWEST     26
 AVERAGE    60

..........................................................


THE PITTSFIELD MA CLIMATE NORMALS FOR TODAY
                         NORMAL
 MAXIMUM TEMPERATURE (F)   68
 MINIMUM TEMPERATURE (F)   44


SUNRISE AND SUNSET
MAY 19 2017...........SUNRISE   528 AM EDT   SUNSET   812 PM EDT
MAY 20 2017...........SUNRISE   527 AM EDT   SUNSET   813 PM EDT


-  INDICATES NEGATIVE NUMBERS.
R  INDICATES RECORD WAS SET OR TIED.
MM INDICATES DATA IS MISSING.
T  INDICATES TRACE AMOUNT.




$$
