000
CDUS41 KALY 120623
CLIPSF


CLIMATE REPORT
NATIONAL WEATHER SERVICE ALBANY NY
222 AM EDT TUE AUG 12 2014


...................................

...THE PITTSFIELD MA CLIMATE SUMMARY FOR AUGUST 11 2014...

CLIMATE NORMAL PERIOD 1981 TO 2010
CLIMATE RECORD PERIOD 9999 TO 9999


WEATHER ITEM   OBSERVED TIME   NORMAL DEPARTURE LAST
                VALUE   (LST)  VALUE  FROM      YEAR
                                      NORMAL
......................................................
TEMPERATURE (F)
 YESTERDAY
  MAXIMUM         81   1240 PM  78      3       74
  MINIMUM         53    524 AM  57     -4       46
  AVERAGE         67            67      0       60

PRECIPITATION (IN)
  YESTERDAY        0.00          0.12  -0.12     0.00
  MONTH TO DATE    0.82          1.56  -0.74     2.30
  SINCE JUN 1     15.40         10.21   5.19    10.98
  SINCE JAN 1     29.40         27.25   2.15    25.57

DEGREE DAYS
 HEATING
  YESTERDAY        0             1     -1        5
  MONTH TO DATE    5            11     -6       16
  SINCE JUN 1     81           143    -62      132
  SINCE JUL 1     23            42    -19       24

 COOLING
  YESTERDAY        2             4     -2        0
  MONTH TO DATE   18            44    -26       20
  SINCE JUN 1    175           208    -33      331
  SINCE JAN 1    181           221    -40      356
......................................................


WIND (MPH)
  HIGHEST WIND SPEED    12   HIGHEST WIND DIRECTION    SW (230)
  HIGHEST GUST SPEED    17   HIGHEST GUST DIRECTION    SW (240)
  AVERAGE WIND SPEED     3.1


SKY COVER
  AVERAGE SKY COVER 0.2



RELATIVE HUMIDITY (PERCENT)
 HIGHEST   100
 LOWEST     45
 AVERAGE    73

..........................................................


THE PITTSFIELD MA CLIMATE NORMALS FOR TODAY
                         NORMAL
 MAXIMUM TEMPERATURE (F)   78
 MINIMUM TEMPERATURE (F)   57


SUNRISE AND SUNSET
AUGUST 12 2014........SUNRISE   557 AM EDT   SUNSET   759 PM EDT
AUGUST 13 2014........SUNRISE   558 AM EDT   SUNSET   757 PM EDT


-  INDICATES NEGATIVE NUMBERS.
R  INDICATES RECORD WAS SET OR TIED.
MM INDICATES DATA IS MISSING.
T  INDICATES TRACE AMOUNT.




$$
