000
CDUS41 KALY 140622
CLIPSF


CLIMATE REPORT
NATIONAL WEATHER SERVICE ALBANY NY
221 AM EDT MON JUL 14 2014


...................................

...THE PITTSFIELD MA CLIMATE SUMMARY FOR JULY 13 2014...

CLIMATE NORMAL PERIOD 1981 TO 2010
CLIMATE RECORD PERIOD 9999 TO 9999


WEATHER ITEM   OBSERVED TIME   NORMAL DEPARTURE LAST
                VALUE   (LST)  VALUE  FROM      YEAR
                                      NORMAL
......................................................
TEMPERATURE (F)
 YESTERDAY
  MAXIMUM         76    413 PM  79     -3       75
  MINIMUM         62    515 AM  56      6       62
  AVERAGE         69            68      1       69

PRECIPITATION (IN)
  YESTERDAY        0.21          0.14   0.07     0.05
  MONTH TO DATE    2.73          1.56   1.17     0.50
  SINCE JUN 1      8.08          5.96   2.12     7.87
  SINCE JAN 1     22.08         23.00  -0.92    22.46

DEGREE DAYS
 HEATING
  YESTERDAY        0             1     -1        0
  MONTH TO DATE    3            13    -10        0
  SINCE JUN 1     61           114    -53      108
  SINCE JUL 1      3            13    -10        0

 COOLING
  YESTERDAY        4             4      0        4
  MONTH TO DATE   63            45     18      119
  SINCE JUN 1    106           101      5      205
  SINCE JAN 1    112           114     -2      230
......................................................


WIND (MPH)
  HIGHEST WIND SPEED    22   HIGHEST WIND DIRECTION     S (160)
  HIGHEST GUST SPEED    30   HIGHEST GUST DIRECTION    SE (150)
  AVERAGE WIND SPEED     7.2


SKY COVER
  AVERAGE SKY COVER 0.7



RELATIVE HUMIDITY (PERCENT)
 HIGHEST    93
 LOWEST     61
 AVERAGE    77

..........................................................


THE PITTSFIELD MA CLIMATE NORMALS FOR TODAY
                         NORMAL
 MAXIMUM TEMPERATURE (F)   79
 MINIMUM TEMPERATURE (F)   56


SUNRISE AND SUNSET
JULY 14 2014..........SUNRISE   529 AM EDT   SUNSET   829 PM EDT
JULY 15 2014..........SUNRISE   529 AM EDT   SUNSET   828 PM EDT


-  INDICATES NEGATIVE NUMBERS.
R  INDICATES RECORD WAS SET OR TIED.
MM INDICATES DATA IS MISSING.
T  INDICATES TRACE AMOUNT.




$$
