000
CDUS41 KALY 110622
CLIPSF


CLIMATE REPORT
NATIONAL WEATHER SERVICE ALBANY NY
121 AM EST SAT MAR 11 2017


...................................

...THE PITTSFIELD MA CLIMATE SUMMARY FOR MARCH 10 2017...

CLIMATE NORMAL PERIOD 1981 TO 2010
CLIMATE RECORD PERIOD 9999 TO 9999


WEATHER ITEM   OBSERVED TIME   NORMAL DEPARTURE LAST
                VALUE   (LST)  VALUE  FROM      YEAR
                                      NORMAL
......................................................
TEMPERATURE (F)
 YESTERDAY
  MAXIMUM         30    226 PM  40    -10       64
  MINIMUM         13   1159 PM  20     -7       52
  AVERAGE         22            30     -8       58

PRECIPITATION (IN)
  YESTERDAY        T             0.08  -0.08     0.42
  MONTH TO DATE    0.27          0.84  -0.57     0.79
  SINCE MAR 1      0.27          0.84  -0.57     0.79
  SINCE JAN 1      5.85          6.44  -0.59     6.16

DEGREE DAYS
 HEATING
  YESTERDAY       43            35      8        7
  MONTH TO DATE  339           366    -27      297
  SINCE MAR 1    339           366    -27      297
  SINCE JUL 1   5041          5746   -705     4664

 COOLING
  YESTERDAY        0             0      0        0
  MONTH TO DATE    0             0      0        0
  SINCE MAR 1      0             0      0        0
  SINCE JAN 1      0             0      0        0
......................................................


WIND (MPH)
  HIGHEST WIND SPEED    31   HIGHEST WIND DIRECTION     W (290)
  HIGHEST GUST SPEED    47   HIGHEST GUST DIRECTION     W (280)
  AVERAGE WIND SPEED    12.5


SKY COVER
  AVERAGE SKY COVER 0.7



RELATIVE HUMIDITY (PERCENT)
 HIGHEST    75
 LOWEST     35
 AVERAGE    55

..........................................................


THE PITTSFIELD MA CLIMATE NORMALS FOR TODAY
                         NORMAL
 MAXIMUM TEMPERATURE (F)   40
 MINIMUM TEMPERATURE (F)   20


SUNRISE AND SUNSET
MARCH 11 2017.........SUNRISE   612 AM EST   SUNSET   555 PM EST
MARCH 12 2017.........SUNRISE   710 AM EDT   SUNSET   656 PM EDT


-  INDICATES NEGATIVE NUMBERS.
R  INDICATES RECORD WAS SET OR TIED.
MM INDICATES DATA IS MISSING.
T  INDICATES TRACE AMOUNT.




$$
