000
CDUS41 KALY 090622
CLIPSF


CLIMATE REPORT
NATIONAL WEATHER SERVICE ALBANY NY
122 AM EST THU MAR 9 2017


...................................

...THE PITTSFIELD MA CLIMATE SUMMARY FOR MARCH 8 2017...

CLIMATE NORMAL PERIOD 1981 TO 2010
CLIMATE RECORD PERIOD 9999 TO 9999


WEATHER ITEM   OBSERVED TIME   NORMAL DEPARTURE LAST
                VALUE   (LST)  VALUE  FROM      YEAR
                                      NORMAL
......................................................
TEMPERATURE (F)
 YESTERDAY
  MAXIMUM         52    212 PM  39     13       61
  MINIMUM         37    915 AM  19     18       29
  AVERAGE         45            29     16       45

PRECIPITATION (IN)
  YESTERDAY        0.12          0.09   0.03     0.00
  MONTH TO DATE    0.27          0.67  -0.40     0.37
  SINCE MAR 1      0.27          0.67  -0.40     0.37
  SINCE JAN 1      5.85          6.27  -0.42     5.74

DEGREE DAYS
 HEATING
  YESTERDAY       20            36    -16       20
  MONTH TO DATE  268           295    -27      280
  SINCE MAR 1    268           295    -27      280
  SINCE JUL 1   4970          5675   -705     4647

 COOLING
  YESTERDAY        0             0      0        0
  MONTH TO DATE    0             0      0        0
  SINCE MAR 1      0             0      0        0
  SINCE JAN 1      0             0      0        0
......................................................


WIND (MPH)
  HIGHEST WIND SPEED    29   HIGHEST WIND DIRECTION     W (260)
  HIGHEST GUST SPEED    42   HIGHEST GUST DIRECTION     W (270)
  AVERAGE WIND SPEED    12.3


SKY COVER
  AVERAGE SKY COVER 0.8



RELATIVE HUMIDITY (PERCENT)
 HIGHEST    96
 LOWEST     28
 AVERAGE    62

..........................................................


THE PITTSFIELD MA CLIMATE NORMALS FOR TODAY
                         NORMAL
 MAXIMUM TEMPERATURE (F)   39
 MINIMUM TEMPERATURE (F)   20


SUNRISE AND SUNSET
MARCH  9 2017.........SUNRISE   615 AM EST   SUNSET   553 PM EST
MARCH 10 2017.........SUNRISE   613 AM EST   SUNSET   554 PM EST


-  INDICATES NEGATIVE NUMBERS.
R  INDICATES RECORD WAS SET OR TIED.
MM INDICATES DATA IS MISSING.
T  INDICATES TRACE AMOUNT.




$$
