000
CDUS41 KALY 070624
CLIPSF


CLIMATE REPORT
NATIONAL WEATHER SERVICE ALBANY NY
123 AM EST TUE FEB 7 2017


...................................

...THE PITTSFIELD MA CLIMATE SUMMARY FOR FEBRUARY 6 2017...

CLIMATE NORMAL PERIOD 1981 TO 2010
CLIMATE RECORD PERIOD 9999 TO 9999


WEATHER ITEM   OBSERVED TIME   NORMAL DEPARTURE LAST
                VALUE   (LST)  VALUE  FROM      YEAR
                                      NORMAL
......................................................
TEMPERATURE (F)
 YESTERDAY
  MAXIMUM         32   1216 AM  30      2       37
  MINIMUM         21    754 AM  14      7       17
  AVERAGE         27            22      5       27

PRECIPITATION (IN)
  YESTERDAY        T             0.09  -0.09     0.00
  MONTH TO DATE    0.08          0.50  -0.42     0.66
  SINCE DEC 1      5.82          6.42  -0.60     5.43
  SINCE JAN 1      2.80          3.42  -0.62     1.75

DEGREE DAYS
 HEATING
  YESTERDAY       38            43     -5       38
  MONTH TO DATE  246           262    -16      174
  SINCE DEC 1   2571          2836   -265     2148
  SINCE JUL 1   3978          4487   -509     3521

 COOLING
  YESTERDAY        0             0      0        0
  MONTH TO DATE    0             0      0        0
  SINCE DEC 1      0             0      0        0
  SINCE JAN 1      0             0      0        0
......................................................


WIND (MPH)
  HIGHEST WIND SPEED    28   HIGHEST WIND DIRECTION    NW (300)
  HIGHEST GUST SPEED    39   HIGHEST GUST DIRECTION    NW (310)
  AVERAGE WIND SPEED    10.6


SKY COVER
  AVERAGE SKY COVER 0.9



RELATIVE HUMIDITY (PERCENT)
 HIGHEST    69
 LOWEST     46
 AVERAGE    58

..........................................................


THE PITTSFIELD MA CLIMATE NORMALS FOR TODAY
                         NORMAL
 MAXIMUM TEMPERATURE (F)   30
 MINIMUM TEMPERATURE (F)   14


SUNRISE AND SUNSET
FEBRUARY  7 2017......SUNRISE   700 AM EST   SUNSET   515 PM EST
FEBRUARY  8 2017......SUNRISE   659 AM EST   SUNSET   517 PM EST


-  INDICATES NEGATIVE NUMBERS.
R  INDICATES RECORD WAS SET OR TIED.
MM INDICATES DATA IS MISSING.
T  INDICATES TRACE AMOUNT.




$$
