000
CDUS41 KALY 260622
CLIPSF


CLIMATE REPORT
NATIONAL WEATHER SERVICE ALBANY NY
221 AM EDT FRI JUN 26 2015


...................................

...THE PITTSFIELD MA CLIMATE SUMMARY FOR JUNE 25 2015...

CLIMATE NORMAL PERIOD 1981 TO 2010
CLIMATE RECORD PERIOD 9999 TO 9999


WEATHER ITEM   OBSERVED TIME   NORMAL DEPARTURE LAST
                VALUE   (LST)  VALUE  FROM      YEAR
                                      NORMAL
......................................................
TEMPERATURE (F)
 YESTERDAY
  MAXIMUM         75    312 PM  76     -1       79
  MINIMUM         50    445 AM  55     -5       62
  AVERAGE         63            66     -3       71

PRECIPITATION (IN)
  YESTERDAY        0.00          0.12  -0.12     4.00
  MONTH TO DATE    6.94          3.82   3.12     5.35
  SINCE JUN 1      6.94          3.82   3.12     5.35
  SINCE JAN 1     18.08         20.86  -2.78    19.35

DEGREE DAYS
 HEATING
  YESTERDAY        2             2      0        0
  MONTH TO DATE   84            95    -11       58
  SINCE JUN 1     84            95    -11       58
  SINCE JUL 1   7748          7455    293     7735

 COOLING
  YESTERDAY        0             2     -2        6
  MONTH TO DATE   33            43    -10       26
  SINCE JUN 1     33            43    -10       26
  SINCE JAN 1     77            56     21       32
......................................................


WIND (MPH)
  HIGHEST WIND SPEED    18   HIGHEST WIND DIRECTION    SW (240)
  HIGHEST GUST SPEED    20   HIGHEST GUST DIRECTION     W (280)
  AVERAGE WIND SPEED     4.6


SKY COVER
  AVERAGE SKY COVER 0.2



RELATIVE HUMIDITY (PERCENT)
 HIGHEST    96
 LOWEST     46
 AVERAGE    71

..........................................................


THE PITTSFIELD MA CLIMATE NORMALS FOR TODAY
                         NORMAL
 MAXIMUM TEMPERATURE (F)   77
 MINIMUM TEMPERATURE (F)   55


SUNRISE AND SUNSET
JUNE 26 2015..........SUNRISE   518 AM EDT   SUNSET   834 PM EDT
JUNE 27 2015..........SUNRISE   518 AM EDT   SUNSET   834 PM EDT


-  INDICATES NEGATIVE NUMBERS.
R  INDICATES RECORD WAS SET OR TIED.
MM INDICATES DATA IS MISSING.
T  INDICATES TRACE AMOUNT.




$$
