000
CDUS41 KALY 190623
CLIPSF


CLIMATE REPORT
NATIONAL WEATHER SERVICE ALBANY NY
222 AM EDT SAT JUL 19 2014


...................................

...THE PITTSFIELD MA CLIMATE SUMMARY FOR JULY 18 2014...

CLIMATE NORMAL PERIOD 1981 TO 2010
CLIMATE RECORD PERIOD 9999 TO 9999


WEATHER ITEM   OBSERVED TIME   NORMAL DEPARTURE LAST
                VALUE   (LST)  VALUE  FROM      YEAR
                                      NORMAL
......................................................
TEMPERATURE (F)
 YESTERDAY
  MAXIMUM         75    252 PM  79     -4       90
  MINIMUM         50    350 AM  57     -7       68
  AVERAGE         63            68     -5       79

PRECIPITATION (IN)
  YESTERDAY        0.00          0.15  -0.15     0.00
  MONTH TO DATE    5.04          2.23   2.81     0.50
  SINCE JUN 1     10.39          6.63   3.76     7.87
  SINCE JAN 1     24.39         23.67   0.72    22.46

DEGREE DAYS
 HEATING
  YESTERDAY        2             1      1        0
  MONTH TO DATE    7            18    -11        0
  SINCE JUN 1     65           119    -54      108
  SINCE JUL 1      7            18    -11        0

 COOLING
  YESTERDAY        0             3     -3       14
  MONTH TO DATE   84            62     22      177
  SINCE JUN 1    127           118      9      263
  SINCE JAN 1    133           131      2      288
......................................................


WIND (MPH)
  HIGHEST WIND SPEED    13   HIGHEST WIND DIRECTION     W (280)
  HIGHEST GUST SPEED    17   HIGHEST GUST DIRECTION    NW (300)
  AVERAGE WIND SPEED     3.5


SKY COVER
  AVERAGE SKY COVER 0.1



RELATIVE HUMIDITY (PERCENT)
 HIGHEST   100
 LOWEST     41
 AVERAGE    71

..........................................................


THE PITTSFIELD MA CLIMATE NORMALS FOR TODAY
                         NORMAL
 MAXIMUM TEMPERATURE (F)   79
 MINIMUM TEMPERATURE (F)   57


SUNRISE AND SUNSET
JULY 19 2014..........SUNRISE   533 AM EDT   SUNSET   826 PM EDT
JULY 20 2014..........SUNRISE   534 AM EDT   SUNSET   825 PM EDT


-  INDICATES NEGATIVE NUMBERS.
R  INDICATES RECORD WAS SET OR TIED.
MM INDICATES DATA IS MISSING.
T  INDICATES TRACE AMOUNT.




$$
