000
CDUS41 KALY 300641
CLIPSF


CLIMATE REPORT
NATIONAL WEATHER SERVICE ALBANY NY
241 AM EDT MON OCT 30 2017


...................................

...THE PITTSFIELD MA CLIMATE SUMMARY FOR OCTOBER 29 2017...

CLIMATE NORMAL PERIOD 1981 TO 2010
CLIMATE RECORD PERIOD 9999 TO 9999


WEATHER ITEM   OBSERVED TIME   NORMAL DEPARTURE LAST
                VALUE   (LST)  VALUE  FROM      YEAR
                                      NORMAL
......................................................
TEMPERATURE (F)
 YESTERDAY
  MAXIMUM         62   1159 PM  54      8       55
  MINIMUM         57   1231 PM  33     24       32
  AVERAGE         60            44     16       44

PRECIPITATION (IN)
  YESTERDAY        2.09          0.11   1.98     0.01
  MONTH TO DATE    4.07          4.52  -0.45     3.79
  SINCE SEP 1      6.85          8.48  -1.63     5.66
  SINCE JAN 1     37.64         38.26  -0.62    29.03

DEGREE DAYS
 HEATING
  YESTERDAY        5            21    -16       21
  MONTH TO DATE  289           499   -210      445
  SINCE SEP 1    425           713   -288      573
  SINCE JUL 1    511           791   -280      597

 COOLING
  YESTERDAY        0             0      0        0
  MONTH TO DATE    8             0      8        1
  SINCE SEP 1     81            19     62       51
  SINCE JAN 1    351           289     62      432
......................................................


WIND (MPH)
  HIGHEST WIND SPEED    21   HIGHEST WIND DIRECTION     E (100)
  HIGHEST GUST SPEED    30   HIGHEST GUST DIRECTION     E (100)
  AVERAGE WIND SPEED     8.6


SKY COVER
  AVERAGE SKY COVER 1.0



RELATIVE HUMIDITY (PERCENT)
 HIGHEST   100
 LOWEST     80
 AVERAGE    90

..........................................................


THE PITTSFIELD MA CLIMATE NORMALS FOR TODAY
                         NORMAL
 MAXIMUM TEMPERATURE (F)   53
 MINIMUM TEMPERATURE (F)   33


SUNRISE AND SUNSET
OCTOBER 30 2017.......SUNRISE   724 AM EDT   SUNSET   549 PM EDT
OCTOBER 31 2017.......SUNRISE   726 AM EDT   SUNSET   547 PM EDT


-  INDICATES NEGATIVE NUMBERS.
R  INDICATES RECORD WAS SET OR TIED.
MM INDICATES DATA IS MISSING.
T  INDICATES TRACE AMOUNT.




$$
