122
CDUS41 KALY 200623
CLIPSF


CLIMATE REPORT
NATIONAL WEATHER SERVICE ALBANY NY
221 AM EDT SAT MAY 20 2017


...................................

...THE PITTSFIELD MA CLIMATE SUMMARY FOR MAY 19 2017...

CLIMATE NORMAL PERIOD 1981 TO 2010
CLIMATE RECORD PERIOD 9999 TO 9999


WEATHER ITEM   OBSERVED TIME   NORMAL DEPARTURE LAST
                VALUE   (LST)  VALUE  FROM      YEAR
                                      NORMAL
......................................................
TEMPERATURE (F)
 YESTERDAY
  MAXIMUM         81   1239 PM  68     13       68
  MINIMUM         50   1159 PM  44      6       42
  AVERAGE         66            56     10       55

PRECIPITATION (IN)
  YESTERDAY        0.00          0.15  -0.15      T
  MONTH TO DATE    4.78          2.23   2.55     1.81
  SINCE MAR 1     11.18          9.46   1.72     6.56
  SINCE JAN 1     16.76         15.06   1.70    11.93

DEGREE DAYS
 HEATING
  YESTERDAY        0            10    -10       10
  MONTH TO DATE  255           232     23      281
  SINCE MAR 1   1862          1887    -25     1730
  SINCE JUL 1   6564          7267   -703     6097

 COOLING
  YESTERDAY        1             0      1        0
  MONTH TO DATE   12             0     12        0
  SINCE MAR 1     14             2     12        0
  SINCE JAN 1     14             2     12        0
......................................................


WIND (MPH)
  HIGHEST WIND SPEED    25   HIGHEST WIND DIRECTION    NW (300)
  HIGHEST GUST SPEED    36   HIGHEST GUST DIRECTION     W (290)
  AVERAGE WIND SPEED     9.2


SKY COVER
  AVERAGE SKY COVER 0.3



RELATIVE HUMIDITY (PERCENT)
 HIGHEST   100
 LOWEST     48
 AVERAGE    74

..........................................................


THE PITTSFIELD MA CLIMATE NORMALS FOR TODAY
                         NORMAL
 MAXIMUM TEMPERATURE (F)   68
 MINIMUM TEMPERATURE (F)   44


SUNRISE AND SUNSET
MAY 20 2017...........SUNRISE   527 AM EDT   SUNSET   813 PM EDT
MAY 21 2017...........SUNRISE   526 AM EDT   SUNSET   814 PM EDT


-  INDICATES NEGATIVE NUMBERS.
R  INDICATES RECORD WAS SET OR TIED.
MM INDICATES DATA IS MISSING.
T  INDICATES TRACE AMOUNT.




$$
