000
CDUS41 KALY 042054
CLIPSF


CLIMATE REPORT
NATIONAL WEATHER SERVICE ALBANY NY
453 PM EDT TUE APR 4 2017


...................................

...THE PITTSFIELD MA CLIMATE SUMMARY FOR APRIL 4 2017...
VALID TODAY AS OF 0400 PM LOCAL TIME.

CLIMATE NORMAL PERIOD 1981 TO 2010
CLIMATE RECORD PERIOD 9999 TO 9999


WEATHER ITEM   OBSERVED TIME   NORMAL DEPARTURE LAST
                VALUE   (LST)  VALUE  FROM      YEAR
                                      NORMAL
......................................................
TEMPERATURE (F)
 TODAY
  MAXIMUM         45   1201 AM  49     -4       24
  MINIMUM         37    312 PM  29      8       17
  AVERAGE         41            39      2       21

PRECIPITATION (IN)
  TODAY            1.00          0.16   0.84     0.40
  MONTH TO DATE    1.04          0.67   0.37     0.74
  SINCE MAR 1      4.15          4.04   0.11     3.00
  SINCE JAN 1      9.73          9.64   0.09     8.37

DEGREE DAYS
 HEATING
  TODAY           24            26     -2       44
  MONTH TO DATE   99           106     -7      114
  SINCE MAR 1   1230          1133     97      911
  SINCE JUL 1   5932          6513   -581     5278

 COOLING
  TODAY            0             0      0        0
  MONTH TO DATE    0             0      0        0
  SINCE MAR 1      0             0      0        0
  SINCE JAN 1      0             0      0        0
......................................................


WIND (MPH)
  HIGHEST WIND SPEED    18   HIGHEST WIND DIRECTION    SE (120)
  HIGHEST GUST SPEED    27   HIGHEST GUST DIRECTION     E (110)
  AVERAGE WIND SPEED     9.2


SKY COVER
  AVERAGE SKY COVER 1.0



RELATIVE HUMIDITY (PERCENT)
 HIGHEST    93
 LOWEST     65
 AVERAGE    79

..........................................................


THE PITTSFIELD MA CLIMATE NORMALS FOR TOMORROW
                         NORMAL
 MAXIMUM TEMPERATURE (F)   50
 MINIMUM TEMPERATURE (F)   30


SUNRISE AND SUNSET
APRIL  4 2017.........SUNRISE   630 AM EDT   SUNSET   723 PM EDT
APRIL  5 2017.........SUNRISE   628 AM EDT   SUNSET   724 PM EDT


-  INDICATES NEGATIVE NUMBERS.
R  INDICATES RECORD WAS SET OR TIED.
MM INDICATES DATA IS MISSING.
T  INDICATES TRACE AMOUNT.




$$
