000
CDUS41 KALY 072048
CLIPSF


CLIMATE REPORT
NATIONAL WEATHER SERVICE ALBANY NY
448 PM EDT SUN MAY 7 2017


...................................

...THE PITTSFIELD MA CLIMATE SUMMARY FOR MAY 7 2017...
VALID TODAY AS OF 0400 PM LOCAL TIME.

CLIMATE NORMAL PERIOD 1981 TO 2010
CLIMATE RECORD PERIOD 9999 TO 9999


WEATHER ITEM   OBSERVED TIME   NORMAL DEPARTURE LAST
                VALUE   (LST)  VALUE  FROM      YEAR
                                      NORMAL
......................................................
TEMPERATURE (F)
 TODAY
  MAXIMUM         52    121 PM  64    -12       54
  MINIMUM         45    543 AM  41      4       46
  AVERAGE         49            52     -3       50

PRECIPITATION (IN)
  TODAY            0.14          0.11   0.03     0.03
  MONTH TO DATE    2.93          0.77   2.16     1.18
  SINCE MAR 1      9.33          8.00   1.33     5.93
  SINCE JAN 1     14.91         13.60   1.31    11.30

DEGREE DAYS
 HEATING
  TODAY           16            13      3       15
  MONTH TO DATE   97            98     -1      120
  SINCE MAR 1   1704          1753    -49     1569
  SINCE JUL 1   6406          7133   -727     5936

 COOLING
  TODAY            0             0      0        0
  MONTH TO DATE    0             0      0        0
  SINCE MAR 1      2             2      0        0
  SINCE JAN 1      2             2      0        0
......................................................


WIND (MPH)
  HIGHEST WIND SPEED    18   HIGHEST WIND DIRECTION    SW (230)
  HIGHEST GUST SPEED    26   HIGHEST GUST DIRECTION     S (200)
  AVERAGE WIND SPEED     9.4


SKY COVER
  AVERAGE SKY COVER 1.0



RELATIVE HUMIDITY (PERCENT)
 HIGHEST    89
 LOWEST     66
 AVERAGE    78

..........................................................


THE PITTSFIELD MA CLIMATE NORMALS FOR TOMORROW
                         NORMAL
 MAXIMUM TEMPERATURE (F)   64
 MINIMUM TEMPERATURE (F)   41


SUNRISE AND SUNSET
MAY  7 2017...........SUNRISE   540 AM EDT   SUNSET   800 PM EDT
MAY  8 2017...........SUNRISE   539 AM EDT   SUNSET   801 PM EDT


-  INDICATES NEGATIVE NUMBERS.
R  INDICATES RECORD WAS SET OR TIED.
MM INDICATES DATA IS MISSING.
T  INDICATES TRACE AMOUNT.




$$
