000
CDUS41 KALY 210622
CLIPSF


CLIMATE REPORT
NATIONAL WEATHER SERVICE ALBANY NY
222 AM EDT TUE MAR 21 2017


...................................

...THE PITTSFIELD MA CLIMATE SUMMARY FOR MARCH 20 2017...

CLIMATE NORMAL PERIOD 1981 TO 2010
CLIMATE RECORD PERIOD 9999 TO 9999


WEATHER ITEM   OBSERVED TIME   NORMAL DEPARTURE LAST
                VALUE   (LST)  VALUE  FROM      YEAR
                                      NORMAL
......................................................
TEMPERATURE (F)
 YESTERDAY
  MAXIMUM         45    345 PM  43      2       37
  MINIMUM         19    559 AM  23     -4       17
  AVERAGE         32            33     -1       27

PRECIPITATION (IN)
  YESTERDAY        0.00          0.14  -0.14     0.00
  MONTH TO DATE    1.05          1.89  -0.84     1.58
  SINCE MAR 1      1.05          1.89  -0.84     1.58
  SINCE JAN 1      6.63          7.49  -0.86     6.95

DEGREE DAYS
 HEATING
  YESTERDAY       33            32      1       38
  MONTH TO DATE  782           701     81      543
  SINCE MAR 1    782           701     81      543
  SINCE JUL 1   5484          6081   -597     4910

 COOLING
  YESTERDAY        0             0      0        0
  MONTH TO DATE    0             0      0        0
  SINCE MAR 1      0             0      0        0
  SINCE JAN 1      0             0      0        0
......................................................


WIND (MPH)
  HIGHEST WIND SPEED    15   HIGHEST WIND DIRECTION     W (280)
  HIGHEST GUST SPEED    19   HIGHEST GUST DIRECTION     W (290)
  AVERAGE WIND SPEED     5.7


SKY COVER
  AVERAGE SKY COVER 0.1



RELATIVE HUMIDITY (PERCENT)
 HIGHEST    68
 LOWEST     25
 AVERAGE    47

..........................................................


THE PITTSFIELD MA CLIMATE NORMALS FOR TODAY
                         NORMAL
 MAXIMUM TEMPERATURE (F)   44
 MINIMUM TEMPERATURE (F)   23


SUNRISE AND SUNSET
MARCH 21 2017.........SUNRISE   654 AM EDT   SUNSET   707 PM EDT
MARCH 22 2017.........SUNRISE   653 AM EDT   SUNSET   708 PM EDT


-  INDICATES NEGATIVE NUMBERS.
R  INDICATES RECORD WAS SET OR TIED.
MM INDICATES DATA IS MISSING.
T  INDICATES TRACE AMOUNT.




$$
