000
CDUS41 KALY 092041
CLIPSF


CLIMATE REPORT
NATIONAL WEATHER SERVICE ALBANY NY
439 PM EDT SUN JUL 9 2017


...................................

...THE PITTSFIELD MA CLIMATE SUMMARY FOR JULY 9 2017...
VALID TODAY AS OF 0400 PM LOCAL TIME.

CLIMATE NORMAL PERIOD 1981 TO 2010
CLIMATE RECORD PERIOD 9999 TO 9999


WEATHER ITEM   OBSERVED TIME   NORMAL DEPARTURE LAST
                VALUE   (LST)  VALUE  FROM      YEAR
                                      NORMAL
......................................................
TEMPERATURE (F)
 TODAY
  MAXIMUM         76    259 PM  79     -3       62
  MINIMUM         53    409 AM  56     -3       57
  AVERAGE         65            67     -2       60

PRECIPITATION (IN)
  TODAY            0.00          0.13  -0.13     0.43
  MONTH TO DATE    1.55          1.03   0.52     1.78
  SINCE JUN 1      5.55          5.43   0.12     4.28
  SINCE JAN 1     24.33         22.47   1.86    18.38

DEGREE DAYS
 HEATING
  TODAY            0             1     -1        5
  MONTH TO DATE    0             9     -9        7
  SINCE JUN 1    106           110     -4       83
  SINCE JUL 1      0             9     -9        7

 COOLING
  TODAY            0             4     -4        0
  MONTH TO DATE   29            29      0       33
  SINCE JUN 1    107            85     22       72
  SINCE JAN 1    121            98     23      113
......................................................


WIND (MPH)
  HIGHEST WIND SPEED    16   HIGHEST WIND DIRECTION     W (250)
  HIGHEST GUST SPEED    24   HIGHEST GUST DIRECTION     W (270)
  AVERAGE WIND SPEED     7.8


SKY COVER
  AVERAGE SKY COVER 0.2



RELATIVE HUMIDITY (PERCENT)
 HIGHEST    93
 LOWEST     46
 AVERAGE    70

..........................................................


THE PITTSFIELD MA CLIMATE NORMALS FOR TOMORROW
                         NORMAL
 MAXIMUM TEMPERATURE (F)   79
 MINIMUM TEMPERATURE (F)   56


SUNRISE AND SUNSET
JULY  9 2017..........SUNRISE   525 AM EDT   SUNSET   832 PM EDT
JULY 10 2017..........SUNRISE   526 AM EDT   SUNSET   831 PM EDT


-  INDICATES NEGATIVE NUMBERS.
R  INDICATES RECORD WAS SET OR TIED.
MM INDICATES DATA IS MISSING.
T  INDICATES TRACE AMOUNT.




$$
