000
CDUS41 KALY 180622
CLIPSF


CLIMATE REPORT
NATIONAL WEATHER SERVICE ALBANY NY
222 AM EDT TUE AUG 18 2015


...................................

...THE PITTSFIELD MA CLIMATE SUMMARY FOR AUGUST 17 2015...

CLIMATE NORMAL PERIOD 1981 TO 2010
CLIMATE RECORD PERIOD 9999 TO 9999


WEATHER ITEM   OBSERVED TIME   NORMAL DEPARTURE LAST
                VALUE   (LST)  VALUE  FROM      YEAR
                                      NORMAL
......................................................
TEMPERATURE (F)
 YESTERDAY
  MAXIMUM         86        MM  77      9       72
  MINIMUM         60        MM  56      4       55
  AVERAGE         73            67      6       64

PRECIPITATION (IN)
  YESTERDAY        0.00          0.13  -0.13      T
  MONTH TO DATE    1.88          2.31  -0.43     1.27
  SINCE JUN 1     15.01         10.96   4.05    15.85
  SINCE JAN 1     26.15         28.00  -1.85    29.85

DEGREE DAYS
 HEATING
  YESTERDAY        0             1     -1        1
  MONTH TO DATE    1            17    -16       28
  SINCE JUN 1    131           149    -18      104
  SINCE JUL 1     20            48    -28       46

 COOLING
  YESTERDAY        8             3      5        0
  MONTH TO DATE   55            63     -8       18
  SINCE JUN 1    209           227    -18      175
  SINCE JAN 1    253           240     13      181
......................................................


WIND (MPH)
  HIGHEST WIND SPEED     9   HIGHEST WIND DIRECTION    NW (330)
  HIGHEST GUST SPEED    MM   HIGHEST GUST DIRECTION    MM
  AVERAGE WIND SPEED     2.2


SKY COVER
  AVERAGE SKY COVER 0.4



RELATIVE HUMIDITY (PERCENT)
 HIGHEST   100
 LOWEST     45
 AVERAGE    73

..........................................................


THE PITTSFIELD MA CLIMATE NORMALS FOR TODAY
                         NORMAL
 MAXIMUM TEMPERATURE (F)   77
 MINIMUM TEMPERATURE (F)   56


SUNRISE AND SUNSET
AUGUST 18 2015........SUNRISE   603 AM EDT   SUNSET   750 PM EDT
AUGUST 19 2015........SUNRISE   604 AM EDT   SUNSET   749 PM EDT


-  INDICATES NEGATIVE NUMBERS.
R  INDICATES RECORD WAS SET OR TIED.
MM INDICATES DATA IS MISSING.
T  INDICATES TRACE AMOUNT.




$$
