000
CDUS41 KALY 120630
CLIPSF


CLIMATE REPORT
NATIONAL WEATHER SERVICE ALBANY NY
229 AM EDT SUN OCT 12 2014


...................................

...THE PITTSFIELD MA CLIMATE SUMMARY FOR OCTOBER 11 2014...

CLIMATE NORMAL PERIOD 1981 TO 2010
CLIMATE RECORD PERIOD 9999 TO 9999


WEATHER ITEM   OBSERVED TIME   NORMAL DEPARTURE LAST
                VALUE   (LST)  VALUE  FROM      YEAR
                                      NORMAL
......................................................
TEMPERATURE (F)
 YESTERDAY
  MAXIMUM         57    217 PM  59     -2       72
  MINIMUM         39    218 AM  39      0       40
  AVERAGE         48            49     -1       56

PRECIPITATION (IN)
  YESTERDAY        0.05          0.18  -0.13     0.00
  MONTH TO DATE    1.65          1.89  -0.24     1.04
  SINCE SEP 1      3.06          5.85  -2.79     4.73
  SINCE JAN 1     33.98         35.63  -1.65    32.83

DEGREE DAYS
 HEATING
  YESTERDAY       17            16      1        9
  MONTH TO DATE  131           158    -27      100
  SINCE SEP 1    335           372    -37      353
  SINCE JUL 1    408           450    -42      409

 COOLING
  YESTERDAY        0             0      0        0
  MONTH TO DATE    0             0      0        0
  SINCE SEP 1     34            19     15       33
  SINCE JAN 1    233           289    -56      433
......................................................


WIND (MPH)
  HIGHEST WIND SPEED    13   HIGHEST WIND DIRECTION     W (290)
  HIGHEST GUST SPEED    16   HIGHEST GUST DIRECTION     W (290)
  AVERAGE WIND SPEED     3.8


SKY COVER
  AVERAGE SKY COVER 0.4



RELATIVE HUMIDITY (PERCENT)
 HIGHEST   100
 LOWEST     55
 AVERAGE    78

..........................................................


THE PITTSFIELD MA CLIMATE NORMALS FOR TODAY
                         NORMAL
 MAXIMUM TEMPERATURE (F)   59
 MINIMUM TEMPERATURE (F)   38


SUNRISE AND SUNSET
OCTOBER 12 2014.......SUNRISE   703 AM EDT   SUNSET   616 PM EDT
OCTOBER 13 2014.......SUNRISE   704 AM EDT   SUNSET   614 PM EDT


-  INDICATES NEGATIVE NUMBERS.
R  INDICATES RECORD WAS SET OR TIED.
MM INDICATES DATA IS MISSING.
T  INDICATES TRACE AMOUNT.




$$
