000
CDUS41 KALY 050627
CLIPSF


CLIMATE REPORT
NATIONAL WEATHER SERVICE ALBANY NY
126 AM EST MON FEB 5 2018


...................................

...THE PITTSFIELD MA CLIMATE SUMMARY FOR FEBRUARY 4 2018...

CLIMATE NORMAL PERIOD 1981 TO 2010
CLIMATE RECORD PERIOD 9999 TO 9999


WEATHER ITEM   OBSERVED TIME   NORMAL DEPARTURE LAST
                VALUE   (LST)  VALUE  FROM      YEAR
                                      NORMAL
......................................................
TEMPERATURE (F)
 YESTERDAY
  MAXIMUM         38    724 PM  30      8       26
  MINIMUM         23   1236 AM  13     10       13
  AVERAGE         31            22      9       20

PRECIPITATION (IN)
  YESTERDAY        0.87          0.09   0.78      T
  MONTH TO DATE    1.05          0.33   0.72     0.08
  SINCE DEC 1      7.86          6.25   1.61     5.82
  SINCE JAN 1      5.71          3.25   2.46     2.80

DEGREE DAYS
 HEATING
  YESTERDAY       34            44    -10       45
  MONTH TO DATE  167           176     -9      169
  SINCE DEC 1   2745          2750     -5     2494
  SINCE JUL 1   4070          4401   -331     3901

 COOLING
  YESTERDAY        0             0      0        0
  MONTH TO DATE    0             0      0        0
  SINCE DEC 1      0             0      0        0
  SINCE JAN 1      0             0      0        0
......................................................


WIND (MPH)
  HIGHEST WIND SPEED    23   HIGHEST WIND DIRECTION     S (180)
  HIGHEST GUST SPEED    32   HIGHEST GUST DIRECTION     S (180)
  AVERAGE WIND SPEED     8.7


SKY COVER
  AVERAGE SKY COVER 1.0



RELATIVE HUMIDITY (PERCENT)
 HIGHEST    96
 LOWEST     38
 AVERAGE    67

..........................................................


THE PITTSFIELD MA CLIMATE NORMALS FOR TODAY
                         NORMAL
 MAXIMUM TEMPERATURE (F)   30
 MINIMUM TEMPERATURE (F)   13


SUNRISE AND SUNSET
FEBRUARY  5 2018......SUNRISE   703 AM EST   SUNSET   512 PM EST
FEBRUARY  6 2018......SUNRISE   701 AM EST   SUNSET   514 PM EST


-  INDICATES NEGATIVE NUMBERS.
R  INDICATES RECORD WAS SET OR TIED.
MM INDICATES DATA IS MISSING.
T  INDICATES TRACE AMOUNT.




$$
