000
CDUS41 KALY 040627
CLIPSF


CLIMATE REPORT
NATIONAL WEATHER SERVICE ALBANY NY
226 AM EDT MON JUL 4 2016


...................................

...THE PITTSFIELD MA CLIMATE SUMMARY FOR JULY 3 2016...

CLIMATE NORMAL PERIOD 1981 TO 2010
CLIMATE RECORD PERIOD 9999 TO 9999


WEATHER ITEM   OBSERVED TIME   NORMAL DEPARTURE LAST
                VALUE   (LST)  VALUE  FROM      YEAR
                                      NORMAL
......................................................
TEMPERATURE (F)
 YESTERDAY
  MAXIMUM         77    348 PM  78     -1       73
  MINIMUM         52    359 AM  56     -4       47
  AVERAGE         65            67     -2       60

PRECIPITATION (IN)
  YESTERDAY        0.00          0.11  -0.11     0.00
  MONTH TO DATE    0.37          0.33   0.04     2.03
  SINCE JUN 1      2.87          4.73  -1.86    10.16
  SINCE JAN 1     16.97         21.77  -4.80    21.30

DEGREE DAYS
 HEATING
  YESTERDAY        0             1     -1        5
  MONTH TO DATE    2             3     -1        5
  SINCE JUN 1     78           104    -26      116
  SINCE JUL 1      2             3     -1        5

 COOLING
  YESTERDAY        0             3     -3        0
  MONTH TO DATE    1             9     -8        2
  SINCE JUN 1     40            65    -25       35
  SINCE JAN 1     81            78      3       79
......................................................


WIND (MPH)
  HIGHEST WIND SPEED    18   HIGHEST WIND DIRECTION     W (280)
  HIGHEST GUST SPEED    25   HIGHEST GUST DIRECTION     W (280)
  AVERAGE WIND SPEED     6.2


SKY COVER
  AVERAGE SKY COVER 0.2



RELATIVE HUMIDITY (PERCENT)
 HIGHEST    80
 LOWEST     36
 AVERAGE    58

..........................................................


THE PITTSFIELD MA CLIMATE NORMALS FOR TODAY
                         NORMAL
 MAXIMUM TEMPERATURE (F)   78
 MINIMUM TEMPERATURE (F)   56


SUNRISE AND SUNSET
JULY  4 2016..........SUNRISE   522 AM EDT   SUNSET   833 PM EDT
JULY  5 2016..........SUNRISE   522 AM EDT   SUNSET   833 PM EDT


-  INDICATES NEGATIVE NUMBERS.
R  INDICATES RECORD WAS SET OR TIED.
MM INDICATES DATA IS MISSING.
T  INDICATES TRACE AMOUNT.




$$
