000
CDUS41 KALY 010622
CLIPSF


CLIMATE REPORT
NATIONAL WEATHER SERVICE ALBANY NY
222 AM EDT TUE AUG 1 2017


...................................

...THE PITTSFIELD MA CLIMATE SUMMARY FOR JULY 31 2017...

CLIMATE NORMAL PERIOD 1981 TO 2010
CLIMATE RECORD PERIOD 9999 TO 9999


WEATHER ITEM   OBSERVED TIME   NORMAL DEPARTURE LAST
                VALUE   (LST)  VALUE  FROM      YEAR
                                      NORMAL
......................................................
TEMPERATURE (F)
 YESTERDAY
  MAXIMUM         83    227 PM  79      4       70
  MINIMUM         50    502 AM  57     -7       61
  AVERAGE         67            68     -1       66

PRECIPITATION (IN)
  YESTERDAY        0.00          0.18  -0.18     1.63
  MONTH TO DATE    3.42          4.25  -0.83     4.15
  SINCE JUN 1      7.42          8.65  -1.23     6.65
  SINCE JAN 1     26.20         25.69   0.51    20.75

DEGREE DAYS
 HEATING
  YESTERDAY        0             1     -1        0
  MONTH TO DATE   23            31     -8       11
  SINCE JUN 1    129           132     -3       87
  SINCE JUL 1     23            31     -8       11

 COOLING
  YESTERDAY        2             4     -2        1
  MONTH TO DATE  110           108      2      155
  SINCE JUN 1    188           164     24      194
  SINCE JAN 1    202           177     25      235
......................................................


WIND (MPH)
  HIGHEST WIND SPEED    12   HIGHEST WIND DIRECTION     W (280)
  HIGHEST GUST SPEED    16   HIGHEST GUST DIRECTION     W (290)
  AVERAGE WIND SPEED     3.3


SKY COVER
  AVERAGE SKY COVER 0.0



RELATIVE HUMIDITY (PERCENT)
 HIGHEST    96
 LOWEST     43
 AVERAGE    70

..........................................................


THE PITTSFIELD MA CLIMATE NORMALS FOR TODAY
                         NORMAL
 MAXIMUM TEMPERATURE (F)   79
 MINIMUM TEMPERATURE (F)   57


SUNRISE AND SUNSET
AUGUST  1 2017........SUNRISE   546 AM EDT   SUNSET   813 PM EDT
AUGUST  2 2017........SUNRISE   547 AM EDT   SUNSET   811 PM EDT


-  INDICATES NEGATIVE NUMBERS.
R  INDICATES RECORD WAS SET OR TIED.
MM INDICATES DATA IS MISSING.
T  INDICATES TRACE AMOUNT.




$$
