000
CDUS41 KALY 130623
CLIPSF


CLIMATE REPORT
NATIONAL WEATHER SERVICE ALBANY NY
222 AM EDT WED AUG 13 2014


...................................

...THE PITTSFIELD MA CLIMATE SUMMARY FOR AUGUST 12 2014...

CLIMATE NORMAL PERIOD 1981 TO 2010
CLIMATE RECORD PERIOD 9999 TO 9999


WEATHER ITEM   OBSERVED TIME   NORMAL DEPARTURE LAST
                VALUE   (LST)  VALUE  FROM      YEAR
                                      NORMAL
......................................................
TEMPERATURE (F)
 YESTERDAY
  MAXIMUM         73    213 PM  78     -5       77
  MINIMUM         56    503 AM  57     -1       51
  AVERAGE         65            67     -2       64

PRECIPITATION (IN)
  YESTERDAY        0.02          0.12  -0.10     0.00
  MONTH TO DATE    0.84          1.68  -0.84     2.30
  SINCE JUN 1     15.42         10.33   5.09    10.98
  SINCE JAN 1     29.42         27.37   2.05    25.57

DEGREE DAYS
 HEATING
  YESTERDAY        0             1     -1        1
  MONTH TO DATE    5            12     -7       17
  SINCE JUN 1     81           144    -63      133
  SINCE JUL 1     23            43    -20       25

 COOLING
  YESTERDAY        0             4     -4        0
  MONTH TO DATE   18            48    -30       20
  SINCE JUN 1    175           212    -37      331
  SINCE JAN 1    181           225    -44      356
......................................................


WIND (MPH)
  HIGHEST WIND SPEED    21   HIGHEST WIND DIRECTION    SE (140)
  HIGHEST GUST SPEED    31   HIGHEST GUST DIRECTION    SE (140)
  AVERAGE WIND SPEED     7.2


SKY COVER
  AVERAGE SKY COVER 0.4



RELATIVE HUMIDITY (PERCENT)
 HIGHEST   100
 LOWEST     61
 AVERAGE    81

..........................................................


THE PITTSFIELD MA CLIMATE NORMALS FOR TODAY
                         NORMAL
 MAXIMUM TEMPERATURE (F)   78
 MINIMUM TEMPERATURE (F)   57


SUNRISE AND SUNSET
AUGUST 13 2014........SUNRISE   558 AM EDT   SUNSET   757 PM EDT
AUGUST 14 2014........SUNRISE   559 AM EDT   SUNSET   756 PM EDT


-  INDICATES NEGATIVE NUMBERS.
R  INDICATES RECORD WAS SET OR TIED.
MM INDICATES DATA IS MISSING.
T  INDICATES TRACE AMOUNT.




$$
