000
CDUS41 KALY 090623
CLIPSF


CLIMATE REPORT
NATIONAL WEATHER SERVICE ALBANY NY
122 AM EST TUE DEC 9 2014


...................................

...THE PITTSFIELD MA CLIMATE SUMMARY FOR DECEMBER 8 2014...

CLIMATE NORMAL PERIOD 1981 TO 2010
CLIMATE RECORD PERIOD 9999 TO 9999


WEATHER ITEM   OBSERVED TIME   NORMAL DEPARTURE LAST
                VALUE   (LST)  VALUE  FROM      YEAR
                                      NORMAL
......................................................
TEMPERATURE (F)
 YESTERDAY
  MAXIMUM         27   1159 PM  37    -10       27
  MINIMUM         13    752 AM  23    -10       20
  AVERAGE         20            30    -10       24

PRECIPITATION (IN)
  YESTERDAY        T             0.10  -0.10      T
  MONTH TO DATE    0.95          0.82   0.13     0.38
  SINCE DEC 1      0.95          0.82   0.13     0.38
  SINCE JAN 1     41.37         43.20  -1.83    37.19

DEGREE DAYS
 HEATING
  YESTERDAY       45            35     10       41
  MONTH TO DATE  287           273     14      249
  SINCE DEC 1    287           273     14      249
  SINCE JUL 1   1909          1924    -15     1929

 COOLING
  YESTERDAY        0             0      0        0
  MONTH TO DATE    0             0      0        0
  SINCE DEC 1      0             0      0        0
  SINCE JAN 1    238           290    -52      433
......................................................


WIND (MPH)
  HIGHEST WIND SPEED    14   HIGHEST WIND DIRECTION    NE (50)
  HIGHEST GUST SPEED    19   HIGHEST GUST DIRECTION    SE (120)
  AVERAGE WIND SPEED     5.5


SKY COVER
  AVERAGE SKY COVER 0.5



RELATIVE HUMIDITY (PERCENT)
 HIGHEST    88
 LOWEST     40
 AVERAGE    64

..........................................................


THE PITTSFIELD MA CLIMATE NORMALS FOR TODAY
                         NORMAL
 MAXIMUM TEMPERATURE (F)   36
 MINIMUM TEMPERATURE (F)   22


SUNRISE AND SUNSET
DECEMBER  9 2014......SUNRISE   711 AM EST   SUNSET   420 PM EST
DECEMBER 10 2014......SUNRISE   712 AM EST   SUNSET   420 PM EST


-  INDICATES NEGATIVE NUMBERS.
R  INDICATES RECORD WAS SET OR TIED.
MM INDICATES DATA IS MISSING.
T  INDICATES TRACE AMOUNT.




$$
