000
CDUS41 KALY 012045
CLIPSF


CLIMATE REPORT
NATIONAL WEATHER SERVICE ALBANY NY
444 PM EDT SUN OCT 1 2017


...................................

...THE PITTSFIELD MA CLIMATE SUMMARY FOR OCTOBER 1 2017...
VALID TODAY AS OF 0400 PM LOCAL TIME.

CLIMATE NORMAL PERIOD 1981 TO 2010
CLIMATE RECORD PERIOD 9999 TO 9999


WEATHER ITEM   OBSERVED TIME   NORMAL DEPARTURE LAST
                VALUE   (LST)  VALUE  FROM      YEAR
                                      NORMAL
......................................................
TEMPERATURE (F)
 TODAY
  MAXIMUM         60    315 PM  63     -3       56
  MINIMUM         40   1224 AM  42     -2       48
  AVERAGE         50            52     -2       52

PRECIPITATION (IN)
  TODAY            0.00          0.18  -0.18     0.01
  MONTH TO DATE    0.00          0.18  -0.18     0.01
  SINCE SEP 1      2.78          4.14  -1.36     1.88
  SINCE JAN 1     33.57         33.92  -0.35    25.25

DEGREE DAYS
 HEATING
  TODAY           15            13      2       13
  MONTH TO DATE   15            13      2       13
  SINCE SEP 1    151           227    -76      141
  SINCE JUL 1    237           305    -68      165

 COOLING
  TODAY            0             0      0        0
  MONTH TO DATE    0             0      0        0
  SINCE SEP 1     73            19     54       50
  SINCE JAN 1    343           289     54      431
......................................................


WIND (MPH)
  HIGHEST WIND SPEED    14   HIGHEST WIND DIRECTION     W (280)
  HIGHEST GUST SPEED    17   HIGHEST GUST DIRECTION    NW (300)
  AVERAGE WIND SPEED     4.2


SKY COVER
  AVERAGE SKY COVER 0.5



RELATIVE HUMIDITY (PERCENT)
 HIGHEST   100
 LOWEST     44
 AVERAGE    72

..........................................................


THE PITTSFIELD MA CLIMATE NORMALS FOR TOMORROW
                         NORMAL
 MAXIMUM TEMPERATURE (F)   63
 MINIMUM TEMPERATURE (F)   42


SUNRISE AND SUNSET
OCTOBER  1 2017.......SUNRISE   651 AM EDT   SUNSET   634 PM EDT
OCTOBER  2 2017.......SUNRISE   652 AM EDT   SUNSET   633 PM EDT


-  INDICATES NEGATIVE NUMBERS.
R  INDICATES RECORD WAS SET OR TIED.
MM INDICATES DATA IS MISSING.
T  INDICATES TRACE AMOUNT.




$$
