000
CDUS41 KALY 012042
CLIPSF


CLIMATE REPORT
NATIONAL WEATHER SERVICE ALBANY NY
442 PM EDT WED NOV 1 2017


...................................

...THE PITTSFIELD MA CLIMATE SUMMARY FOR NOVEMBER 1 2017...
VALID TODAY AS OF 0400 PM LOCAL TIME.

CLIMATE NORMAL PERIOD 1981 TO 2010
CLIMATE RECORD PERIOD 9999 TO 9999


WEATHER ITEM   OBSERVED TIME   NORMAL DEPARTURE LAST
                VALUE   (LST)  VALUE  FROM      YEAR
                                      NORMAL
......................................................
TEMPERATURE (F)
 TODAY
  MAXIMUM         46    117 PM  53     -7       53
  MINIMUM         28    605 AM  33     -5       23
  AVERAGE         37            43     -6       38

PRECIPITATION (IN)
  TODAY            0.02          0.13  -0.11     0.00
  MONTH TO DATE    0.02          0.13  -0.11     0.00
  SINCE SEP 1      7.31          8.80  -1.49     5.72
  SINCE JAN 1     38.10         38.58  -0.48    29.09

DEGREE DAYS
 HEATING
  TODAY           28            22      6       27
  MONTH TO DATE   28            22      6       27
  SINCE SEP 1    487           780   -293      645
  SINCE JUL 1    573           858   -285      669

 COOLING
  TODAY            0             0      0        0
  MONTH TO DATE    0             0      0        0
  SINCE SEP 1     81            20     61       51
  SINCE JAN 1    351           290     61      432
......................................................


WIND (MPH)
  HIGHEST WIND SPEED    12   HIGHEST WIND DIRECTION     S (190)
  HIGHEST GUST SPEED    14   HIGHEST GUST DIRECTION     S (200)
  AVERAGE WIND SPEED     0.7


SKY COVER
  AVERAGE SKY COVER 0.6



RELATIVE HUMIDITY (PERCENT)
 HIGHEST   100
 LOWEST     53
 AVERAGE    77

..........................................................


THE PITTSFIELD MA CLIMATE NORMALS FOR TOMORROW
                         NORMAL
 MAXIMUM TEMPERATURE (F)   52
 MINIMUM TEMPERATURE (F)   32


SUNRISE AND SUNSET
NOVEMBER  1 2017......SUNRISE   727 AM EDT   SUNSET   546 PM EDT
NOVEMBER  2 2017......SUNRISE   728 AM EDT   SUNSET   545 PM EDT


-  INDICATES NEGATIVE NUMBERS.
R  INDICATES RECORD WAS SET OR TIED.
MM INDICATES DATA IS MISSING.
T  INDICATES TRACE AMOUNT.




$$
