000
CDUS41 KALY 090625
CLIPSF


CLIMATE REPORT
NATIONAL WEATHER SERVICE ALBANY NY
225 AM EDT SAT APR 9 2016


...................................

...THE PITTSFIELD MA CLIMATE SUMMARY FOR APRIL 8 2016...

CLIMATE NORMAL PERIOD 1981 TO 2010
CLIMATE RECORD PERIOD 9999 TO 9999


WEATHER ITEM   OBSERVED TIME   NORMAL DEPARTURE LAST
                VALUE   (LST)  VALUE  FROM      YEAR
                                      NORMAL
......................................................
TEMPERATURE (F)
 YESTERDAY
  MAXIMUM         44    149 AM  51     -7       39
  MINIMUM         29   1159 PM  31     -2       32
  AVERAGE         37            41     -4       36

PRECIPITATION (IN)
  YESTERDAY        0.08          0.15  -0.07     0.36
  MONTH TO DATE    1.43          1.28   0.15     0.69
  SINCE MAR 1      3.69          4.65  -0.96     2.26
  SINCE JAN 1      9.06         10.25  -1.19     7.35

DEGREE DAYS
 HEATING
  YESTERDAY       28            24      4       29
  MONTH TO DATE  243           204     39      207
  SINCE MAR 1   1040          1231   -191     1408
  SINCE JUL 1   5407          6611  -1204     7071

 COOLING
  YESTERDAY        0             0      0        0
  MONTH TO DATE    0             0      0        0
  SINCE MAR 1      0             0      0        0
  SINCE JAN 1      0             0      0        0
......................................................


WIND (MPH)
  HIGHEST WIND SPEED    24   HIGHEST WIND DIRECTION     W (290)
  HIGHEST GUST SPEED    31   HIGHEST GUST DIRECTION    NW (300)
  AVERAGE WIND SPEED     8.7


SKY COVER
  AVERAGE SKY COVER 0.9



RELATIVE HUMIDITY (PERCENT)
 HIGHEST    89
 LOWEST     54
 AVERAGE    72

..........................................................


THE PITTSFIELD MA CLIMATE NORMALS FOR TODAY
                         NORMAL
 MAXIMUM TEMPERATURE (F)   52
 MINIMUM TEMPERATURE (F)   31


SUNRISE AND SUNSET
APRIL  9 2016.........SUNRISE   621 AM EDT   SUNSET   729 PM EDT
APRIL 10 2016.........SUNRISE   620 AM EDT   SUNSET   730 PM EDT


-  INDICATES NEGATIVE NUMBERS.
R  INDICATES RECORD WAS SET OR TIED.
MM INDICATES DATA IS MISSING.
T  INDICATES TRACE AMOUNT.




$$
