000
CDUS41 KALY 160635
CLIPSF


CLIMATE REPORT
NATIONAL WEATHER SERVICE ALBANY NY
132 AM EST THU FEB 16 2017


...................................

...THE PITTSFIELD MA CLIMATE SUMMARY FOR FEBRUARY 15 2017...

CLIMATE NORMAL PERIOD 1981 TO 2010
CLIMATE RECORD PERIOD 9999 TO 9999


WEATHER ITEM   OBSERVED TIME   NORMAL DEPARTURE LAST
                VALUE   (LST)  VALUE  FROM      YEAR
                                      NORMAL
......................................................
TEMPERATURE (F)
 YESTERDAY
  MAXIMUM         36    346 PM  32      4       22
  MINIMUM         22    713 AM  15      7      -14
  AVERAGE         29            24      5        4

PRECIPITATION (IN)
  YESTERDAY        0.03          0.10  -0.07     0.11
  MONTH TO DATE    1.74          1.39   0.35     1.02
  SINCE DEC 1      7.48          7.31   0.17     5.79
  SINCE JAN 1      4.46          4.31   0.15     2.11

DEGREE DAYS
 HEATING
  YESTERDAY       36            41     -5       61
  MONTH TO DATE  611           641    -30      635
  SINCE DEC 1   2936          3215   -279     2609
  SINCE JUL 1   4343          4866   -523     3982

 COOLING
  YESTERDAY        0             0      0        0
  MONTH TO DATE    0             0      0        0
  SINCE DEC 1      0             0      0        0
  SINCE JAN 1      0             0      0        0
......................................................


WIND (MPH)
  HIGHEST WIND SPEED    24   HIGHEST WIND DIRECTION     W (290)
  HIGHEST GUST SPEED    36   HIGHEST GUST DIRECTION    NW (300)
  AVERAGE WIND SPEED     5.7


SKY COVER
  AVERAGE SKY COVER 0.9



RELATIVE HUMIDITY (PERCENT)
 HIGHEST    89
 LOWEST     63
 AVERAGE    76

..........................................................


THE PITTSFIELD MA CLIMATE NORMALS FOR TODAY
                         NORMAL
 MAXIMUM TEMPERATURE (F)   32
 MINIMUM TEMPERATURE (F)   16


SUNRISE AND SUNSET
FEBRUARY 16 2017......SUNRISE   648 AM EST   SUNSET   527 PM EST
FEBRUARY 17 2017......SUNRISE   647 AM EST   SUNSET   528 PM EST


-  INDICATES NEGATIVE NUMBERS.
R  INDICATES RECORD WAS SET OR TIED.
MM INDICATES DATA IS MISSING.
T  INDICATES TRACE AMOUNT.




$$
