000
CDUS41 KALY 020622
CLIPSF


CLIMATE REPORT
NATIONAL WEATHER SERVICE ALBANY NY
221 AM EDT SUN JUL 2 2017


...................................

...THE PITTSFIELD MA CLIMATE SUMMARY FOR JULY 1 2017...

CLIMATE NORMAL PERIOD 1981 TO 2010
CLIMATE RECORD PERIOD 9999 TO 9999


WEATHER ITEM   OBSERVED TIME   NORMAL DEPARTURE LAST
                VALUE   (LST)  VALUE  FROM      YEAR
                                      NORMAL
......................................................
TEMPERATURE (F)
 YESTERDAY
  MAXIMUM         81   1131 AM  78      3       78
  MINIMUM         66    511 AM  56     10       54
  AVERAGE         74            67      7       66

PRECIPITATION (IN)
  YESTERDAY        0.37          0.11   0.26     0.37
  MONTH TO DATE    0.37          0.11   0.26     0.37
  SINCE JUN 1      4.37          4.51  -0.14     2.87
  SINCE JAN 1     23.15         21.55   1.60    16.97

DEGREE DAYS
 HEATING
  YESTERDAY        0             1     -1        0
  MONTH TO DATE    0             1     -1        0
  SINCE JUN 1    106           102      4       76
  SINCE JUL 1      0             1     -1        0

 COOLING
  YESTERDAY        9             3      6        1
  MONTH TO DATE    9             3      6        1
  SINCE JUN 1     87            59     28       40
  SINCE JAN 1    101            72     29       81
......................................................


WIND (MPH)
  HIGHEST WIND SPEED    20   HIGHEST WIND DIRECTION     S (180)
  HIGHEST GUST SPEED    27   HIGHEST GUST DIRECTION     S (190)
  AVERAGE WIND SPEED     7.3


SKY COVER
  AVERAGE SKY COVER 0.6



RELATIVE HUMIDITY (PERCENT)
 HIGHEST   100
 LOWEST     67
 AVERAGE    84

..........................................................


THE PITTSFIELD MA CLIMATE NORMALS FOR TODAY
                         NORMAL
 MAXIMUM TEMPERATURE (F)   78
 MINIMUM TEMPERATURE (F)   56


SUNRISE AND SUNSET
JULY  2 2017..........SUNRISE   521 AM EDT   SUNSET   834 PM EDT
JULY  3 2017..........SUNRISE   521 AM EDT   SUNSET   834 PM EDT


-  INDICATES NEGATIVE NUMBERS.
R  INDICATES RECORD WAS SET OR TIED.
MM INDICATES DATA IS MISSING.
T  INDICATES TRACE AMOUNT.




$$
