000
CDUS41 KALY 310625
CLIPSF


CLIMATE REPORT
NATIONAL WEATHER SERVICE ALBANY NY
224 AM EDT MON MAR 31 2014


...................................

...THE PITTSFIELD MA CLIMATE SUMMARY FOR MARCH 30 2014...

CLIMATE NORMAL PERIOD 1981 TO 2010
CLIMATE RECORD PERIOD 9999 TO 9999


WEATHER ITEM   OBSERVED TIME   NORMAL DEPARTURE LAST
                VALUE   (LST)  VALUE  FROM      YEAR
                                      NORMAL
......................................................
TEMPERATURE (F)
 YESTERDAY
  MAXIMUM         41   1258 PM  47     -6       51
  MINIMUM         31   1159 PM  27      4       28
  AVERAGE         36            37     -1       40

PRECIPITATION (IN)
  YESTERDAY        0.74          0.14   0.60     0.00
  MONTH TO DATE    3.05          3.23  -0.18     1.67
  SINCE MAR 1      3.05          3.23  -0.18     1.67
  SINCE JAN 1      9.43          8.83   0.60     5.30

DEGREE DAYS
 HEATING
  YESTERDAY       29            28      1       25
  MONTH TO DATE 1200           999    201     1028
  SINCE MAR 1   1200           999    201     1028
  SINCE JUL 1   6752          6379    373     5967

 COOLING
  YESTERDAY        0             0      0        0
  MONTH TO DATE    0             0      0        0
  SINCE MAR 1      0             0      0        0
  SINCE JAN 1      0             0      0        0
......................................................


WIND (MPH)
  HIGHEST WIND SPEED    18   HIGHEST WIND DIRECTION    NE (60)
  HIGHEST GUST SPEED    27   HIGHEST GUST DIRECTION    NE (50)
  AVERAGE WIND SPEED     8.8


SKY COVER
  AVERAGE SKY COVER 1.0



RELATIVE HUMIDITY (PERCENT)
 HIGHEST    96
 LOWEST     85
 AVERAGE    91

..........................................................


THE PITTSFIELD MA CLIMATE NORMALS FOR TODAY
                         NORMAL
 MAXIMUM TEMPERATURE (F)   48
 MINIMUM TEMPERATURE (F)   27


SUNRISE AND SUNSET
MARCH 31 2014.........SUNRISE   637 AM EDT   SUNSET   718 PM EDT
APRIL  1 2014.........SUNRISE   636 AM EDT   SUNSET   719 PM EDT


-  INDICATES NEGATIVE NUMBERS.
R  INDICATES RECORD WAS SET OR TIED.
MM INDICATES DATA IS MISSING.
T  INDICATES TRACE AMOUNT.




$$
