107
CDUS41 KALY 062049
CLIPSF


CLIMATE REPORT
NATIONAL WEATHER SERVICE ALBANY NY
449 PM EDT SUN AUG 6 2017


...................................

...THE PITTSFIELD MA CLIMATE SUMMARY FOR AUGUST 6 2017...
VALID TODAY AS OF 0400 PM LOCAL TIME.

CLIMATE NORMAL PERIOD 1981 TO 2010
CLIMATE RECORD PERIOD 9999 TO 9999


WEATHER ITEM   OBSERVED TIME   NORMAL DEPARTURE LAST
                VALUE   (LST)  VALUE  FROM      YEAR
                                      NORMAL
......................................................
TEMPERATURE (F)
 TODAY
  MAXIMUM         71    345 PM  78     -7       81
  MINIMUM         54    536 AM  57     -3       63
  AVERAGE         63            68     -5       72

PRECIPITATION (IN)
  TODAY            0.00          0.15  -0.15     0.08
  MONTH TO DATE    0.91          0.90   0.01     0.75
  SINCE JUN 1      8.33          9.55  -1.22     7.40
  SINCE JAN 1     27.11         26.59   0.52    21.50

DEGREE DAYS
 HEATING
  TODAY            2             1      1        0
  MONTH TO DATE    2             6     -4        0
  SINCE JUN 1    131           138     -7       87
  SINCE JUL 1     25            37    -12       11

 COOLING
  TODAY            0             4     -4        7
  MONTH TO DATE   26            24      2       16
  SINCE JUN 1    214           188     26      210
  SINCE JAN 1    228           201     27      251
......................................................


WIND (MPH)
  HIGHEST WIND SPEED    18   HIGHEST WIND DIRECTION     W (270)
  HIGHEST GUST SPEED    28   HIGHEST GUST DIRECTION     W (270)
  AVERAGE WIND SPEED    10.4


SKY COVER
  AVERAGE SKY COVER 0.2



RELATIVE HUMIDITY (PERCENT)
 HIGHEST    77
 LOWEST     49
 AVERAGE    63

..........................................................


THE PITTSFIELD MA CLIMATE NORMALS FOR TOMORROW
                         NORMAL
 MAXIMUM TEMPERATURE (F)   78
 MINIMUM TEMPERATURE (F)   57


SUNRISE AND SUNSET
AUGUST  6 2017........SUNRISE   551 AM EDT   SUNSET   806 PM EDT
AUGUST  7 2017........SUNRISE   552 AM EDT   SUNSET   805 PM EDT


-  INDICATES NEGATIVE NUMBERS.
R  INDICATES RECORD WAS SET OR TIED.
MM INDICATES DATA IS MISSING.
T  INDICATES TRACE AMOUNT.




$$
