000
CDUS41 KALY 092143
CLIPSF


CLIMATE REPORT
NATIONAL WEATHER SERVICE ALBANY NY
443 PM EST SUN NOV 9 2014


...................................

...THE PITTSFIELD MA CLIMATE SUMMARY FOR NOVEMBER 9 2014...
VALID TODAY AS OF 0400 PM LOCAL TIME.

CLIMATE NORMAL PERIOD 1981 TO 2010
CLIMATE RECORD PERIOD 9999 TO 9999


WEATHER ITEM   OBSERVED TIME   NORMAL DEPARTURE LAST
                VALUE   (LST)  VALUE  FROM      YEAR
                                      NORMAL
......................................................
TEMPERATURE (F)
 TODAY
  MAXIMUM         50   1135 AM  50      0       40
  MINIMUM         40    739 AM  31      9       26
  AVERAGE         45            40      5       33

PRECIPITATION (IN)
  TODAY            0.00          0.12  -0.12      T
  MONTH TO DATE    0.35          1.18  -0.83     0.80
  SINCE SEP 1      6.99          9.85  -2.86     6.22
  SINCE JAN 1     37.91         39.63  -1.72    34.32

DEGREE DAYS
 HEATING
  TODAY           20            25     -5       32
  MONTH TO DATE  210           213     -3      217
  SINCE SEP 1    869           971   -102      934
  SINCE JUL 1    942          1049   -107      990

 COOLING
  TODAY            0             0      0        0
  MONTH TO DATE    0             0      0        0
  SINCE SEP 1     39            20     19       33
  SINCE JAN 1    238           290    -52      433
......................................................


WIND (MPH)
  HIGHEST WIND SPEED    13   HIGHEST WIND DIRECTION     W (280)
  HIGHEST GUST SPEED    19   HIGHEST GUST DIRECTION    SW (240)
  AVERAGE WIND SPEED     6.8


SKY COVER
  AVERAGE SKY COVER 0.9



RELATIVE HUMIDITY (PERCENT)
 HIGHEST    65
 LOWEST     54
 AVERAGE    60

..........................................................


THE PITTSFIELD MA CLIMATE NORMALS FOR TOMORROW
                         NORMAL
 MAXIMUM TEMPERATURE (F)   49
 MINIMUM TEMPERATURE (F)   30


SUNRISE AND SUNSET
NOVEMBER  9 2014......SUNRISE   637 AM EST   SUNSET   437 PM EST
NOVEMBER 10 2014......SUNRISE   638 AM EST   SUNSET   436 PM EST


-  INDICATES NEGATIVE NUMBERS.
R  INDICATES RECORD WAS SET OR TIED.
MM INDICATES DATA IS MISSING.
T  INDICATES TRACE AMOUNT.




$$
