000
CDUS41 KALY 060638
CLIPSF


CLIMATE REPORT
NATIONAL WEATHER SERVICE ALBANY NY
233 AM EDT FRI MAY 6 2016


...................................

...THE PITTSFIELD MA CLIMATE SUMMARY FOR MAY 5 2016...

CLIMATE NORMAL PERIOD 1981 TO 2010
CLIMATE RECORD PERIOD 9999 TO 9999


WEATHER ITEM   OBSERVED TIME   NORMAL DEPARTURE LAST
                VALUE   (LST)  VALUE  FROM      YEAR
                                      NORMAL
......................................................
TEMPERATURE (F)
 YESTERDAY
  MAXIMUM         52    522 PM  63    -11       76
  MINIMUM         42    555 AM  40      2       55
  AVERAGE         47            52     -5       66

PRECIPITATION (IN)
  YESTERDAY        0.00          0.12  -0.12      T
  MONTH TO DATE    1.00          0.55   0.45      T
  SINCE MAR 1      5.75          7.78  -2.03     4.47
  SINCE JAN 1     11.12         13.38  -2.26     9.56

DEGREE DAYS
 HEATING
  YESTERDAY       18            14      4        0
  MONTH TO DATE   95            72     23       37
  SINCE MAR 1   1544          1727   -183     1866
  SINCE JUL 1   5911          7107  -1196     7529

 COOLING
  YESTERDAY        0             0      0        1
  MONTH TO DATE    0             0      0        1
  SINCE MAR 1      0             2     -2        1
  SINCE JAN 1      0             2     -2        1
......................................................


WIND (MPH)
  HIGHEST WIND SPEED    17   HIGHEST WIND DIRECTION    NE (40)
  HIGHEST GUST SPEED    22   HIGHEST GUST DIRECTION    NE (50)
  AVERAGE WIND SPEED     9.1


SKY COVER
  AVERAGE SKY COVER 1.0



RELATIVE HUMIDITY (PERCENT)
 HIGHEST    86
 LOWEST     68
 AVERAGE    77

..........................................................


THE PITTSFIELD MA CLIMATE NORMALS FOR TODAY
                         NORMAL
 MAXIMUM TEMPERATURE (F)   63
 MINIMUM TEMPERATURE (F)   40


SUNRISE AND SUNSET
MAY  6 2016...........SUNRISE   541 AM EDT   SUNSET   759 PM EDT
MAY  7 2016...........SUNRISE   540 AM EDT   SUNSET   800 PM EDT


-  INDICATES NEGATIVE NUMBERS.
R  INDICATES RECORD WAS SET OR TIED.
MM INDICATES DATA IS MISSING.
T  INDICATES TRACE AMOUNT.




$$
