000
CDUS41 KALY 232046
CLIPSF


CLIMATE REPORT
NATIONAL WEATHER SERVICE ALBANY NY
445 PM EDT SAT MAY 23 2015


...................................

...THE PITTSFIELD MA CLIMATE SUMMARY FOR MAY 23 2015...
VALID TODAY AS OF 0400 PM LOCAL TIME.

CLIMATE NORMAL PERIOD 1981 TO 2010
CLIMATE RECORD PERIOD 9999 TO 9999


WEATHER ITEM   OBSERVED TIME   NORMAL DEPARTURE LAST
                VALUE   (LST)  VALUE  FROM      YEAR
                                      NORMAL
......................................................
TEMPERATURE (F)
 TODAY
  MAXIMUM         60    324 PM  69     -9       62
  MINIMUM         34    452 AM  45    -11       53
  AVERAGE         47            57    -10       58

PRECIPITATION (IN)
  TODAY            T             0.17  -0.17     0.00
  MONTH TO DATE    0.25          2.89  -2.64     0.92
  SINCE MAR 1      4.72         10.12  -5.40     7.49
  SINCE JAN 1      9.81         15.72  -5.91    13.87

DEGREE DAYS
 HEATING
  TODAY           18             8     10        7
  MONTH TO DATE  156           267   -111      206
  SINCE MAR 1   1985          1922     63     2070
  SINCE JUL 1   7648          7302    346     7622

 COOLING
  TODAY            0             0      0        0
  MONTH TO DATE   20             0     20        3
  SINCE MAR 1     20             2     18        4
  SINCE JAN 1     20             2     18        4
......................................................


WIND (MPH)
  HIGHEST WIND SPEED    22   HIGHEST WIND DIRECTION     W (290)
  HIGHEST GUST SPEED    32   HIGHEST GUST DIRECTION    NW (330)
  AVERAGE WIND SPEED     9.4


SKY COVER
  AVERAGE SKY COVER 0.0



RELATIVE HUMIDITY (PERCENT)
 HIGHEST    64
 LOWEST     24
 AVERAGE    44

..........................................................


THE PITTSFIELD MA CLIMATE NORMALS FOR TOMORROW
                         NORMAL
 MAXIMUM TEMPERATURE (F)   69
 MINIMUM TEMPERATURE (F)   46


SUNRISE AND SUNSET
MAY 23 2015...........SUNRISE   525 AM EDT   SUNSET   816 PM EDT
MAY 24 2015...........SUNRISE   524 AM EDT   SUNSET   817 PM EDT


-  INDICATES NEGATIVE NUMBERS.
R  INDICATES RECORD WAS SET OR TIED.
MM INDICATES DATA IS MISSING.
T  INDICATES TRACE AMOUNT.




$$
