000
CDUS41 KALY 200627
CLIPSF


CLIMATE REPORT
NATIONAL WEATHER SERVICE ALBANY NY
126 AM EST FRI FEB 20 2015


...................................

...THE PITTSFIELD MA CLIMATE SUMMARY FOR FEBRUARY 19 2015...

CLIMATE NORMAL PERIOD 1981 TO 2010
CLIMATE RECORD PERIOD 9999 TO 9999


WEATHER ITEM   OBSERVED TIME   NORMAL DEPARTURE LAST
                VALUE   (LST)  VALUE  FROM      YEAR
                                      NORMAL
......................................................
TEMPERATURE (F)
 YESTERDAY
  MAXIMUM         18   1221 AM  33    -15       34
  MINIMUM          0   1159 PM  16    -16        9
  AVERAGE          9            25    -16       22

PRECIPITATION (IN)
  YESTERDAY       MM             0.11  MM        0.24
  MONTH TO DATE    1.10          1.81  -0.71     2.39
  SINCE DEC 1      8.21          7.73   0.48     8.53
  SINCE JAN 1      4.46          4.73  -0.27     5.74

DEGREE DAYS
 HEATING
  YESTERDAY       56            40     16       43
  MONTH TO DATE 1018           804    214      894
  SINCE DEC 1   3560          3378    182     3493
  SINCE JUL 1   5182          5029    153     5173

 COOLING
  YESTERDAY        0             0      0        0
  MONTH TO DATE    0             0      0        0
  SINCE DEC 1      0             0      0        0
  SINCE JAN 1      0             0      0        0
......................................................


WIND (MPH)
  HIGHEST WIND SPEED    31   HIGHEST WIND DIRECTION     W (280)
  HIGHEST GUST SPEED    42   HIGHEST GUST DIRECTION    NW (300)
  AVERAGE WIND SPEED    15.2


SKY COVER
  AVERAGE SKY COVER 0.9



RELATIVE HUMIDITY (PERCENT)
 HIGHEST    92
 LOWEST     62
 AVERAGE    77

..........................................................


THE PITTSFIELD MA CLIMATE NORMALS FOR TODAY
                         NORMAL
 MAXIMUM TEMPERATURE (F)   34
 MINIMUM TEMPERATURE (F)   16


SUNRISE AND SUNSET
FEBRUARY 20 2015......SUNRISE   643 AM EST   SUNSET   531 PM EST
FEBRUARY 21 2015......SUNRISE   642 AM EST   SUNSET   533 PM EST


-  INDICATES NEGATIVE NUMBERS.
R  INDICATES RECORD WAS SET OR TIED.
MM INDICATES DATA IS MISSING.
T  INDICATES TRACE AMOUNT.




$$
