000
CDUS41 KALY 260624
CLIPSF


CLIMATE REPORT
NATIONAL WEATHER SERVICE ALBANY NY
223 AM EDT SUN JUL 26 2015


...................................

...THE PITTSFIELD MA CLIMATE SUMMARY FOR JULY 25 2015...

CLIMATE NORMAL PERIOD 1981 TO 2010
CLIMATE RECORD PERIOD 9999 TO 9999


WEATHER ITEM   OBSERVED TIME   NORMAL DEPARTURE LAST
                VALUE   (LST)  VALUE  FROM      YEAR
                                      NORMAL
......................................................
TEMPERATURE (F)
 YESTERDAY
  MAXIMUM         80    138 PM  79      1       75
  MINIMUM         55    621 AM  57     -2       51
  AVERAGE         68            68      0       63

PRECIPITATION (IN)
  YESTERDAY        0.00          0.15  -0.15     0.00
  MONTH TO DATE    4.86          3.26   1.60     6.10
  SINCE JUN 1     12.99          7.66   5.33    11.45
  SINCE JAN 1     24.13         24.70  -0.57    25.45

DEGREE DAYS
 HEATING
  YESTERDAY        0             1     -1        2
  MONTH TO DATE   19            25     -6       11
  SINCE JUN 1    130           126      4       69
  SINCE JUL 1     19            25     -6       11

 COOLING
  YESTERDAY        3             4     -1        0
  MONTH TO DATE   79            89    -10      105
  SINCE JUN 1    112           145    -33      148
  SINCE JAN 1    156           158     -2      154
......................................................


WIND (MPH)
  HIGHEST WIND SPEED    13   HIGHEST WIND DIRECTION    SE (150)
  HIGHEST GUST SPEED    16   HIGHEST GUST DIRECTION     W (260)
  AVERAGE WIND SPEED     3.2


SKY COVER
  AVERAGE SKY COVER 0.6



RELATIVE HUMIDITY (PERCENT)
 HIGHEST   100
 LOWEST     47
 AVERAGE    74

..........................................................


THE PITTSFIELD MA CLIMATE NORMALS FOR TODAY
                         NORMAL
 MAXIMUM TEMPERATURE (F)   79
 MINIMUM TEMPERATURE (F)   57


SUNRISE AND SUNSET
JULY 26 2015..........SUNRISE   539 AM EDT   SUNSET   820 PM EDT
JULY 27 2015..........SUNRISE   540 AM EDT   SUNSET   819 PM EDT


-  INDICATES NEGATIVE NUMBERS.
R  INDICATES RECORD WAS SET OR TIED.
MM INDICATES DATA IS MISSING.
T  INDICATES TRACE AMOUNT.




$$
