470
CDUS41 KALY 180622
CLIPSF


CLIMATE REPORT
NATIONAL WEATHER SERVICE ALBANY NY
222 AM EDT MON JUL 18 2016


...................................

...THE PITTSFIELD MA CLIMATE SUMMARY FOR JULY 17 2016...

CLIMATE NORMAL PERIOD 1981 TO 2010
CLIMATE RECORD PERIOD 9999 TO 9999


WEATHER ITEM   OBSERVED TIME   NORMAL DEPARTURE LAST
                VALUE   (LST)  VALUE  FROM      YEAR
                                      NORMAL
......................................................
TEMPERATURE (F)
 YESTERDAY
  MAXIMUM         82    429 PM  79      3       76
  MINIMUM         63   1156 PM  57      6       47
  AVERAGE         73            68      5       62

PRECIPITATION (IN)
  YESTERDAY        0.03          0.12  -0.09      T
  MONTH TO DATE    2.13          2.08   0.05     3.88
  SINCE JUN 1      4.63          6.48  -1.85    12.01
  SINCE JAN 1     18.73         23.52  -4.79    23.15

DEGREE DAYS
 HEATING
  YESTERDAY        0             1     -1        3
  MONTH TO DATE    7            17    -10       17
  SINCE JUN 1     83           118    -35      128
  SINCE JUL 1      7            17    -10       17

 COOLING
  YESTERDAY        8             3      5        0
  MONTH TO DATE   75            59     16       43
  SINCE JUN 1    114           115     -1       76
  SINCE JAN 1    155           128     27      120
......................................................


WIND (MPH)
  HIGHEST WIND SPEED    13   HIGHEST WIND DIRECTION     W (290)
  HIGHEST GUST SPEED    15   HIGHEST GUST DIRECTION     W (280)
  AVERAGE WIND SPEED     3.7


SKY COVER
  AVERAGE SKY COVER 0.4



RELATIVE HUMIDITY (PERCENT)
 HIGHEST    93
 LOWEST     51
 AVERAGE    72

..........................................................


THE PITTSFIELD MA CLIMATE NORMALS FOR TODAY
                         NORMAL
 MAXIMUM TEMPERATURE (F)   79
 MINIMUM TEMPERATURE (F)   57


SUNRISE AND SUNSET
JULY 18 2016..........SUNRISE   532 AM EDT   SUNSET   826 PM EDT
JULY 19 2016..........SUNRISE   533 AM EDT   SUNSET   825 PM EDT


-  INDICATES NEGATIVE NUMBERS.
R  INDICATES RECORD WAS SET OR TIED.
MM INDICATES DATA IS MISSING.
T  INDICATES TRACE AMOUNT.




$$
