000
CDUS41 KALY 100629
CLIPSF


CLIMATE REPORT
NATIONAL WEATHER SERVICE ALBANY NY
229 AM EDT WED SEP 10 2014


...................................

...THE PITTSFIELD MA CLIMATE SUMMARY FOR SEPTEMBER 9 2014...

CLIMATE NORMAL PERIOD 1981 TO 2010
CLIMATE RECORD PERIOD 9999 TO 9999


WEATHER ITEM   OBSERVED TIME   NORMAL DEPARTURE LAST
                VALUE   (LST)  VALUE  FROM      YEAR
                                      NORMAL
......................................................
TEMPERATURE (F)
 YESTERDAY
  MAXIMUM         69    252 PM  72     -3       66
  MINIMUM         47    335 AM  50     -3       38
  AVERAGE         58            61     -3       52

PRECIPITATION (IN)
  YESTERDAY        0.00          0.13  -0.13     0.00
  MONTH TO DATE    0.82          0.98  -0.16     0.98
  SINCE SEP 1      0.82          0.98  -0.16     0.98
  SINCE JAN 1     31.74         30.76   0.98    29.08

DEGREE DAYS
 HEATING
  YESTERDAY        7             5      2       13
  MONTH TO DATE   15            35    -20       51
  SINCE SEP 1     15            35    -20       51
  SINCE JUL 1     88           113    -25      107

 COOLING
  YESTERDAY        0             1     -1        0
  MONTH TO DATE   33            12     21       14
  SINCE SEP 1     33            12     21       14
  SINCE JAN 1    232           282    -50      414
......................................................


WIND (MPH)
  HIGHEST WIND SPEED    14   HIGHEST WIND DIRECTION    SE (120)
  HIGHEST GUST SPEED    18   HIGHEST GUST DIRECTION    SE (140)
  AVERAGE WIND SPEED     5.5


SKY COVER
  AVERAGE SKY COVER 0.3



RELATIVE HUMIDITY (PERCENT)
 HIGHEST    96
 LOWEST     58
 AVERAGE    77

..........................................................


THE PITTSFIELD MA CLIMATE NORMALS FOR TODAY
                         NORMAL
 MAXIMUM TEMPERATURE (F)   71
 MINIMUM TEMPERATURE (F)   50


SUNRISE AND SUNSET
SEPTEMBER 10 2014.....SUNRISE   628 AM EDT   SUNSET   712 PM EDT
SEPTEMBER 11 2014.....SUNRISE   629 AM EDT   SUNSET   710 PM EDT


-  INDICATES NEGATIVE NUMBERS.
R  INDICATES RECORD WAS SET OR TIED.
MM INDICATES DATA IS MISSING.
T  INDICATES TRACE AMOUNT.




$$
