000
CDUS41 KALY 280627
CLIPSF


CLIMATE REPORT
NATIONAL WEATHER SERVICE ALBANY NY
226 AM EDT WED JUN 28 2017


...................................

...THE PITTSFIELD MA CLIMATE SUMMARY FOR JUNE 27 2017...

CLIMATE NORMAL PERIOD 1981 TO 2010
CLIMATE RECORD PERIOD 9999 TO 9999


WEATHER ITEM   OBSERVED TIME   NORMAL DEPARTURE LAST
                VALUE   (LST)  VALUE  FROM      YEAR
                                      NORMAL
......................................................
TEMPERATURE (F)
 YESTERDAY
  MAXIMUM         73    142 PM  77     -4       79
  MINIMUM         47   1159 PM  56     -9       57
  AVERAGE         60            66     -6       68

PRECIPITATION (IN)
  YESTERDAY        0.22          0.11   0.11      T
  MONTH TO DATE    3.52          4.05  -0.53     2.09
  SINCE JUN 1      3.52          4.05  -0.53     2.09
  SINCE JAN 1     22.30         21.09   1.21    16.19

DEGREE DAYS
 HEATING
  YESTERDAY        5             1      4        0
  MONTH TO DATE  100            97      3       76
  SINCE JUN 1    100            97      3       76
  SINCE JUL 1   6774          7457   -683     6205

 COOLING
  YESTERDAY        0             3     -3        3
  MONTH TO DATE   67            48     19       28
  SINCE JUN 1     67            48     19       28
  SINCE JAN 1     81            61     20       69
......................................................


WIND (MPH)
  HIGHEST WIND SPEED    25   HIGHEST WIND DIRECTION     W (270)
  HIGHEST GUST SPEED    34   HIGHEST GUST DIRECTION    NW (300)
  AVERAGE WIND SPEED     5.4


SKY COVER
  AVERAGE SKY COVER 0.6



RELATIVE HUMIDITY (PERCENT)
 HIGHEST   100
 LOWEST     44
 AVERAGE    72

..........................................................


THE PITTSFIELD MA CLIMATE NORMALS FOR TODAY
                         NORMAL
 MAXIMUM TEMPERATURE (F)   77
 MINIMUM TEMPERATURE (F)   56


SUNRISE AND SUNSET
JUNE 28 2017..........SUNRISE   519 AM EDT   SUNSET   834 PM EDT
JUNE 29 2017..........SUNRISE   519 AM EDT   SUNSET   834 PM EDT


-  INDICATES NEGATIVE NUMBERS.
R  INDICATES RECORD WAS SET OR TIED.
MM INDICATES DATA IS MISSING.
T  INDICATES TRACE AMOUNT.




$$
