519
CDUS41 KALY 100639
CLIPSF


CLIMATE REPORT
NATIONAL WEATHER SERVICE ALBANY NY
136 AM EST SAT FEB 10 2018


...................................

...THE PITTSFIELD MA CLIMATE SUMMARY FOR FEBRUARY 9 2018...

CLIMATE NORMAL PERIOD 1981 TO 2010
CLIMATE RECORD PERIOD 9999 TO 9999


WEATHER ITEM   OBSERVED TIME   NORMAL DEPARTURE LAST
                VALUE   (LST)  VALUE  FROM      YEAR
                                      NORMAL
......................................................
TEMPERATURE (F)
 YESTERDAY
  MAXIMUM         30   1159 PM  31     -1       27
  MINIMUM          4    703 AM  14    -10        5
  AVERAGE         17            22     -5       16

PRECIPITATION (IN)
  YESTERDAY        T             0.10  -0.10     0.47
  MONTH TO DATE    1.61          0.77   0.84     0.97
  SINCE DEC 1      8.42          6.69   1.73     6.71
  SINCE JAN 1      6.27          3.69   2.58     3.69

DEGREE DAYS
 HEATING
  YESTERDAY       48            43      5       49
  MONTH TO DATE  399           391      8      362
  SINCE DEC 1   2977          2965     12     2687
  SINCE JUL 1   4302          4616   -314     4094

 COOLING
  YESTERDAY        0             0      0        0
  MONTH TO DATE    0             0      0        0
  SINCE DEC 1      0             0      0        0
  SINCE JAN 1      0             0      0        0
......................................................


WIND (MPH)
  HIGHEST WIND SPEED    18   HIGHEST WIND DIRECTION     S (190)
  HIGHEST GUST SPEED    26   HIGHEST GUST DIRECTION     S (190)
  AVERAGE WIND SPEED     5.5


SKY COVER
  AVERAGE SKY COVER 0.7



RELATIVE HUMIDITY (PERCENT)
 HIGHEST    84
 LOWEST     56
 AVERAGE    70

..........................................................


THE PITTSFIELD MA CLIMATE NORMALS FOR TODAY
                         NORMAL
 MAXIMUM TEMPERATURE (F)   31
 MINIMUM TEMPERATURE (F)   14


SUNRISE AND SUNSET
FEBRUARY 10 2018......SUNRISE   656 AM EST   SUNSET   519 PM EST
FEBRUARY 11 2018......SUNRISE   655 AM EST   SUNSET   520 PM EST


-  INDICATES NEGATIVE NUMBERS.
R  INDICATES RECORD WAS SET OR TIED.
MM INDICATES DATA IS MISSING.
T  INDICATES TRACE AMOUNT.




$$
