571
CDUS41 KALY 110623
CLIPSF


CLIMATE REPORT
NATIONAL WEATHER SERVICE ALBANY NY
222 AM EDT TUE APR 11 2017


...................................

...THE PITTSFIELD MA CLIMATE SUMMARY FOR APRIL 10 2017...

CLIMATE NORMAL PERIOD 1981 TO 2010
CLIMATE RECORD PERIOD 9999 TO 9999


WEATHER ITEM   OBSERVED TIME   NORMAL DEPARTURE LAST
                VALUE   (LST)  VALUE  FROM      YEAR
                                      NORMAL
......................................................
TEMPERATURE (F)
 YESTERDAY
  MAXIMUM         78    218 PM  52     26       43
  MINIMUM         35    605 AM  32      3       21
  AVERAGE         57            42     15       32

PRECIPITATION (IN)
  YESTERDAY        0.00          0.16  -0.16     0.00
  MONTH TO DATE    1.79          1.60   0.19     1.43
  SINCE MAR 1      4.90          4.97  -0.07     3.69
  SINCE JAN 1     10.48         10.57  -0.09     9.06

DEGREE DAYS
 HEATING
  YESTERDAY        8            23    -15       33
  MONTH TO DATE  228           251    -23      307
  SINCE MAR 1   1359          1278     81     1104
  SINCE JUL 1   6061          6658   -597     5471

 COOLING
  YESTERDAY        0             0      0        0
  MONTH TO DATE    0             0      0        0
  SINCE MAR 1      0             0      0        0
  SINCE JAN 1      0             0      0        0
......................................................


WIND (MPH)
  HIGHEST WIND SPEED    21   HIGHEST WIND DIRECTION    SW (220)
  HIGHEST GUST SPEED    31   HIGHEST GUST DIRECTION    SW (210)
  AVERAGE WIND SPEED     7.2


SKY COVER
  AVERAGE SKY COVER 0.0



RELATIVE HUMIDITY (PERCENT)
 HIGHEST    85
 LOWEST     14
 AVERAGE    50

..........................................................


THE PITTSFIELD MA CLIMATE NORMALS FOR TODAY
                         NORMAL
 MAXIMUM TEMPERATURE (F)   53
 MINIMUM TEMPERATURE (F)   32


SUNRISE AND SUNSET
APRIL 11 2017.........SUNRISE   618 AM EDT   SUNSET   731 PM EDT
APRIL 12 2017.........SUNRISE   617 AM EDT   SUNSET   732 PM EDT


-  INDICATES NEGATIVE NUMBERS.
R  INDICATES RECORD WAS SET OR TIED.
MM INDICATES DATA IS MISSING.
T  INDICATES TRACE AMOUNT.




$$
