000
CDUS41 KALY 170626
CLIPSF


CLIMATE REPORT
NATIONAL WEATHER SERVICE ALBANY NY
225 AM EDT TUE MAR 17 2015


...................................

...THE PITTSFIELD MA CLIMATE SUMMARY FOR MARCH 16 2015...

CLIMATE NORMAL PERIOD 1981 TO 2010
CLIMATE RECORD PERIOD 9999 TO 9999


WEATHER ITEM   OBSERVED TIME   NORMAL DEPARTURE LAST
                VALUE   (LST)  VALUE  FROM      YEAR
                                      NORMAL
......................................................
TEMPERATURE (F)
 YESTERDAY
  MAXIMUM         42    540 PM  42      0       26
  MINIMUM         25    630 AM  21      4       12
  AVERAGE         34            32      2       19

PRECIPITATION (IN)
  YESTERDAY        0.00          0.12  -0.12      T
  MONTH TO DATE    0.70          1.39  -0.69     0.47
  SINCE MAR 1      0.70          1.39  -0.69     0.47
  SINCE JAN 1      5.79          6.99  -1.20     6.85

DEGREE DAYS
 HEATING
  YESTERDAY       31            33     -2       46
  MONTH TO DATE  634           571     63      688
  SINCE MAR 1    634           571     63      688
  SINCE JUL 1   6297          5951    346     6240

 COOLING
  YESTERDAY        0             0      0        0
  MONTH TO DATE    0             0      0        0
  SINCE MAR 1      0             0      0        0
  SINCE JAN 1      0             0      0        0
......................................................


WIND (MPH)
  HIGHEST WIND SPEED    16   HIGHEST WIND DIRECTION    NW (310)
  HIGHEST GUST SPEED    24   HIGHEST GUST DIRECTION    NW (300)
  AVERAGE WIND SPEED     4.9


SKY COVER
  AVERAGE SKY COVER 0.5



RELATIVE HUMIDITY (PERCENT)
 HIGHEST    81
 LOWEST     38
 AVERAGE    60

..........................................................


THE PITTSFIELD MA CLIMATE NORMALS FOR TODAY
                         NORMAL
 MAXIMUM TEMPERATURE (F)   42
 MINIMUM TEMPERATURE (F)   22


SUNRISE AND SUNSET
MARCH 17 2015.........SUNRISE   702 AM EDT   SUNSET   702 PM EDT
MARCH 18 2015.........SUNRISE   700 AM EDT   SUNSET   703 PM EDT


-  INDICATES NEGATIVE NUMBERS.
R  INDICATES RECORD WAS SET OR TIED.
MM INDICATES DATA IS MISSING.
T  INDICATES TRACE AMOUNT.




$$
