000
CDUS41 KALY 190628
CLIPSF


CLIMATE REPORT
NATIONAL WEATHER SERVICE ALBANY NY
226 AM EDT FRI JUN 19 2015


...................................

...THE PITTSFIELD MA CLIMATE SUMMARY FOR JUNE 18 2015...

CLIMATE NORMAL PERIOD 1981 TO 2010
CLIMATE RECORD PERIOD 9999 TO 9999


WEATHER ITEM   OBSERVED TIME   NORMAL DEPARTURE LAST
                VALUE   (LST)  VALUE  FROM      YEAR
                                      NORMAL
......................................................
TEMPERATURE (F)
 YESTERDAY
  MAXIMUM         68   1152 AM  75     -7       77
  MINIMUM         55   1259 AM  54      1       63
  AVERAGE         62            64     -2       70

PRECIPITATION (IN)
  YESTERDAY        0.00          0.13  -0.13     0.50
  MONTH TO DATE    4.97          3.01   1.96     1.35
  SINCE JUN 1      4.97          3.01   1.96     1.35
  SINCE JAN 1     16.11         20.05  -3.94    15.35

DEGREE DAYS
 HEATING
  YESTERDAY        3             3      0        0
  MONTH TO DATE   77            81     -4       41
  SINCE JUN 1     77            81     -4       41
  SINCE JUL 1   7741          7441    300     7718

 COOLING
  YESTERDAY        0             2     -2        5
  MONTH TO DATE   19            29    -10       19
  SINCE JUN 1     19            29    -10       19
  SINCE JAN 1     63            42     21       25
......................................................


WIND (MPH)
  HIGHEST WIND SPEED    15   HIGHEST WIND DIRECTION     S (170)
  HIGHEST GUST SPEED    21   HIGHEST GUST DIRECTION     S (170)
  AVERAGE WIND SPEED     6.5


SKY COVER
  AVERAGE SKY COVER 0.9



RELATIVE HUMIDITY (PERCENT)
 HIGHEST    93
 LOWEST     63
 AVERAGE    78

..........................................................


THE PITTSFIELD MA CLIMATE NORMALS FOR TODAY
                         NORMAL
 MAXIMUM TEMPERATURE (F)   75
 MINIMUM TEMPERATURE (F)   54


SUNRISE AND SUNSET
JUNE 19 2015..........SUNRISE   516 AM EDT   SUNSET   833 PM EDT
JUNE 20 2015..........SUNRISE   516 AM EDT   SUNSET   834 PM EDT


-  INDICATES NEGATIVE NUMBERS.
R  INDICATES RECORD WAS SET OR TIED.
MM INDICATES DATA IS MISSING.
T  INDICATES TRACE AMOUNT.




$$
