914
CDUS41 KALY 040625
CLIPSF


CLIMATE REPORT
NATIONAL WEATHER SERVICE ALBANY NY
124 AM EST THU JAN 4 2018


...................................

...THE PITTSFIELD MA CLIMATE SUMMARY FOR JANUARY 3 2018...

CLIMATE NORMAL PERIOD 1981 TO 2010
CLIMATE RECORD PERIOD 9999 TO 9999


WEATHER ITEM   OBSERVED TIME   NORMAL DEPARTURE LAST
                VALUE   (LST)  VALUE  FROM      YEAR
                                      NORMAL
......................................................
TEMPERATURE (F)
 YESTERDAY
  MAXIMUM         22    416 PM  30     -8       36
  MINIMUM         -1    659 AM  13    -14       33
  AVERAGE         11            21    -10       35

PRECIPITATION (IN)
  YESTERDAY        0.00          0.12  -0.12     0.30
  MONTH TO DATE    T             0.36  -0.36     0.30
  SINCE DEC 1      2.15          3.36  -1.21     3.32
  SINCE JAN 1      T             0.36  -0.36     0.30

DEGREE DAYS
 HEATING
  YESTERDAY       54            44     10       30
  MONTH TO DATE  179           131     48      109
  SINCE DEC 1   1441          1318    123     1287
  SINCE JUL 1   2766          2969   -203     2694

 COOLING
  YESTERDAY        0             0      0        0
  MONTH TO DATE    0             0      0        0
  SINCE DEC 1      0             0      0        0
  SINCE JAN 1      0             0      0        0
......................................................


WIND (MPH)
  HIGHEST WIND SPEED    12   HIGHEST WIND DIRECTION     W (250)
  HIGHEST GUST SPEED    15   HIGHEST GUST DIRECTION    SW (240)
  AVERAGE WIND SPEED     2.5


SKY COVER
  AVERAGE SKY COVER 0.1



RELATIVE HUMIDITY (PERCENT)
 HIGHEST    87
 LOWEST     36
 AVERAGE    62

..........................................................


THE PITTSFIELD MA CLIMATE NORMALS FOR TODAY
                         NORMAL
 MAXIMUM TEMPERATURE (F)   29
 MINIMUM TEMPERATURE (F)   13


SUNRISE AND SUNSET
JANUARY  4 2018.......SUNRISE   723 AM EST   SUNSET   434 PM EST
JANUARY  5 2018.......SUNRISE   723 AM EST   SUNSET   435 PM EST


-  INDICATES NEGATIVE NUMBERS.
R  INDICATES RECORD WAS SET OR TIED.
MM INDICATES DATA IS MISSING.
T  INDICATES TRACE AMOUNT.




$$
