249
CDUS41 KALY 102044
CLIPSF


CLIMATE REPORT
NATIONAL WEATHER SERVICE ALBANY NY
443 PM EDT SUN JUL 10 2016


...................................

...THE PITTSFIELD MA CLIMATE SUMMARY FOR JULY 10 2016...
VALID TODAY AS OF 0400 PM LOCAL TIME.

CLIMATE NORMAL PERIOD 1981 TO 2010
CLIMATE RECORD PERIOD 9999 TO 9999


WEATHER ITEM   OBSERVED TIME   NORMAL DEPARTURE LAST
                VALUE   (LST)  VALUE  FROM      YEAR
                                      NORMAL
......................................................
TEMPERATURE (F)
 TODAY
  MAXIMUM         75    259 PM  79     -4       77
  MINIMUM         59    625 AM  56      3       61
  AVERAGE         67            67      0       69

PRECIPITATION (IN)
  TODAY            0.10          0.13  -0.03     0.05
  MONTH TO DATE    1.88          1.16   0.72     3.65
  SINCE JUN 1      4.38          5.56  -1.18    11.78
  SINCE JAN 1     18.48         22.60  -4.12    22.92

DEGREE DAYS
 HEATING
  TODAY            0             1     -1        0
  MONTH TO DATE    7            10     -3       10
  SINCE JUN 1     83           111    -28      121
  SINCE JUL 1      7            10     -3       10

 COOLING
  TODAY            2             4     -2        4
  MONTH TO DATE   35            33      2       23
  SINCE JUN 1     74            89    -15       56
  SINCE JAN 1    115           102     13      100
......................................................


WIND (MPH)
  HIGHEST WIND SPEED    16   HIGHEST WIND DIRECTION    NW (300)
  HIGHEST GUST SPEED    23   HIGHEST GUST DIRECTION    NW (300)
  AVERAGE WIND SPEED     5.4


SKY COVER
  AVERAGE SKY COVER 0.9



RELATIVE HUMIDITY (PERCENT)
 HIGHEST   100
 LOWEST     64
 AVERAGE    82

..........................................................


THE PITTSFIELD MA CLIMATE NORMALS FOR TOMORROW
                         NORMAL
 MAXIMUM TEMPERATURE (F)   79
 MINIMUM TEMPERATURE (F)   56


SUNRISE AND SUNSET
JULY 10 2016..........SUNRISE   526 AM EDT   SUNSET   831 PM EDT
JULY 11 2016..........SUNRISE   527 AM EDT   SUNSET   830 PM EDT


-  INDICATES NEGATIVE NUMBERS.
R  INDICATES RECORD WAS SET OR TIED.
MM INDICATES DATA IS MISSING.
T  INDICATES TRACE AMOUNT.




$$
