000
CDUS41 KALY 100623
CLIPSF


CLIMATE REPORT
NATIONAL WEATHER SERVICE ALBANY NY
122 AM EST THU NOV 10 2016


...................................

...THE PITTSFIELD MA CLIMATE SUMMARY FOR NOVEMBER 9 2016...

CLIMATE NORMAL PERIOD 1981 TO 2010
CLIMATE RECORD PERIOD 9999 TO 9999


WEATHER ITEM   OBSERVED TIME   NORMAL DEPARTURE LAST
                VALUE   (LST)  VALUE  FROM      YEAR
                                      NORMAL
......................................................
TEMPERATURE (F)
 YESTERDAY
  MAXIMUM         50   1119 AM  50      0       54
  MINIMUM         33   1210 AM  31      2       26
  AVERAGE         42            40      2       40

PRECIPITATION (IN)
  YESTERDAY        T             0.12  -0.12     0.00
  MONTH TO DATE    0.10          1.18  -1.08     0.02
  SINCE SEP 1      5.82          9.85  -4.03     6.86
  SINCE JAN 1     29.19         39.63 -10.44    34.10

DEGREE DAYS
 HEATING
  YESTERDAY       23            25     -2       25
  MONTH TO DATE  188           213    -25      137
  SINCE SEP 1    806           971   -165      801
  SINCE JUL 1    830          1049   -219      829

 COOLING
  YESTERDAY        0             0      0        0
  MONTH TO DATE    0             0      0        0
  SINCE SEP 1     51            20     31       53
  SINCE JAN 1    432           290    142      361
......................................................


WIND (MPH)
  HIGHEST WIND SPEED    13   HIGHEST WIND DIRECTION    NW (300)
  HIGHEST GUST SPEED    19   HIGHEST GUST DIRECTION    NW (320)
  AVERAGE WIND SPEED     5.1


SKY COVER
  AVERAGE SKY COVER 0.7



RELATIVE HUMIDITY (PERCENT)
 HIGHEST    93
 LOWEST     75
 AVERAGE    84

..........................................................


THE PITTSFIELD MA CLIMATE NORMALS FOR TODAY
                         NORMAL
 MAXIMUM TEMPERATURE (F)   49
 MINIMUM TEMPERATURE (F)   30


SUNRISE AND SUNSET
NOVEMBER 10 2016......SUNRISE   638 AM EST   SUNSET   435 PM EST
NOVEMBER 11 2016......SUNRISE   640 AM EST   SUNSET   434 PM EST


-  INDICATES NEGATIVE NUMBERS.
R  INDICATES RECORD WAS SET OR TIED.
MM INDICATES DATA IS MISSING.
T  INDICATES TRACE AMOUNT.




$$
