000
CDUS41 KALY 130624
CLIPSF


CLIMATE REPORT
NATIONAL WEATHER SERVICE ALBANY NY
123 AM EST SAT DEC 13 2014


...................................

...THE PITTSFIELD MA CLIMATE SUMMARY FOR DECEMBER 12 2014...

CLIMATE NORMAL PERIOD 1981 TO 2010
CLIMATE RECORD PERIOD 9999 TO 9999


WEATHER ITEM   OBSERVED TIME   NORMAL DEPARTURE LAST
                VALUE   (LST)  VALUE  FROM      YEAR
                                      NORMAL
......................................................
TEMPERATURE (F)
 YESTERDAY
  MAXIMUM         26   1159 PM  35     -9       19
  MINIMUM         24    953 AM  21      3        7
  AVERAGE         25            28     -3       13

PRECIPITATION (IN)
  YESTERDAY        T             0.11  -0.11      T
  MONTH TO DATE    2.24          1.23   1.01     0.44
  SINCE DEC 1      2.24          1.23   1.01     0.44
  SINCE JAN 1     42.66         43.61  -0.95    37.25

DEGREE DAYS
 HEATING
  YESTERDAY       40            37      3       52
  MONTH TO DATE  433           419     14      422
  SINCE DEC 1    433           419     14      422
  SINCE JUL 1   2055          2070    -15     2102

 COOLING
  YESTERDAY        0             0      0        0
  MONTH TO DATE    0             0      0        0
  SINCE DEC 1      0             0      0        0
  SINCE JAN 1    238           290    -52      433
......................................................


WIND (MPH)
  HIGHEST WIND SPEED    20   HIGHEST WIND DIRECTION    NW (300)
  HIGHEST GUST SPEED    28   HIGHEST GUST DIRECTION    NW (330)
  AVERAGE WIND SPEED    10.4


SKY COVER
  AVERAGE SKY COVER 1.0



RELATIVE HUMIDITY (PERCENT)
 HIGHEST    88
 LOWEST     81
 AVERAGE    85

..........................................................


THE PITTSFIELD MA CLIMATE NORMALS FOR TODAY
                         NORMAL
 MAXIMUM TEMPERATURE (F)   35
 MINIMUM TEMPERATURE (F)   21


SUNRISE AND SUNSET
DECEMBER 13 2014......SUNRISE   714 AM EST   SUNSET   421 PM EST
DECEMBER 14 2014......SUNRISE   715 AM EST   SUNSET   421 PM EST


-  INDICATES NEGATIVE NUMBERS.
R  INDICATES RECORD WAS SET OR TIED.
MM INDICATES DATA IS MISSING.
T  INDICATES TRACE AMOUNT.




$$
