000
CDUS41 KALY 220624
CLIPSF


CLIMATE REPORT
NATIONAL WEATHER SERVICE ALBANY NY
224 AM EDT SAT AUG 22 2015


...................................

...THE PITTSFIELD MA CLIMATE SUMMARY FOR AUGUST 21 2015...

CLIMATE NORMAL PERIOD 1981 TO 2010
CLIMATE RECORD PERIOD 9999 TO 9999


WEATHER ITEM   OBSERVED TIME   NORMAL DEPARTURE LAST
                VALUE   (LST)  VALUE  FROM      YEAR
                                      NORMAL
......................................................
TEMPERATURE (F)
 YESTERDAY
  MAXIMUM         77    428 PM  77      0       72
  MINIMUM         59   1018 PM  56      3       62
  AVERAGE         68            66      2       67

PRECIPITATION (IN)
  YESTERDAY        0.46          0.14   0.32     1.00
  MONTH TO DATE    2.34          2.84  -0.50     2.28
  SINCE JUN 1     15.47         11.49   3.98    16.86
  SINCE JAN 1     26.61         28.53  -1.92    30.86

DEGREE DAYS
 HEATING
  YESTERDAY        0             1     -1        0
  MONTH TO DATE    1            21    -20       38
  SINCE JUN 1    131           153    -22      114
  SINCE JUL 1     20            52    -32       56

 COOLING
  YESTERDAY        3             3      0        2
  MONTH TO DATE   87            75     12       20
  SINCE JUN 1    241           239      2      177
  SINCE JAN 1    285           252     33      183
......................................................


WIND (MPH)
  HIGHEST WIND SPEED    15   HIGHEST WIND DIRECTION     W (280)
  HIGHEST GUST SPEED    20   HIGHEST GUST DIRECTION    SE (150)
  AVERAGE WIND SPEED     4.9


SKY COVER
  AVERAGE SKY COVER 0.5



RELATIVE HUMIDITY (PERCENT)
 HIGHEST    93
 LOWEST     50
 AVERAGE    72

..........................................................


THE PITTSFIELD MA CLIMATE NORMALS FOR TODAY
                         NORMAL
 MAXIMUM TEMPERATURE (F)   77
 MINIMUM TEMPERATURE (F)   55


SUNRISE AND SUNSET
AUGUST 22 2015........SUNRISE   607 AM EDT   SUNSET   744 PM EDT
AUGUST 23 2015........SUNRISE   608 AM EDT   SUNSET   743 PM EDT


-  INDICATES NEGATIVE NUMBERS.
R  INDICATES RECORD WAS SET OR TIED.
MM INDICATES DATA IS MISSING.
T  INDICATES TRACE AMOUNT.




$$
