000
CDUS41 KALY 160625
CLIPSF


CLIMATE REPORT
NATIONAL WEATHER SERVICE ALBANY NY
224 AM EDT MON MAR 16 2015


...................................

...THE PITTSFIELD MA CLIMATE SUMMARY FOR MARCH 15 2015...

CLIMATE NORMAL PERIOD 1981 TO 2010
CLIMATE RECORD PERIOD 9999 TO 9999


WEATHER ITEM   OBSERVED TIME   NORMAL DEPARTURE LAST
                VALUE   (LST)  VALUE  FROM      YEAR
                                      NORMAL
......................................................
TEMPERATURE (F)
 YESTERDAY
  MAXIMUM         37   1212 AM  41     -4       45
  MINIMUM         27   1159 PM  21      6       26
  AVERAGE         32            31      1       36

PRECIPITATION (IN)
  YESTERDAY        T             0.10  -0.10     0.03
  MONTH TO DATE    0.70          1.27  -0.57     0.47
  SINCE MAR 1      0.70          1.27  -0.57     0.47
  SINCE JAN 1      5.79          6.87  -1.08     6.85

DEGREE DAYS
 HEATING
  YESTERDAY       33            34     -1       29
  MONTH TO DATE  603           538     65      642
  SINCE MAR 1    603           538     65      642
  SINCE JUL 1   6266          5918    348     6194

 COOLING
  YESTERDAY        0             0      0        0
  MONTH TO DATE    0             0      0        0
  SINCE MAR 1      0             0      0        0
  SINCE JAN 1      0             0      0        0
......................................................


WIND (MPH)
  HIGHEST WIND SPEED    26   HIGHEST WIND DIRECTION    NW (300)
  HIGHEST GUST SPEED    39   HIGHEST GUST DIRECTION     W (280)
  AVERAGE WIND SPEED    16.5


SKY COVER
  AVERAGE SKY COVER 1.0



RELATIVE HUMIDITY (PERCENT)
 HIGHEST    89
 LOWEST     63
 AVERAGE    76

..........................................................


THE PITTSFIELD MA CLIMATE NORMALS FOR TODAY
                         NORMAL
 MAXIMUM TEMPERATURE (F)   42
 MINIMUM TEMPERATURE (F)   21


SUNRISE AND SUNSET
MARCH 16 2015.........SUNRISE   704 AM EDT   SUNSET   700 PM EDT
MARCH 17 2015.........SUNRISE   702 AM EDT   SUNSET   702 PM EDT


-  INDICATES NEGATIVE NUMBERS.
R  INDICATES RECORD WAS SET OR TIED.
MM INDICATES DATA IS MISSING.
T  INDICATES TRACE AMOUNT.




$$
