000
CDUS41 KALY 180624
CLIPSF


CLIMATE REPORT
NATIONAL WEATHER SERVICE ALBANY NY
223 AM EDT MON MAY 18 2015


...................................

...THE PITTSFIELD MA CLIMATE SUMMARY FOR MAY 17 2015...

CLIMATE NORMAL PERIOD 1981 TO 2010
CLIMATE RECORD PERIOD 9999 TO 9999


WEATHER ITEM   OBSERVED TIME   NORMAL DEPARTURE LAST
                VALUE   (LST)  VALUE  FROM      YEAR
                                      NORMAL
......................................................
TEMPERATURE (F)
 YESTERDAY
  MAXIMUM         80    444 PM  67     13       65
  MINIMUM         54   1159 PM  43     11       43
  AVERAGE         67            55     12       54

PRECIPITATION (IN)
  YESTERDAY        0.00          0.13  -0.13    MM
  MONTH TO DATE    0.13          1.96  -1.83     0.69
  SINCE MAR 1      4.60          9.19  -4.59     7.26
  SINCE JAN 1      9.69         14.79  -5.10    13.64

DEGREE DAYS
 HEATING
  YESTERDAY        0            10    -10       11
  MONTH TO DATE   93           212   -119      146
  SINCE MAR 1   1922          1867     55     2010
  SINCE JUL 1   7585          7247    338     7562

 COOLING
  YESTERDAY        2             0      2        0
  MONTH TO DATE   20             0     20        3
  SINCE MAR 1     20             2     18        4
  SINCE JAN 1     20             2     18        4
......................................................


WIND (MPH)
  HIGHEST WIND SPEED    15   HIGHEST WIND DIRECTION     W (270)
  HIGHEST GUST SPEED    21   HIGHEST GUST DIRECTION     W (270)
  AVERAGE WIND SPEED     6.1


SKY COVER
  AVERAGE SKY COVER 0.3



RELATIVE HUMIDITY (PERCENT)
 HIGHEST   100
 LOWEST     36
 AVERAGE    68

..........................................................


THE PITTSFIELD MA CLIMATE NORMALS FOR TODAY
                         NORMAL
 MAXIMUM TEMPERATURE (F)   67
 MINIMUM TEMPERATURE (F)   44


SUNRISE AND SUNSET
MAY 18 2015...........SUNRISE   529 AM EDT   SUNSET   811 PM EDT
MAY 19 2015...........SUNRISE   528 AM EDT   SUNSET   812 PM EDT


-  INDICATES NEGATIVE NUMBERS.
R  INDICATES RECORD WAS SET OR TIED.
MM INDICATES DATA IS MISSING.
T  INDICATES TRACE AMOUNT.




$$
