000
CDUS41 KALY 290621
CLIPSF


CLIMATE REPORT
NATIONAL WEATHER SERVICE ALBANY NY
221 AM EDT FRI AUG 29 2014


...................................

...THE PITTSFIELD MA CLIMATE SUMMARY FOR AUGUST 28 2014...

CLIMATE NORMAL PERIOD 1981 TO 2010
CLIMATE RECORD PERIOD 9999 TO 9999


WEATHER ITEM   OBSERVED TIME   NORMAL DEPARTURE LAST
                VALUE   (LST)  VALUE  FROM      YEAR
                                      NORMAL
......................................................
TEMPERATURE (F)
 YESTERDAY
  MAXIMUM         71   1123 AM  75     -4       84
  MINIMUM         50   1159 PM  54     -4       62
  AVERAGE         61            65     -4       73

PRECIPITATION (IN)
  YESTERDAY        0.00          0.11  -0.11      T
  MONTH TO DATE    2.33          3.74  -1.41     4.00
  SINCE JUN 1     16.91         12.39   4.52    12.68
  SINCE JAN 1     30.91         29.43   1.48    27.27

DEGREE DAYS
 HEATING
  YESTERDAY        4             2      2        0
  MONTH TO DATE   46            35     11       48
  SINCE JUN 1    122           167    -45      164
  SINCE JUL 1     64            66     -2       56

 COOLING
  YESTERDAY        0             2     -2        8
  MONTH TO DATE   30            90    -60       45
  SINCE JUN 1    187           254    -67      356
  SINCE JAN 1    193           267    -74      381
......................................................


WIND (MPH)
  HIGHEST WIND SPEED    18   HIGHEST WIND DIRECTION     W (290)
  HIGHEST GUST SPEED    25   HIGHEST GUST DIRECTION     W (280)
  AVERAGE WIND SPEED     8.6


SKY COVER
  AVERAGE SKY COVER 0.6



RELATIVE HUMIDITY (PERCENT)
 HIGHEST    90
 LOWEST     57
 AVERAGE    74

..........................................................


THE PITTSFIELD MA CLIMATE NORMALS FOR TODAY
                         NORMAL
 MAXIMUM TEMPERATURE (F)   75
 MINIMUM TEMPERATURE (F)   54


SUNRISE AND SUNSET
AUGUST 29 2014........SUNRISE   615 AM EDT   SUNSET   732 PM EDT
AUGUST 30 2014........SUNRISE   616 AM EDT   SUNSET   731 PM EDT


-  INDICATES NEGATIVE NUMBERS.
R  INDICATES RECORD WAS SET OR TIED.
MM INDICATES DATA IS MISSING.
T  INDICATES TRACE AMOUNT.




$$
