000
CDUS41 KALY 312149
CLIPSF


CLIMATE REPORT
NATIONAL WEATHER SERVICE ALBANY NY
448 PM EST SAT DEC 31 2016


...................................

...THE PITTSFIELD MA CLIMATE SUMMARY FOR DECEMBER 31 2016...
VALID TODAY AS OF 0400 PM LOCAL TIME.

CLIMATE NORMAL PERIOD 1981 TO 2010
CLIMATE RECORD PERIOD 9999 TO 9999


WEATHER ITEM   OBSERVED TIME   NORMAL DEPARTURE LAST
                VALUE   (LST)  VALUE  FROM      YEAR
                                      NORMAL
......................................................
TEMPERATURE (F)
 TODAY
  MAXIMUM         32    444 PM  30      2       38
  MINIMUM         12    744 AM  14     -2       32
  AVERAGE         22            22      0       35

PRECIPITATION (IN)
  TODAY            T             0.09  -0.09     0.00
  MONTH TO DATE    3.02          3.00   0.02     3.68
  SINCE DEC 1      3.02          3.00   0.02     3.68
  SINCE JAN 1     34.96         45.38 -10.42    40.63

DEGREE DAYS
 HEATING
  TODAY           43            43      0       30
  MONTH TO DATE 1179          1187     -8      777
  SINCE DEC 1   1179          1187     -8      777
  SINCE JUL 1   2586          2838   -252     2150

 COOLING
  TODAY            0             0      0        0
  MONTH TO DATE    0             0      0        0
  SINCE DEC 1      0             0      0        0
  SINCE JAN 1    432           290    142      361
......................................................


WIND (MPH)
  HIGHEST WIND SPEED    22   HIGHEST WIND DIRECTION     S (180)
  HIGHEST GUST SPEED    33   HIGHEST GUST DIRECTION     S (190)
  AVERAGE WIND SPEED     7.6


SKY COVER
  AVERAGE SKY COVER 0.8



RELATIVE HUMIDITY (PERCENT)
 HIGHEST    92
 LOWEST     58
 AVERAGE    75

..........................................................


THE PITTSFIELD MA CLIMATE NORMALS FOR TOMORROW
                         NORMAL
 MAXIMUM TEMPERATURE (F)   30
 MINIMUM TEMPERATURE (F)   13


SUNRISE AND SUNSET
DECEMBER 31 2016......SUNRISE   723 AM EST   SUNSET   430 PM EST
JANUARY  1 2017.......SUNRISE   723 AM EST   SUNSET   431 PM EST


-  INDICATES NEGATIVE NUMBERS.
R  INDICATES RECORD WAS SET OR TIED.
MM INDICATES DATA IS MISSING.
T  INDICATES TRACE AMOUNT.




$$
