000
CDUS41 KALY 310629
CLIPSF


CLIMATE REPORT
NATIONAL WEATHER SERVICE ALBANY NY
127 AM EST WED JAN 31 2018


...................................

...THE PITTSFIELD MA CLIMATE SUMMARY FOR JANUARY 30 2018...

CLIMATE NORMAL PERIOD 1981 TO 2010
CLIMATE RECORD PERIOD 9999 TO 9999


WEATHER ITEM   OBSERVED TIME   NORMAL DEPARTURE LAST
                VALUE   (LST)  VALUE  FROM      YEAR
                                      NORMAL
......................................................
TEMPERATURE (F)
 YESTERDAY
  MAXIMUM         30        MM  29      1       27
  MINIMUM         15        MM  12      3       15
  AVERAGE         23            21      2       21

PRECIPITATION (IN)
  YESTERDAY        T             0.10  -0.10      T
  MONTH TO DATE    4.66          2.83   1.83     2.70
  SINCE DEC 1      6.81          5.83   0.98     5.72
  SINCE JAN 1      4.66          2.83   1.83     2.70

DEGREE DAYS
 HEATING
  YESTERDAY       42            44     -2       44
  MONTH TO DATE 1271          1341    -70     1097
  SINCE DEC 1   2533          2528      5     2275
  SINCE JUL 1   3858          4179   -321     3682

 COOLING
  YESTERDAY        0             0      0        0
  MONTH TO DATE    0             0      0        0
  SINCE DEC 1      0             0      0        0
  SINCE JAN 1      0             0      0        0
......................................................


WIND (MPH)
  HIGHEST WIND SPEED    16   HIGHEST WIND DIRECTION     W (290)
  HIGHEST GUST SPEED    24   HIGHEST GUST DIRECTION     W (290)
  AVERAGE WIND SPEED     8.7


SKY COVER
  AVERAGE SKY COVER 1.0



RELATIVE HUMIDITY (PERCENT)
 HIGHEST    80
 LOWEST     57
 AVERAGE    69

..........................................................


THE PITTSFIELD MA CLIMATE NORMALS FOR TODAY
                         NORMAL
 MAXIMUM TEMPERATURE (F)   29
 MINIMUM TEMPERATURE (F)   12


SUNRISE AND SUNSET
JANUARY 31 2018.......SUNRISE   708 AM EST   SUNSET   506 PM EST
FEBRUARY  1 2018......SUNRISE   707 AM EST   SUNSET   507 PM EST


-  INDICATES NEGATIVE NUMBERS.
R  INDICATES RECORD WAS SET OR TIED.
MM INDICATES DATA IS MISSING.
T  INDICATES TRACE AMOUNT.




$$
