375
CDUS41 KALY 020627
CLIPSF


CLIMATE REPORT
NATIONAL WEATHER SERVICE ALBANY NY
126 AM EST SAT DEC 2 2017


...................................

...THE PITTSFIELD MA CLIMATE SUMMARY FOR DECEMBER 1 2017...

CLIMATE NORMAL PERIOD 1981 TO 2010
CLIMATE RECORD PERIOD 9999 TO 9999


WEATHER ITEM   OBSERVED TIME   NORMAL DEPARTURE LAST
                VALUE   (LST)  VALUE  FROM      YEAR
                                      NORMAL
......................................................
TEMPERATURE (F)
 YESTERDAY
  MAXIMUM         45    221 PM  40      5       47
  MINIMUM         27   1150 PM  25      2       36
  AVERAGE         36            32      4       42

PRECIPITATION (IN)
  YESTERDAY        T             0.09  -0.09     0.55
  MONTH TO DATE    T             0.09  -0.09     0.55
  SINCE DEC 1      T             0.09  -0.09     0.55
  SINCE JAN 1     39.49         42.47  -2.98    32.49

DEGREE DAYS
 HEATING
  YESTERDAY       29            33     -4       23
  MONTH TO DATE   29            33     -4       23
  SINCE DEC 1     29            33     -4       23
  SINCE JUL 1   1354          1684   -330     1430

 COOLING
  YESTERDAY        0             0      0        0
  MONTH TO DATE    0             0      0        0
  SINCE DEC 1      0             0      0        0
  SINCE JAN 1    351           290     61      432
......................................................


WIND (MPH)
  HIGHEST WIND SPEED    21   HIGHEST WIND DIRECTION     W (290)
  HIGHEST GUST SPEED    29   HIGHEST GUST DIRECTION     W (290)
  AVERAGE WIND SPEED     7.9


SKY COVER
  AVERAGE SKY COVER 0.8



RELATIVE HUMIDITY (PERCENT)
 HIGHEST    89
 LOWEST     53
 AVERAGE    71

..........................................................


THE PITTSFIELD MA CLIMATE NORMALS FOR TODAY
                         NORMAL
 MAXIMUM TEMPERATURE (F)   39
 MINIMUM TEMPERATURE (F)   25


SUNRISE AND SUNSET
DECEMBER  2 2017......SUNRISE   704 AM EST   SUNSET   421 PM EST
DECEMBER  3 2017......SUNRISE   705 AM EST   SUNSET   421 PM EST


-  INDICATES NEGATIVE NUMBERS.
R  INDICATES RECORD WAS SET OR TIED.
MM INDICATES DATA IS MISSING.
T  INDICATES TRACE AMOUNT.




$$
