000
CDUS41 KALY 130624
CLIPSF


CLIMATE REPORT
NATIONAL WEATHER SERVICE ALBANY NY
224 AM EDT SAT AUG 13 2016


...................................

...THE PITTSFIELD MA CLIMATE SUMMARY FOR AUGUST 12 2016...

CLIMATE NORMAL PERIOD 1981 TO 2010
CLIMATE RECORD PERIOD 9999 TO 9999


WEATHER ITEM   OBSERVED TIME   NORMAL DEPARTURE LAST
                VALUE   (LST)  VALUE  FROM      YEAR
                                      NORMAL
......................................................
TEMPERATURE (F)
 YESTERDAY
  MAXIMUM         87   1222 PM  78      9       77
  MINIMUM         70    550 AM  57     13       60
  AVERAGE         79            67     12       69

PRECIPITATION (IN)
  YESTERDAY        0.29          0.12   0.17     0.00
  MONTH TO DATE    1.37          1.68  -0.31     1.76
  SINCE JUN 1      8.02         10.33  -2.31    14.89
  SINCE JAN 1     22.12         27.37  -5.25    26.03

DEGREE DAYS
 HEATING
  YESTERDAY        0             1     -1        0
  MONTH TO DATE    0            12    -12        1
  SINCE JUN 1     87           144    -57      131
  SINCE JUL 1     11            43    -32       20

 COOLING
  YESTERDAY       14             4     10        4
  MONTH TO DATE   57            48      9       28
  SINCE JUN 1    251           212     39      182
  SINCE JAN 1    292           225     67      226
......................................................


WIND (MPH)
  HIGHEST WIND SPEED    25   HIGHEST WIND DIRECTION    NW (300)
  HIGHEST GUST SPEED    40   HIGHEST GUST DIRECTION     W (290)
  AVERAGE WIND SPEED     5.3


SKY COVER
  AVERAGE SKY COVER 0.4



RELATIVE HUMIDITY (PERCENT)
 HIGHEST    93
 LOWEST     59
 AVERAGE    76

..........................................................


THE PITTSFIELD MA CLIMATE NORMALS FOR TODAY
                         NORMAL
 MAXIMUM TEMPERATURE (F)   78
 MINIMUM TEMPERATURE (F)   57


SUNRISE AND SUNSET
AUGUST 13 2016........SUNRISE   559 AM EDT   SUNSET   757 PM EDT
AUGUST 14 2016........SUNRISE   600 AM EDT   SUNSET   755 PM EDT


-  INDICATES NEGATIVE NUMBERS.
R  INDICATES RECORD WAS SET OR TIED.
MM INDICATES DATA IS MISSING.
T  INDICATES TRACE AMOUNT.




$$
