000
CDUS41 KALY 300622
CLIPSF


CLIMATE REPORT
NATIONAL WEATHER SERVICE ALBANY NY
222 AM EDT MON JUN 30 2014


...................................

...THE PITTSFIELD MA CLIMATE SUMMARY FOR JUNE 29 2014...

CLIMATE NORMAL PERIOD 1981 TO 2010
CLIMATE RECORD PERIOD 9999 TO 9999


WEATHER ITEM   OBSERVED TIME   NORMAL DEPARTURE LAST
                VALUE   (LST)  VALUE  FROM      YEAR
                                      NORMAL
......................................................
TEMPERATURE (F)
 YESTERDAY
  MAXIMUM         82    415 PM  77      5       80
  MINIMUM         54    328 AM  56     -2       62
  AVERAGE         68            66      2       71

PRECIPITATION (IN)
  YESTERDAY        0.00          0.12  -0.12     0.06
  MONTH TO DATE    5.35          4.29   1.06     7.18
  SINCE JUN 1      5.35          4.29   1.06     7.18
  SINCE JAN 1     19.35         21.33  -1.98    21.77

DEGREE DAYS
 HEATING
  YESTERDAY        0             1     -1        0
  MONTH TO DATE   58            99    -41      108
  SINCE JUN 1     58            99    -41      108
  SINCE JUL 1   7735          7459    276     7037

 COOLING
  YESTERDAY        3             3      0        6
  MONTH TO DATE   39            54    -15       79
  SINCE JUN 1     39            54    -15       79
  SINCE JAN 1     45            67    -22      104
......................................................


WIND (MPH)
  HIGHEST WIND SPEED    13   HIGHEST WIND DIRECTION     S (180)
  HIGHEST GUST SPEED    19   HIGHEST GUST DIRECTION    SW (220)
  AVERAGE WIND SPEED     3.6


SKY COVER
  AVERAGE SKY COVER 0.2



RELATIVE HUMIDITY (PERCENT)
 HIGHEST   100
 LOWEST     37
 AVERAGE    69

..........................................................


THE PITTSFIELD MA CLIMATE NORMALS FOR TODAY
                         NORMAL
 MAXIMUM TEMPERATURE (F)   77
 MINIMUM TEMPERATURE (F)   56


SUNRISE AND SUNSET
JUNE 30 2014..........SUNRISE   519 AM EDT   SUNSET   834 PM EDT
JULY  1 2014..........SUNRISE   520 AM EDT   SUNSET   834 PM EDT


-  INDICATES NEGATIVE NUMBERS.
R  INDICATES RECORD WAS SET OR TIED.
MM INDICATES DATA IS MISSING.
T  INDICATES TRACE AMOUNT.




$$
