000
CDUS41 KALY 220624
CLIPSF


CLIMATE REPORT
NATIONAL WEATHER SERVICE ALBANY NY
223 AM EDT FRI JUL 22 2016


...................................

...THE PITTSFIELD MA CLIMATE SUMMARY FOR JULY 21 2016...

CLIMATE NORMAL PERIOD 1981 TO 2010
CLIMATE RECORD PERIOD 9999 TO 9999


WEATHER ITEM   OBSERVED TIME   NORMAL DEPARTURE LAST
                VALUE   (LST)  VALUE  FROM      YEAR
                                      NORMAL
......................................................
TEMPERATURE (F)
 YESTERDAY
  MAXIMUM         83    505 PM  79      4       83
  MINIMUM         50    447 AM  57     -7       61
  AVERAGE         67            68     -1       72

PRECIPITATION (IN)
  YESTERDAY        0.00          0.15  -0.15      T
  MONTH TO DATE    2.13          2.67  -0.54     4.81
  SINCE JUN 1      4.63          7.07  -2.44    12.94
  SINCE JAN 1     18.73         24.11  -5.38    24.08

DEGREE DAYS
 HEATING
  YESTERDAY        0             1     -1        0
  MONTH TO DATE   11            21    -10       17
  SINCE JUN 1     87           122    -35      128
  SINCE JUL 1     11            21    -10       17

 COOLING
  YESTERDAY        2             4     -2        7
  MONTH TO DATE   84            73     11       74
  SINCE JUN 1    123           129     -6      107
  SINCE JAN 1    164           142     22      151
......................................................


WIND (MPH)
  HIGHEST WIND SPEED    15   HIGHEST WIND DIRECTION     W (250)
  HIGHEST GUST SPEED    19   HIGHEST GUST DIRECTION     W (290)
  AVERAGE WIND SPEED     5.0


SKY COVER
  AVERAGE SKY COVER 0.0



RELATIVE HUMIDITY (PERCENT)
 HIGHEST    96
 LOWEST     39
 AVERAGE    68

..........................................................


THE PITTSFIELD MA CLIMATE NORMALS FOR TODAY
                         NORMAL
 MAXIMUM TEMPERATURE (F)   79
 MINIMUM TEMPERATURE (F)   57


SUNRISE AND SUNSET
JULY 22 2016..........SUNRISE   536 AM EDT   SUNSET   823 PM EDT
JULY 23 2016..........SUNRISE   537 AM EDT   SUNSET   822 PM EDT


-  INDICATES NEGATIVE NUMBERS.
R  INDICATES RECORD WAS SET OR TIED.
MM INDICATES DATA IS MISSING.
T  INDICATES TRACE AMOUNT.




$$
