000
CDUS41 KALY 202153
CLIPSF


CLIMATE REPORT
NATIONAL WEATHER SERVICE ALBANY NY
453 PM EST FRI JAN 20 2017


...................................

...THE PITTSFIELD MA CLIMATE SUMMARY FOR JANUARY 20 2017...
VALID TODAY AS OF 0400 PM LOCAL TIME.

CLIMATE NORMAL PERIOD 1981 TO 2010
CLIMATE RECORD PERIOD 9999 TO 9999


WEATHER ITEM   OBSERVED TIME   NORMAL DEPARTURE LAST
                VALUE   (LST)  VALUE  FROM      YEAR
                                      NORMAL
......................................................
TEMPERATURE (F)
 TODAY
  MAXIMUM         36    330 PM  29      7       25
  MINIMUM         32    844 AM  11     21       11
  AVERAGE         34            20     14       18

PRECIPITATION (IN)
  TODAY            0.00          0.07  -0.07      T
  MONTH TO DATE    1.92          2.00  -0.08     1.09
  SINCE DEC 1      4.94          5.00  -0.06     4.77
  SINCE JAN 1      1.92          2.00  -0.08     1.09

DEGREE DAYS
 HEATING
  TODAY           31            45    -14       47
  MONTH TO DATE  773           893   -120      765
  SINCE DEC 1   1951          2080   -129     1542
  SINCE JUL 1   3358          3731   -373     2915

 COOLING
  TODAY            0             0      0        0
  MONTH TO DATE    0             0      0        0
  SINCE DEC 1      0             0      0        0
  SINCE JAN 1      0             0      0        0
......................................................


WIND (MPH)
  HIGHEST WIND SPEED    10   HIGHEST WIND DIRECTION     S (190)
  HIGHEST GUST SPEED    16   HIGHEST GUST DIRECTION     S (170)
  AVERAGE WIND SPEED     4.1


SKY COVER
  AVERAGE SKY COVER 1.0



RELATIVE HUMIDITY (PERCENT)
 HIGHEST    89
 LOWEST     75
 AVERAGE    82

..........................................................


THE PITTSFIELD MA CLIMATE NORMALS FOR TOMORROW
                         NORMAL
 MAXIMUM TEMPERATURE (F)   29
 MINIMUM TEMPERATURE (F)   11


SUNRISE AND SUNSET
JANUARY 20 2017.......SUNRISE   717 AM EST   SUNSET   452 PM EST
JANUARY 21 2017.......SUNRISE   716 AM EST   SUNSET   453 PM EST


-  INDICATES NEGATIVE NUMBERS.
R  INDICATES RECORD WAS SET OR TIED.
MM INDICATES DATA IS MISSING.
T  INDICATES TRACE AMOUNT.




$$
