000
CDUS41 KALY 270622
CLIPSF


CLIMATE REPORT
NATIONAL WEATHER SERVICE ALBANY NY
222 AM EDT FRI MAY 27 2016


...................................

...THE PITTSFIELD MA CLIMATE SUMMARY FOR MAY 26 2016...

CLIMATE NORMAL PERIOD 1981 TO 2010
CLIMATE RECORD PERIOD 9999 TO 9999


WEATHER ITEM   OBSERVED TIME   NORMAL DEPARTURE LAST
                VALUE   (LST)  VALUE  FROM      YEAR
                                      NORMAL
......................................................
TEMPERATURE (F)
 YESTERDAY
  MAXIMUM         84    305 PM  69     15       84
  MINIMUM         54    405 AM  46      8       65
  AVERAGE         69            58     11       75

PRECIPITATION (IN)
  YESTERDAY        0.00          0.17  -0.17      T
  MONTH TO DATE    1.99          3.40  -1.41     0.25
  SINCE MAR 1      6.74         10.63  -3.89     4.72
  SINCE JAN 1     12.11         16.23  -4.12     9.81

DEGREE DAYS
 HEATING
  YESTERDAY        0             8     -8        0
  MONTH TO DATE  313           291     22      166
  SINCE MAR 1   1762          1946   -184     1995
  SINCE JUL 1   6129          7326  -1197     7658

 COOLING
  YESTERDAY        4             0      4       10
  MONTH TO DATE    5             0      5       30
  SINCE MAR 1      5             2      3       30
  SINCE JAN 1      5             2      3       30
......................................................


WIND (MPH)
  HIGHEST WIND SPEED    10   HIGHEST WIND DIRECTION     W (250)
  HIGHEST GUST SPEED    13   HIGHEST GUST DIRECTION     W (250)
  AVERAGE WIND SPEED     3.0


SKY COVER
  AVERAGE SKY COVER 0.2



RELATIVE HUMIDITY (PERCENT)
 HIGHEST    93
 LOWEST     33
 AVERAGE    63

..........................................................


THE PITTSFIELD MA CLIMATE NORMALS FOR TODAY
                         NORMAL
 MAXIMUM TEMPERATURE (F)   70
 MINIMUM TEMPERATURE (F)   47


SUNRISE AND SUNSET
MAY 27 2016...........SUNRISE   521 AM EDT   SUNSET   820 PM EDT
MAY 28 2016...........SUNRISE   521 AM EDT   SUNSET   821 PM EDT


-  INDICATES NEGATIVE NUMBERS.
R  INDICATES RECORD WAS SET OR TIED.
MM INDICATES DATA IS MISSING.
T  INDICATES TRACE AMOUNT.




$$
