000
CDUS41 KALY 230628
CLIPSF


CLIMATE REPORT
NATIONAL WEATHER SERVICE ALBANY NY
128 AM EST THU NOV 23 2017


...................................

...THE PITTSFIELD MA CLIMATE SUMMARY FOR NOVEMBER 22 2017...

CLIMATE NORMAL PERIOD 1981 TO 2010
CLIMATE RECORD PERIOD 9999 TO 9999


WEATHER ITEM   OBSERVED TIME   NORMAL DEPARTURE LAST
                VALUE   (LST)  VALUE  FROM      YEAR
                                      NORMAL
......................................................
TEMPERATURE (F)
 YESTERDAY
  MAXIMUM         47   1231 AM  44      3       31
  MINIMUM         30   1159 PM  27      3       25
  AVERAGE         39            36      3       28

PRECIPITATION (IN)
  YESTERDAY        0.02          0.14  -0.12      T
  MONTH TO DATE    1.19          2.83  -1.64     1.48
  SINCE SEP 1      8.48         11.50  -3.02     7.20
  SINCE JAN 1     39.27         41.28  -2.01    30.57

DEGREE DAYS
 HEATING
  YESTERDAY       26            29     -3       37
  MONTH TO DATE  549           568    -19      528
  SINCE SEP 1   1008          1326   -318     1146
  SINCE JUL 1   1094          1404   -310     1170

 COOLING
  YESTERDAY        0             0      0        0
  MONTH TO DATE    0             0      0        0
  SINCE SEP 1     81            20     61       51
  SINCE JAN 1    351           290     61      432
......................................................


WIND (MPH)
  HIGHEST WIND SPEED    23   HIGHEST WIND DIRECTION    NW (300)
  HIGHEST GUST SPEED    31   HIGHEST GUST DIRECTION     W (270)
  AVERAGE WIND SPEED    10.0


SKY COVER
  AVERAGE SKY COVER 0.7



RELATIVE HUMIDITY (PERCENT)
 HIGHEST    92
 LOWEST     53
 AVERAGE    73

..........................................................


THE PITTSFIELD MA CLIMATE NORMALS FOR TODAY
                         NORMAL
 MAXIMUM TEMPERATURE (F)   44
 MINIMUM TEMPERATURE (F)   27


SUNRISE AND SUNSET
NOVEMBER 23 2017......SUNRISE   654 AM EST   SUNSET   425 PM EST
NOVEMBER 24 2017......SUNRISE   655 AM EST   SUNSET   424 PM EST


-  INDICATES NEGATIVE NUMBERS.
R  INDICATES RECORD WAS SET OR TIED.
MM INDICATES DATA IS MISSING.
T  INDICATES TRACE AMOUNT.




$$
