000
CDUS41 KALY 180623
CLIPSF


CLIMATE REPORT
NATIONAL WEATHER SERVICE ALBANY NY
123 AM EST SUN FEB 18 2018


...................................

...THE PITTSFIELD MA CLIMATE SUMMARY FOR FEBRUARY 17 2018...

CLIMATE NORMAL PERIOD 1981 TO 2010
CLIMATE RECORD PERIOD 9999 TO 9999


WEATHER ITEM   OBSERVED TIME   NORMAL DEPARTURE LAST
                VALUE   (LST)  VALUE  FROM      YEAR
                                      NORMAL
......................................................
TEMPERATURE (F)
 YESTERDAY
  MAXIMUM         35    324 PM  33      2       29
  MINIMUM         19    642 AM  16      3       18
  AVERAGE         27            24      3       24

PRECIPITATION (IN)
  YESTERDAY        0.22          0.11   0.11      T
  MONTH TO DATE    2.65          1.60   1.05     1.76
  SINCE DEC 1      9.46          7.52   1.94     7.50
  SINCE JAN 1      7.31          4.52   2.79     4.48

DEGREE DAYS
 HEATING
  YESTERDAY       38            41     -3       41
  MONTH TO DATE  641           723    -82      693
  SINCE DEC 1   3219          3297    -78     3018
  SINCE JUL 1   4544          4948   -404     4425

 COOLING
  YESTERDAY        0             0      0        0
  MONTH TO DATE    0             0      0        0
  SINCE DEC 1      0             0      0        0
  SINCE JAN 1      0             0      0        0
......................................................


WIND (MPH)
  HIGHEST WIND SPEED    15   HIGHEST WIND DIRECTION     S (200)
  HIGHEST GUST SPEED    24   HIGHEST GUST DIRECTION    SE (150)
  AVERAGE WIND SPEED     5.4


SKY COVER
  AVERAGE SKY COVER 0.3



RELATIVE HUMIDITY (PERCENT)
 HIGHEST    85
 LOWEST     32
 AVERAGE    59

..........................................................


THE PITTSFIELD MA CLIMATE NORMALS FOR TODAY
                         NORMAL
 MAXIMUM TEMPERATURE (F)   33
 MINIMUM TEMPERATURE (F)   16


SUNRISE AND SUNSET
FEBRUARY 18 2018......SUNRISE   646 AM EST   SUNSET   529 PM EST
FEBRUARY 19 2018......SUNRISE   644 AM EST   SUNSET   531 PM EST


-  INDICATES NEGATIVE NUMBERS.
R  INDICATES RECORD WAS SET OR TIED.
MM INDICATES DATA IS MISSING.
T  INDICATES TRACE AMOUNT.




$$
