000
CDUS41 KALY 070622
CLIPSF


CLIMATE REPORT
NATIONAL WEATHER SERVICE ALBANY NY
121 AM EST THU DEC 7 2017


...................................

...THE PITTSFIELD MA CLIMATE SUMMARY FOR DECEMBER 6 2017...

CLIMATE NORMAL PERIOD 1981 TO 2010
CLIMATE RECORD PERIOD 9999 TO 9999


WEATHER ITEM   OBSERVED TIME   NORMAL DEPARTURE LAST
                VALUE   (LST)  VALUE  FROM      YEAR
                                      NORMAL
......................................................
TEMPERATURE (F)
 YESTERDAY
  MAXIMUM         53    219 AM  37     16       43
  MINIMUM         30    809 PM  23      7       28
  AVERAGE         42            30     12       36

PRECIPITATION (IN)
  YESTERDAY        0.16          0.11   0.05      T
  MONTH TO DATE    0.60          0.62  -0.02     0.60
  SINCE DEC 1      0.60          0.62  -0.02     0.60
  SINCE JAN 1     40.09         43.00  -2.91    32.54

DEGREE DAYS
 HEATING
  YESTERDAY       23            35    -12       29
  MONTH TO DATE  160           203    -43      180
  SINCE DEC 1    160           203    -43      180
  SINCE JUL 1   1485          1854   -369     1587

 COOLING
  YESTERDAY        0             0      0        0
  MONTH TO DATE    0             0      0        0
  SINCE DEC 1      0             0      0        0
  SINCE JAN 1    351           290     61      432
......................................................


WIND (MPH)
  HIGHEST WIND SPEED    22   HIGHEST WIND DIRECTION     W (290)
  HIGHEST GUST SPEED    28   HIGHEST GUST DIRECTION     W (290)
  AVERAGE WIND SPEED     9.9


SKY COVER
  AVERAGE SKY COVER 0.3



RELATIVE HUMIDITY (PERCENT)
 HIGHEST    83
 LOWEST     32
 AVERAGE    58

..........................................................


THE PITTSFIELD MA CLIMATE NORMALS FOR TODAY
                         NORMAL
 MAXIMUM TEMPERATURE (F)   37
 MINIMUM TEMPERATURE (F)   23


SUNRISE AND SUNSET
DECEMBER  7 2017......SUNRISE   709 AM EST   SUNSET   420 PM EST
DECEMBER  8 2017......SUNRISE   710 AM EST   SUNSET   420 PM EST


-  INDICATES NEGATIVE NUMBERS.
R  INDICATES RECORD WAS SET OR TIED.
MM INDICATES DATA IS MISSING.
T  INDICATES TRACE AMOUNT.




$$
