000
CXUS51 KALY 011523
CLMPSF


CLIMATE REPORT
NATIONAL WEATHER SERVICE ALBANY NY
1007 AM EST SUN JAN 1 2017

...................................

...THE PITTSFIELD MA CLIMATE SUMMARY FOR THE MONTH OF DECEMBER 2016...

CLIMATE NORMAL PERIOD 1981 TO 2010
CLIMATE RECORD PERIOD 9999 TO 9999

WEATHER         OBSERVED          NORMAL  DEPART  LAST YEAR`S
                 VALUE   DATE(S)  VALUE   FROM    VALUE  DATE(S)
                                          NORMAL
................................................................
TEMPERATURE (F)
HIGHEST            48   12/27                         67  12/24
                        12/18
LOWEST             -3   12/20                         21  12/21
                        12/16                             12/20
AVG. MAXIMUM     34.6              34.0     0.6       47.5
AVG. MINIMUM     18.8              19.4    -0.6       32.0
MEAN             26.7              26.7     0.0       39.7
DAYS MAX >= 90      0               0.0     0.0        0
DAYS MAX <= 32     11              14.6    -3.6        1
DAYS MIN <= 32     29              28.2     0.8       15
DAYS MIN <= 0       3               1.1     1.9        0

PRECIPITATION (INCHES)
TOTALS           3.02              3.00    0.02     3.68
DAILY AVG.       0.10              0.10    0.00     0.12
DAYS >= .01        14                                 13
DAYS >= .10         7                                 10
DAYS >= .50         2                                  2
DAYS >= 1.00        0                                  0
GREATEST
 24 HR. TOTAL    1.24   11/30 TO 12/01

DEGREE_DAYS
HEATING TOTAL    1178              1187      -9      777
 SINCE 7/1       2585              2838    -253     2150
COOLING TOTAL       0                 0       0        0
 SINCE 1/1        432               290     142      361

FREEZE DATES
EARLIEST                        10/04
LATEST                          05/07
.................................................................

WIND (MPH)
AVERAGE WIND SPEED              8.5
HIGHEST WIND SPEED/DIRECTION    37/290    DATE  12/15
HIGHEST GUST SPEED/DIRECTION    48/300    DATE  12/15

SKY COVER
AVERAGE SKY COVER           0.70

AVERAGE RH (PERCENT)     72

WEATHER CONDITIONS. NUMBER OF DAYS WITH
THUNDERSTORM              1     MIXED PRECIP               0
HEAVY RAIN                0     RAIN                       3
LIGHT RAIN                6     FREEZING RAIN              1
LT FREEZING RAIN          2     HAIL                       0
HEAVY SNOW                3     SNOW                       3
LIGHT SNOW               18     SLEET                      0
FOG                      19     FOG W/VIS <= 1/4 MILE      5
HAZE                      6

-  INDICATES NEGATIVE NUMBERS.
R  INDICATES RECORD WAS SET OR TIED.
MM INDICATES DATA IS MISSING.
T  INDICATES TRACE AMOUNT.

$$
