000
CXUS51 KALY 011526 CCA
CLMPSF

CLIMATE REPORT...CORRECTED
NATIONAL WEATHER SERVICE ALBANY NY
1026 AM EST SUN DEC 1 2013

...................................

...THE PITTSFIELD MA CLIMATE SUMMARY FOR THE MONTH OF NOVEMBER 2013...

CLIMATE NORMAL PERIOD 1981 TO 2010
CLIMATE RECORD PERIOD 9999 TO 9999

WEATHER         OBSERVED          NORMAL  DEPART  LAST YEAR`S
                 VALUE   DATE(S)  VALUE   FROM    VALUE  DATE(S)
                                          NORMAL
................................................................
TEMPERATURE (F)
HIGHEST            65   11/01                         63  11/12
                                                          11/11
LOWEST              7   11/30                         18  11/06
AVG. MAXIMUM     43.8              46.8    -3.0     44.6
AVG. MINIMUM     25.2              28.9    -3.7     27.2
MEAN             34.5              37.9    -3.4     35.9
DAYS MAX >= 90      0               0.0     0.0        0
DAYS MAX <= 32      6               2.2     3.8        1
DAYS MIN <= 32     22              20.2     1.8       22
DAYS MIN <= 0       0               0.0     0.0        0

PRECIPITATION (INCHES)
TOTALS           3.29              3.93   -0.64     0.69
DAILY AVG.       0.11              0.13   -0.02     0.02
DAYS >= .01        10                                  5
DAYS >= .10         6                                  1
DAYS >= .50         1                                  1
DAYS >= 1.00        1                                  0
GREATEST
 24 HR. TOTAL    1.66   11/26 TO 11/27

DEGREE_DAYS
HEATING TOTAL     907               815      92      863
 SINCE 7/1       1680              1651      29     1507
COOLING TOTAL       0                 0       0        0
 SINCE 1/1        433               290     143      465

FREEZE DATES
EARLIEST                        10/04
LATEST                          05/07
.................................................................

WIND (MPH)
AVERAGE WIND SPEED              7.9
HIGHEST WIND SPEED/DIRECTION    35/290    DATE  11/19
HIGHEST GUST SPEED/DIRECTION    48/300    DATE  11/19

SKY COVER
AVERAGE SKY COVER           0.50

AVERAGE RH (PERCENT)     67

WEATHER CONDITIONS. NUMBER OF DAYS WITH
THUNDERSTORM              0     MIXED PRECIP               0
HEAVY RAIN                2     RAIN                       4
LIGHT RAIN               11     FREEZING RAIN              0
LT FREEZING RAIN          1     HAIL                       0
HEAVY SNOW                0     SNOW                       1
LIGHT SNOW                9     SLEET                      0
FOG                      12     FOG W/VIS <= 1/4 MILE      0
HAZE                      4

-  INDICATES NEGATIVE NUMBERS.
R  INDICATES RECORD WAS SET OR TIED.
MM INDICATES DATA IS MISSING.
T  INDICATES TRACE AMOUNT.

$$
