939
CXUS51 KALY 010857
CLMPSF


CLIMATE REPORT
NATIONAL WEATHER SERVICE ALBANY NY
357 AM EST WED MAR 1 2017

...................................

...THE PITTSFIELD MA CLIMATE SUMMARY FOR THE MONTH OF FEBRUARY 2017...

CLIMATE NORMAL PERIOD 1981 TO 2010
CLIMATE RECORD PERIOD 9999 TO 9999

WEATHER         OBSERVED          NORMAL  DEPART  LAST YEAR`S
                 VALUE   DATE(S)  VALUE   FROM    VALUE  DATE(S)
                                          NORMAL
................................................................
TEMPERATURE (F)
HIGHEST            69   02/24                         60  02/25
LOWEST              4   02/10                        -19  02/14
AVG. MAXIMUM     39.2              32.3     6.9     37.3
AVG. MINIMUM     21.0              15.2     5.8     16.7
MEAN             30.1              23.8     6.3     26.9
DAYS MAX >= 90      0               0.0     0.0        0
DAYS MAX <= 32     11              14.0    -3.0       11
DAYS MIN <= 32     25              26.8    -1.8       27
DAYS MIN <= 0       0               1.6    -1.6        4

PRECIPITATION (INCHES)
TOTALS           2.86              2.68    0.18     4.28
DAILY AVG.       0.10              0.10    0.00     0.15
DAYS >= .01        13                                 11
DAYS >= .10         7                                  9
DAYS >= .50         1                                  4
DAYS >= 1.00        0                                  2
GREATEST
 24 HR. TOTAL    0.96   02/25 TO 02/25
                        02/24 TO 02/25
                        02/25 TO 02/25

DEGREE_DAYS
HEATING TOTAL     970              1155    -185     1020
 SINCE 7/1       4702              5380    -678     4367
COOLING TOTAL       0                 0       0        0
 SINCE 1/1          0                 0       0        0

FREEZE DATES
EARLIEST                        10/04
LATEST                          05/07
.................................................................

WIND (MPH)
AVERAGE WIND SPEED              8.6
HIGHEST WIND SPEED/DIRECTION    37/290    DATE  02/10
HIGHEST GUST SPEED/DIRECTION    49/280    DATE  02/10

SKY COVER
AVERAGE SKY COVER           0.60

AVERAGE RH (PERCENT)     67

WEATHER CONDITIONS. NUMBER OF DAYS WITH
THUNDERSTORM              0     MIXED PRECIP               0
HEAVY RAIN                2     RAIN                       2
LIGHT RAIN                3     FREEZING RAIN              1
LT FREEZING RAIN          3     HAIL                       0
HEAVY SNOW                2     SNOW                       8
LIGHT SNOW               17     SLEET                      0
FOG                      14     FOG W/VIS <= 1/4 MILE      6
HAZE                      7

-  INDICATES NEGATIVE NUMBERS.
R  INDICATES RECORD WAS SET OR TIED.
MM INDICATES DATA IS MISSING.
T  INDICATES TRACE AMOUNT.

$$
