000
CXUS51 KALY 010630
CLMPSF


CLIMATE REPORT
NATIONAL WEATHER SERVICE ALBANY NY
127 AM EST TUE DEC 1 2015

...................................

...THE PITTSFIELD MA CLIMATE SUMMARY FOR THE MONTH OF NOVEMBER 2015...

CLIMATE NORMAL PERIOD 1981 TO 2010
CLIMATE RECORD PERIOD 9999 TO 9999

WEATHER         OBSERVED          NORMAL  DEPART  LAST YEAR`S
                 VALUE   DATE(S)  VALUE   FROM    VALUE  DATE(S)
                                          NORMAL
................................................................
TEMPERATURE (F)
HIGHEST            70   11/05                         63  11/24
LOWEST             16   11/24                         11  11/29
AVG. MAXIMUM     52.0              46.8     5.2     43.5
AVG. MINIMUM     32.1              28.9     3.2     26.6
MEAN             42.0              37.9     4.1     35.0
DAYS MAX >= 90      0               0.0     0.0        0
DAYS MAX <= 32      0               2.2    -2.2        6
DAYS MIN <= 32     15              20.2    -5.2       22
DAYS MIN <= 0       0               0.0     0.0        0

PRECIPITATION (INCHES)
TOTALS           2.87              3.93   -1.06     2.86
DAILY AVG.       0.10              0.13   -0.03     0.10
DAYS >= .01        10                                 12
DAYS >= .10         5                                  5
DAYS >= .50         2                                  2
DAYS >= 1.00        2                                  1
GREATEST
 24 HR. TOTAL    1.34   11/10 TO 11/11

DEGREE_DAYS
HEATING TOTAL     681               815    -134      890
 SINCE 7/1       1373              1651    -278     1622
COOLING TOTAL       0                 0       0        0
 SINCE 1/1        361               290      71      238

FREEZE DATES
EARLIEST                        10/04
LATEST                          05/07
.................................................................

WIND (MPH)
AVERAGE WIND SPEED              6.7
HIGHEST WIND SPEED/DIRECTION    33/290    DATE  11/14
HIGHEST GUST SPEED/DIRECTION    44/270    DATE  11/13

SKY COVER
AVERAGE SKY COVER           0.40

AVERAGE RH (PERCENT)     71

WEATHER CONDITIONS. NUMBER OF DAYS WITH
THUNDERSTORM              0     MIXED PRECIP               0
HEAVY RAIN                5     RAIN                       5
LIGHT RAIN               13     FREEZING RAIN              0
LT FREEZING RAIN          0     HAIL                       0
HEAVY SNOW                0     SNOW                       0
LIGHT SNOW                1     SLEET                      0
FOG                      13     FOG W/VIS <= 1/4 MILE      6
HAZE                      1

-  INDICATES NEGATIVE NUMBERS.
R  INDICATES RECORD WAS SET OR TIED.
MM INDICATES DATA IS MISSING.
T  INDICATES TRACE AMOUNT.

$$
