000
CXUS51 KALY 010950
CLMPSF


CLIMATE REPORT
NATIONAL WEATHER SERVICE ALBANY NY
537 AM EDT FRI NOV 1 2013

...................................

...THE PITTSFIELD MA CLIMATE SUMMARY FOR THE MONTH OF OCTOBER 2013...

CLIMATE NORMAL PERIOD 1981 TO 2010
CLIMATE RECORD PERIOD 9999 TO 9999

WEATHER         OBSERVED          NORMAL  DEPART  LAST YEAR`S
                 VALUE   DATE(S)  VALUE   FROM    VALUE  DATE(S)
                                          NORMAL
................................................................
TEMPERATURE (F)
HIGHEST            73   10/01                         73  10/05
LOWEST             25   10/29                         24  10/13
AVG. MAXIMUM     60.2              57.8     2.4     58.8
AVG. MINIMUM     39.4              37.2     2.2     43.6
MEAN             49.8              47.5     2.3     51.2
DAYS MAX >= 90      0               0.0     0.0        0
DAYS MAX <= 32      0               0.0     0.0        0
DAYS MIN <= 32      7               8.6    -1.6        2
DAYS MIN <= 0       0               0.0     0.0        0

PRECIPITATION (INCHES)
TOTALS           1.73              4.71   -2.98     4.40
DAILY AVG.       0.06              0.15   -0.09     0.14
DAYS >= .01         8                                 14
DAYS >= .10         4                                  9
DAYS >= .50         1                                  3
DAYS >= 1.00        0                                  1
GREATEST
 24 HR. TOTAL    0.60   10/07 TO 10/07

DEGREE_DAYS
HEATING TOTAL     464               544     -80      418
 SINCE 7/1        773               836     -63      644
COOLING TOTAL       0                 1      -1        0
 SINCE 1/1        433               290     143      465

FREEZE DATES
EARLIEST                        10/04
LATEST                          05/07
.................................................................

WIND (MPH)
AVERAGE WIND SPEED              5.0
HIGHEST WIND SPEED/DIRECTION    33/200    DATE  10/07
HIGHEST GUST SPEED/DIRECTION    48/210    DATE  10/07

SKY COVER
AVERAGE SKY COVER           0.50

AVERAGE RH (PERCENT)     73

WEATHER CONDITIONS. NUMBER OF DAYS WITH
THUNDERSTORM              1     MIXED PRECIP               0
HEAVY RAIN                3     RAIN                       4
LIGHT RAIN               13     FREEZING RAIN              0
LT FREEZING RAIN          0     HAIL                       0
HEAVY SNOW                0     SNOW                       0
LIGHT SNOW                0     SLEET                      0
FOG                      19     FOG W/VIS <= 1/4 MILE      4
HAZE                      2

-  INDICATES NEGATIVE NUMBERS.
R  INDICATES RECORD WAS SET OR TIED.
MM INDICATES DATA IS MISSING.
T  INDICATES TRACE AMOUNT.

$$
